{"id":85,"date":"2026-03-25T04:44:31","date_gmt":"2026-03-25T04:44:31","guid":{"rendered":"https:\/\/ktech4.k-tech-services.com\/TTA670\/?post_type=product&#038;p=85"},"modified":"2026-04-01T06:48:26","modified_gmt":"2026-04-01T06:48:26","slug":"den-led-op-tran-20w-wt045c-led-20-philips-chong-tham-nuoc","status":"publish","type":"product","link":"https:\/\/ktech4.k-tech-services.com\/TTA670\/san-pham\/den-led-op-tran-20w-wt045c-led-20-philips-chong-tham-nuoc\/","title":{"rendered":"B\u1ed9 \u0110\u00e8n Pha Led Solar Di \u0110\u1ed9ng N\u0103ng L\u01b0\u1ee3ng M\u1eb7t Tr\u1eddi \u00c1nh S\u00e1ng Tr\u1eafng ECO SL02 6500K (800lm, IP65)"},"content":{"rendered":"<p>S\u1ea3n ph\u1ea9m \u1ee9ng d\u1ee5ng chip LED cao c\u1ea5p mang \u0111\u1ebfn ngu\u1ed3n s\u00e1ng \u0111\u1ea1t chu\u1ea9n Ch\u00e2u \u00c2u, \u00e1nh s\u00e1ng trung th\u1ef1c, t\u1ef1 nhi\u00ean v\u00e0 v\u00f4 c\u00f9ng s\u1eafc n\u00e9t. \u0110\u00e8n led \u1ed1p tr\u1ea7n 20W WT045C LED 20 Philips ch\u1ed1ng th\u1ea5m n\u01b0\u1edbc m\u1ed9t s\u1ea3n ph\u1ea9m kh\u00f4ng n\u00ean b\u1edf l\u1ee1 d\u00f9 \u1edf b\u1ea5t k\u1ef3 kh\u00f4ng gian n\u00e0o nh\u00e9.<\/p>\n<p><iframe loading=\"lazy\" title=\"YouTube video player\" src=\"https:\/\/www.youtube.com\/embed\/fPY6lS4cdOo?si=HoVFm4K3tdLZbvuD\" width=\"560\" height=\"315\" frameborder=\"0\" scrolling=\"no\" data-mce-fragment=\"1\"><\/iframe><\/p>\n<div id=\"title\" class=\"style-scope ytd-watch-metadata\">\n<p><em>Video review th\u1ef1c t\u1ebf \u0111\u00e8n led \u1ed1p tr\u1ea7n 20W WT045C LED 20 Philips \u2013 H\u01b0\u1edbng d\u1eabn l\u1eafp \u0111\u1eb7t c\u1ef1c chi ti\u1ebft t\u1eeb A\u2013Z!<\/em><\/p>\n<p>&nbsp;<\/p>\n<\/div>\n<p><strong>TH\u00d4NG S\u1ed0 K\u1ef8 THU\u1eacT<\/strong><\/p>\n<p>M\u00e3 s\u1ea3n ph\u1ea9m:\u00a0<strong>20W WT045C LED 20<\/strong><\/p>\n<table border=\"1\" cellspacing=\"1\" cellpadding=\"1\" align=\"center\">\n<tbody>\n<tr>\n<td colspan=\"3\"><strong>Th\u00f4ng s\u1ed1 h\u00ecnh\u00a0<\/strong><\/td>\n<td colspan=\"3\"><strong>Th\u00f4ng s\u1ed1 c\u01a1 b\u1ea3n<\/strong><\/td>\n<td colspan=\"2\"><strong>Th\u00f4ng s\u1ed1 kh\u00e1c<\/strong><\/td>\n<\/tr>\n<tr>\n<td>\u0110i\u1ec7n \u00e1p(V)<\/td>\n<td>C\u00f4ng su\u1ea5t(W)<\/td>\n<td>Tu\u1ed5i th\u1ecd(h)<\/td>\n<td>Quang th\u00f4ng(Lm)<\/td>\n<td>Nhi\u1ec7t \u0111\u1ed9 m\u00e0u(K)<\/td>\n<td>Ch\u1ec9 s\u1ed1 ho\u00e0n m\u00e0u(Ra)<\/td>\n<td>Chi\u1ec1u r\u1ed9ng(mm)<\/td>\n<td>Chi\u1ec1u cao(mm)<\/td>\n<\/tr>\n<tr>\n<td>220-240<\/td>\n<td>20<\/td>\n<td>20.000<\/td>\n<td>1600<\/td>\n<td>4000<\/td>\n<td>70<\/td>\n<td>220<\/td>\n<td>88<\/td>\n<\/tr>\n<\/tbody>\n<\/table>\n<p>&nbsp;<\/p>\n<p><img loading=\"lazy\" decoding=\"async\" src=\"https:\/\/hoangphatlighting.vn\/upload\/detail\/2021\/05\/images\/den-led-op-tran-20W-WT045C-Philips.jpg\" alt=\"\u0110\u00e8n led \u1ed1p tr\u1ea7n 20W WT045C LED 20 Philips ch\u1ed1ng th\u1ea5m n\u01b0\u1edbc\" width=\"400\" height=\"300\" \/><\/p>\n<p><strong>\u01afU \u0110I\u1ec2M N\u1ed4I B\u1eacT S\u1ea2N PH\u1ea8M<\/strong><\/p>\n<p><em>Tu\u1ed5i th\u1ecd chi\u1ebfu s\u00e1ng cao<\/em><\/p>\n<p><img loading=\"lazy\" decoding=\"async\" src=\"https:\/\/hoangphatlighting.vn\/upload\/detail\/2018\/01\/images\/tiet-kiem-dien-1(2).png\" alt=\"\u0110\u00e8n led \u1ed1p t\u01b0\u1eddng 20W WT045C LED 20 Philips ch\u1ed1ng th\u1ea5m n\u01b0\u1edbc\" width=\"400\" height=\"300\" \/>\u0110\u00e8n led \u1ed1p tr\u1ea7n 20W WT045C LED 20 Philips ch\u1ed1ng th\u1ea5m n\u01b0\u1edbc c\u00f3 tu\u1ed5i th\u1ecd l\u00e0 20.000 gi\u1edd chi\u1ebfu s\u00e1ng v\u1edbi kh\u1ea3 n\u0103ng ho\u1ea1t \u0111\u1ed9ng li\u00ean t\u1ee5c trong nhi\u1ec1u gi\u1edd m\u00e0 kh\u00f4ng g\u00e2y hi\u1ec7n t\u01b0\u1ee3ng ch\u1edbp nh\u00e1y n\u00ean m\u1ecdi ho\u1ea1t \u0111\u1ed9ng d\u01b0\u1edbi \u00e1nh \u0111\u00e8n s\u1ebd kh\u00f4ng b\u1ecb gi\u00e1n \u0111o\u1ea1n. Tu\u1ed5i th\u1ecd s\u1ea3n ph\u1ea9m cao gi\u00fap ng\u01b0\u1eddi ti\u00eau d\u00f9ng ti\u1ebft ki\u1ec7m \u0111\u01b0\u1ee3c chi ph\u00ed thay th\u1ebf s\u1ea3n ph\u1ea3m kh\u00e1c hi\u1ec7u qu\u1ea3 nh\u1ea5t.<\/p>\n<p>B\u00ean c\u1ea1nh \u0111\u00f3, \u0111\u00e8n led \u1ed1p tr\u1ea7n 20W WT045C LED 20 Philips ch\u1ed1ng th\u1ea5m n\u01b0\u1edbc c\u00f3 \u00e1nh s\u00e1ng mang t\u00ednh t\u1ef1 nhi\u00ean, trung th\u1ef1c kh\u00f4ng g\u00e2y kh\u00f3 ch\u1ecbu, l\u00f3a m\u1eaft n\u00ean d\u00f9 ho\u1ea1t \u0111\u1ed9ng l\u00e2u d\u01b0\u1edbi \u00e1nh \u0111\u00e8n b\u1ea1n c\u0169ng kh\u00f4ng c\u1ea7n lo v\u1ec1 s\u1ebd \u1ea3nh h\u01b0\u1edfng t\u1edbi m\u1eaft nh\u00e9.<\/p>\n<p><em><img loading=\"lazy\" decoding=\"async\" src=\"https:\/\/hoangphatlighting.vn\/upload\/detail\/2018\/01\/images\/lap-dat(2).png\" alt=\"\u0110\u00e8n led \u1ed1p t\u01b0\u1eddng 20W WT045C LED 20 Philips ch\u1ed1ng th\u1ea5m n\u01b0\u1edbc\" width=\"400\" height=\"300\" \/>Quy tr\u00ecnh l\u1eafp \u0111\u1eb7t \u0111\u01a1n gi\u1ea3n<\/em><\/p>\n<p>\u0110\u00e8n led \u1ed1p tr\u1ea7n 20W WT045C LED 20 Philips ch\u1ed1ng th\u1ea5m n\u01b0\u1edbc c\u00f3 quy tr\u00ecnh l\u1eafp \u0111\u1eb7t kh\u00e1 \u0111\u01a1n gi\u1ea3n, \u0111\u01b0\u1ee3c h\u01b0\u1edbng d\u1eabn c\u1ee5 th\u1ec3 \u1edf t\u1eebng s\u1ea3n ph\u1ea9m. \u0110\u1eb7c bi\u1ec7t \u0111\u00e3 \u0111\u01b0\u1ee3c t\u1ed1i gi\u1ea3n m\u1ecdi chi ti\u1ebft ph\u1ee9c t\u1ea1p kh\u00f4ng c\u1ea7n thi\u1ebft \u0111\u1ec3 \u0111\u1ea3m b\u1ea3o mang \u0111\u1ebfn cho b\u1ea1n m\u1ed9t s\u1ea3n ph\u1ea9m d\u1ec5 d\u00e0ng l\u1eafp \u0111\u1eb7t m\u00e0 khoong c\u1ea7n thu\u00ea th\u1ee3 ph\u1ee9c t\u1ea1p.<\/p>\n<p><em>Ch\u1ed1ng th\u1ea5m v\u00e0 t\u1ea3n nhi\u1ec7t ho\u1ea1t \u0111\u1ed9ng hi\u1ec7u qu\u1ea3<\/em><\/p>\n<p><img loading=\"lazy\" decoding=\"async\" src=\"https:\/\/hoangphatlighting.vn\/upload\/detail\/2018\/04\/images\/Accept-icon-an-toan.png\" alt=\"\u0110\u00e8n led \u1ed1p t\u01b0\u1eddng 20W WT045C LED 20 Philips ch\u1ed1ng th\u1ea5m n\u01b0\u1edbc\" width=\"400\" height=\"300\" \/>\u0110\u00e8n led \u1ed1p tr\u1ea7n 20W WT045C LED 20 Philips ch\u1ed1ng th\u1ea5m n\u01b0\u1edbc c\u00f3 h\u1ec7 th\u1ed1ng t\u1ea3n nhi\u1ec7t \u0111\u01b0\u1ee3c l\u00e0m t\u01b0 kh\u1ed1i nh\u00f4m nguy\u00ean ch\u1ea5t. Ch\u00ednh v\u00ec th\u1ebf m\u00e0 m\u00e0 \u0111\u00e8n s\u1ebd kh\u00f4ng t\u1ecfa nhi\u1ec1u nhi\u1ec7t trong qu\u00e1 tr\u00ecnh s\u1eed d\u1ee5ng, gi\u00fap kh\u00f4ng gian chi\u1ebfu s\u00e1ng d\u00f9 trong nhi\u1ec1u gi\u1edd li\u1ec1n v\u1eabn kh\u00f4ng b\u1ecb ng\u1ed9t ng\u1ea1t, n\u00f3ng b\u1ee9c g\u00e2y kh\u00f3 ch\u1ecbu.<\/p>\n<p>S\u1ea3n ph\u1ea9m c\u00f2n \u0111\u01b0\u1ee3c thi\u1ebft k\u1ebf v\u00e0 s\u1ea3n xu\u1ea5t v\u1edbi ki\u1ec3u d\u00e1ng \u0111\u01a1n gi\u1ea3n, nh\u1ecf g\u1ecdn d\u1ec5 d\u00e0ng l\u1eafp \u0111\u1eb7t cho nhi\u1ec1u kh\u00f4ng gian. T\u00ednh n\u0103ng \u0111\u1eb7c bi\u1ec7t m\u00e0 \u0111\u00e8n led \u1ed1p tr\u1ea7n 20W WT045C LED 20 Philips ch\u1ed1ng th\u1ea5m n\u01b0\u1edbc c\u00f3 th\u1ec3 s\u1eed d\u1ee5ng \u1edf nhi\u1ec1u n\u01a1i l\u00e0 kh\u1ea3 n\u0103ng ch\u1ed1ng th\u1ea5m cao n\u00ean v\u1edbi c\u1ea5p b\u1ea3o v\u1ec7 l\u00ean t\u1edbi IP65 n\u00ean ch\u1ed1ng \u0111\u01b0\u1ee3c b\u1ee5i, c\u00f4n tr\u00f9ng v\u00e0 \u1ea9m \u01b0\u1edbt.<\/p>\n<p><em>Thi\u1ebft k\u1ebf \u0111\u1eb9p m\u1eaft, tinh t\u1ebf<\/em><\/p>\n<p><img loading=\"lazy\" decoding=\"async\" src=\"https:\/\/hoangphatlighting.vn\/upload\/detail\/2018\/01\/images\/icon-quy-trinh-san-xuat-hien-dai.png\" alt=\"\u0110\u00e8n led \u1ed1p t\u01b0\u1eddng 20W WT045C LED 20 Philips ch\u1ed1ng th\u1ea5m n\u01b0\u1edbc\" width=\"400\" height=\"300\" \/>\u0110\u00e8n led \u1ed1p tr\u1ea7n 20W WT045C LED 20 Philips ch\u1ed1ng th\u1ea5m n\u01b0\u1edbc c\u00f3 thi\u1ebft k\u1ebf r\u1ea5t \u0111\u01a1n gi\u1ea3n v\u1edbi h\u00ecnh tr\u00f2n nh\u1ecf g\u1ecdn. Thi\u1ebft k\u1ebf c\u1ee7a \u0111\u00e8n \u0111\u01b0\u1ee3c t\u1ed1i gi\u1ea3n c\u00e1c chi ti\u1ebft nh\u01b0ng v\u1eabn \u0111\u1ea3m b\u1ea3o \u0111\u01b0\u1ee3c s\u1ef1 tinh t\u1ebf v\u00e0 sang tr\u1ecdng n\u00ean d\u00f9 xu\u1ea5t \u1edf kh\u00f4ng gian n\u00e0o th\u00ec \u0111\u00e8n s\u1ebd tr\u1edf th\u00e0nh v\u1eadt trang tr\u00ed r\u1ea5t tinh t\u1ebf.<\/p>\n<p>\u0110\u00e8n l\u00e0 thi\u1ebft b\u1ecb \u0111i\u1ec7n \u0111\u01b0\u1ee3c thi\u1ebft k\u1ebf v\u1edbi c\u00e1c chi ti\u1ebft hi\u1ec7n \u0111\u1ea1i v\u00e0 \u0111\u01a1n gi\u1ea3n. \u0110\u00e8n \u0111\u01b0\u1ee3c s\u1ea3n xu\u1ea5t theo c\u00f4ng ngh\u1ec7 ti\u00ean ti\u1ebfn nh\u1ea5t hi\u1ec7n nay tr\u00ean th\u1ecb tr\u01b0\u1eddng n\u00ean n\u00f3 c\u00f3 nhi\u1ec1u \u01b0u \u0111i\u1ec3m r\u1ea5t v\u01b0\u1ee3t tr\u1ed9i. K\u00edch th\u01b0\u1edbc \u0111\u00e8n l\u00e0 200x88mm s\u1ebd kh\u00f4ng chi\u1ebfm nhi\u1ec1u kh\u00f4ng gian c\u1ee7a b\u1ea1n nh\u00e9.<\/p>\n<p><strong>H\u01af\u1edaNG D\u1eaaN L\u1eaeP \u0110\u1eb6T<\/strong><\/p>\n<p>\u0110\u01b0\u1ee3c m\u1ec7nh danh l\u00e0 s\u1ea3n ph\u1ea9m d\u1ec5 d\u00e0ng l\u1eafp \u0111\u1eb7t n\u00ean c\u00e1c thao t\u00e1c l\u1eafp \u0111\u1eb7t \u0111\u00e8n led \u1ed1p tr\u1ea7n 20W WT045C LED 20 Philips ch\u1ed1ng th\u1ea5m n\u01b0\u1edbc nh\u01b0 sau:<\/p>\n<p><strong>B\u01b0\u1edbc 1:<\/strong>\u00a0Chu\u1ea9n b\u1ecb c\u00e1c d\u1ee5ng c\u1ee5 l\u1eafp \u0111\u1eb7t c\u1ea7n thi\u1ebft \u0111\u1ec3 l\u1eafp b\u00f3ng \u0111\u00e8n.<\/p>\n<p><strong>B\u01b0\u1edbc 2:\u00a0<\/strong>Kho\u00e9t l\u1ed7 tr\u1ea7n \u0111\u1ec3 c\u00f3 th\u1ec3 l\u1eafp \u0111\u00e8n v\u00e0o v\u1ecb tr\u00ed l\u1eafp \u0111\u1eb7t.<\/p>\n<p><strong>B\u01b0\u1edbc 3:<\/strong>\u00a0K\u1ebft n\u1ed1i d\u00e2y \u0111i\u1ec7n ph\u00f9 h\u1ee3p v\u1edbi c\u00e1c h\u01b0\u1edbng d\u1eabn, k\u1ebft n\u1ed1i ph\u1ea3i \u0111\u00fang v\u1edbi ti\u00eau chu\u1ea9n an to\u00e0n v\u1ec1 \u0111i\u1ec7n \u0111\u1ec3 tr\u00e1nh t\u00ecnh tr\u1ea1ng b\u1ecb \u0111i\u1ec7n gi\u1eadt.<\/p>\n<p><strong>B\u01b0\u1edbc 4:\u00a0<\/strong>\u00a0C\u1ed1 \u0111\u1ecbnh \u0111\u00e8n led nh\u1eb1m ng\u0103n ch\u1eb7n s\u1ef1 \u1ea3nh h\u01b0\u1edfng \u0111\u1ebfn hi\u1ec7u \u1ee9ng \u00e1nh s\u00e1ng. Sau \u0111\u00f3 b\u1eadt c\u00f4ng t\u1eafc \u0111i\u1ec7n \u0111\u1ec3 ki\u1ec3m tra \u00e1nh s\u00e1ng c\u1ee7a \u0111\u00e8n.<\/p>\n<p><strong>\u1ee8NG D\u1ee4NG<\/strong><\/p>\n<p>\u0110\u00e8n led \u1ed1p tr\u1ea7n 20W WT045C LED 20 Philips ch\u1ed1ng th\u1ea5m n\u01b0\u1edbc c\u00f3 nhi\u1ec1u t\u00ednh n\u0103ng n\u00ean ph\u00f9 h\u1ee3p l\u1eafp \u0111\u1eb7t cho nhi\u1ec1u kh\u00f4ng gian kh\u00e1c nhau nh\u01b0: nh\u00e0 \u1edf, c\u0103n h\u1ed9, chung c\u01b0 hay v\u0103n ph\u00f2ng, h\u1ed9i tr\u01b0\u1eddng, showroom, nh\u00e0 h\u00e0ng \u2013 kh\u00e1ch s\u1ea1n,\u2026 mang l\u1ea1i kh\u00f4ng gian \u1ea5n t\u01b0\u1ee3ng nh\u1ea5t nh\u00e9.<\/p>\n<p><strong>LI\u00caN H\u1ec6 MUA H\u00c0NG<\/strong><\/p>\n<p>Tuy l\u00e0 lo\u1ea1i \u0111\u00e8n mang ch\u1ea5t l\u01b0\u1ee3ng t\u1ed1t v\u00e0 t\u00ednh hi\u1ec7n \u0111\u1ea1i cao, s\u1ea3n ph\u1ea9m l\u1ea1i c\u00f3 gi\u00e1 th\u00e0nh kh\u00e1 \u1ed5n \u0111\u1ecbnh v\u00e0 \u0111\u01b0\u1ee3c \u0111\u1ea3m b\u1ea3o ch\u1ea5t l\u01b0\u1ee3ng nh\u1ea5t t\u1ea1i Ho\u00e0ng Ph\u00e1t Lighting. N\u00ean b\u1ea1n c\u00f3 th\u1ec3 gh\u00e9 \u0111\u1ecba ch\u1ec9 n\u00e0y \u0111\u1ec3 mua \u0111\u00e8n led \u1ed1p tr\u1ea7n 20W WT045C LED 20 Philips ch\u1ed1ng th\u1ea5m n\u01b0\u1edbc ch\u1ea5t l\u01b0\u1ee3ng t\u1ed1t nh\u1ea5t nh\u00e9.<\/p>\n","protected":false},"excerpt":{"rendered":"<ul class=\"width\">\n<li>Th\u01b0\u01a1ng hi\u1ec7u:\u00a0\u00a0<a href=\"https:\/\/hoangphatlighting.vn\/philips-b4-11.html\">Philips<\/a><\/li>\n<li>Xu\u1ea5t x\u1ee9:\u00a0\u00a0Trung Qu\u1ed1c<\/li>\n<li>B\u1ea3o h\u00e0nh:\u00a0\u00a024 th\u00e1ng<\/li>\n<\/ul>\n<p>\u0110\u00e8n led \u1ed1p tr\u1ea7n 20W WT045C LED 20 Philips ch\u1ed1ng th\u1ea5m n\u01b0\u1edbc \u0111\u01b0\u1ee3c ra \u0111\u1eddi v\u00e0 c\u00e1ch t\u00e2n ng\u00e0y m\u1ed9t hi\u1ec7n \u0111\u1ea1i h\u01a1n ph\u1ee5c v\u1ee5 t\u1ed1t h\u01a1n cho nhi\u1ec1u y\u00eau c\u1ea7u c\u1ee7a nh\u1eefng moi tr\u01b0\u1eddng c\u00f3 th\u1eddi ti\u1ebft kh\u1eafc nghi\u1ec7t nh\u1ea5t.<\/p>\n","protected":false},"featured_media":350,"comment_status":"open","ping_status":"closed","template":"","meta":{"_acf_changed":false},"product_brand":[],"product_cat":[20,27],"product_tag":[],"class_list":{"0":"post-85","1":"product","2":"type-product","3":"status-publish","4":"has-post-thumbnail","6":"product_cat-den-nang-luong-mat-troi","7":"product_cat-den-pha","9":"first","10":"instock","11":"sale","12":"shipping-taxable","13":"purchasable","14":"product-type-simple"},"acf":[],"_links":{"self":[{"href":"https:\/\/ktech4.k-tech-services.com\/TTA670\/wp-json\/wp\/v2\/product\/85","targetHints":{"allow":["GET"]}}],"collection":[{"href":"https:\/\/ktech4.k-tech-services.com\/TTA670\/wp-json\/wp\/v2\/product"}],"about":[{"href":"https:\/\/ktech4.k-tech-services.com\/TTA670\/wp-json\/wp\/v2\/types\/product"}],"replies":[{"embeddable":true,"href":"https:\/\/ktech4.k-tech-services.com\/TTA670\/wp-json\/wp\/v2\/comments?post=85"}],"wp:featuredmedia":[{"embeddable":true,"href":"https:\/\/ktech4.k-tech-services.com\/TTA670\/wp-json\/wp\/v2\/media\/350"}],"wp:attachment":[{"href":"https:\/\/ktech4.k-tech-services.com\/TTA670\/wp-json\/wp\/v2\/media?parent=85"}],"wp:term":[{"taxonomy":"product_brand","embeddable":true,"href":"https:\/\/ktech4.k-tech-services.com\/TTA670\/wp-json\/wp\/v2\/product_brand?post=85"},{"taxonomy":"product_cat","embeddable":true,"href":"https:\/\/ktech4.k-tech-services.com\/TTA670\/wp-json\/wp\/v2\/product_cat?post=85"},{"taxonomy":"product_tag","embeddable":true,"href":"https:\/\/ktech4.k-tech-services.com\/TTA670\/wp-json\/wp\/v2\/product_tag?post=85"}],"curies":[{"name":"wp","href":"https:\/\/api.w.org\/{rel}","templated":true}]}}