{"id":977,"date":"2025-08-20T13:16:21","date_gmt":"2025-08-20T13:16:21","guid":{"rendered":"https:\/\/ktech4.k-tech-services.com\/athena315\/?post_type=product&#038;p=977"},"modified":"2025-09-03T02:44:50","modified_gmt":"2025-09-03T02:44:50","slug":"athena-executive-balcony-cabin","status":"publish","type":"product","link":"https:\/\/ktech4.k-tech-services.com\/athena315\/san-pham\/athena-executive-balcony-cabin\/","title":{"rendered":"Athena Executive Balcony Cabin"},"content":{"rendered":"","protected":false},"excerpt":{"rendered":"<p><span style=\"font-weight: 400\">N\u1eb1m tr\u00ean t\u1ea7ng 1 v\u1edbi di\u1ec7n t\u00edch 43m\u00b2, Athena Executive Balcony Cabin mang \u0111\u1ebfn kh\u00f4ng gian ngh\u1ec9 d\u01b0\u1ee1ng th\u01b0\u1ee3ng l\u01b0u, n\u01a1i t\u1eebng chi ti\u1ebft \u0111\u01b0\u1ee3c ch\u0103m ch\u00fat t\u1ec9 m\u1ec9. Ban c\u00f4ng tr\u00e0n view di s\u1ea3n v\u00e0 ph\u00f2ng t\u1eafm nh\u01b0 m\u1ed9t spa thu nh\u1ecf t\u1ea1o tr\u1ea3i nghi\u1ec7m tinh t\u1ebf cho m\u1ecdi kho\u1ea3nh kh\u1eafc.<\/span><\/p>\n<p><span style=\"font-weight: 400\">Ph\u00f2ng \u0111\u01b0\u1ee3c thi\u1ebft k\u1ebf linh ho\u1ea1t v\u1edbi nhi\u1ec1u t\u00f9y ch\u1ecdn gi\u01b0\u1eddng: gi\u01b0\u1eddng \u0111\u00f4i l\u1edbn, gi\u01b0\u1eddng t\u00e1ch r\u1eddi hay g\u1ed9p theo nhu c\u1ea7u, t\u1ed1i \u01b0u cho gia \u0111\u00ecnh ho\u1eb7c nh\u00f3m nh\u1ecf m\u00e0 v\u1eabn \u0111\u1ea3m b\u1ea3o s\u1ef1 ri\u00eang t\u01b0 v\u00e0 ti\u1ec7n nghi. N\u1ed9i th\u1ea5t sang tr\u1ecdng k\u1ebft h\u1ee3p ti\u1ec7n nghi hi\u1ec7n \u0111\u1ea1i, \u0111em \u0111\u1ebfn tr\u1ea3i nghi\u1ec7m ngh\u1ec9 d\u01b0\u1ee1ng tr\u1ecdn v\u1eb9n v\u00e0 kh\u00e1c bi\u1ec7t, n\u01a1i t\u1eebng ph\u00fat gi\u00e2y h\u00f2a quy\u1ec7n c\u00f9ng c\u1ea3nh s\u1eafc V\u1ecbnh H\u1ea1 Long.<\/span><\/p>\n","protected":false},"featured_media":495,"comment_status":"open","ping_status":"closed","template":"","meta":{"_acf_changed":false},"product_brand":[],"product_cat":[16],"product_tag":[],"class_list":{"0":"post-977","1":"product","2":"type-product","3":"status-publish","4":"has-post-thumbnail","6":"product_cat-hang-phong","8":"first","9":"instock","10":"sale","11":"shipping-taxable","12":"purchasable","13":"product-type-simple"},"acf":[],"_links":{"self":[{"href":"https:\/\/ktech4.k-tech-services.com\/athena315\/wp-json\/wp\/v2\/product\/977","targetHints":{"allow":["GET"]}}],"collection":[{"href":"https:\/\/ktech4.k-tech-services.com\/athena315\/wp-json\/wp\/v2\/product"}],"about":[{"href":"https:\/\/ktech4.k-tech-services.com\/athena315\/wp-json\/wp\/v2\/types\/product"}],"replies":[{"embeddable":true,"href":"https:\/\/ktech4.k-tech-services.com\/athena315\/wp-json\/wp\/v2\/comments?post=977"}],"wp:featuredmedia":[{"embeddable":true,"href":"https:\/\/ktech4.k-tech-services.com\/athena315\/wp-json\/wp\/v2\/media\/495"}],"wp:attachment":[{"href":"https:\/\/ktech4.k-tech-services.com\/athena315\/wp-json\/wp\/v2\/media?parent=977"}],"wp:term":[{"taxonomy":"product_brand","embeddable":true,"href":"https:\/\/ktech4.k-tech-services.com\/athena315\/wp-json\/wp\/v2\/product_brand?post=977"},{"taxonomy":"product_cat","embeddable":true,"href":"https:\/\/ktech4.k-tech-services.com\/athena315\/wp-json\/wp\/v2\/product_cat?post=977"},{"taxonomy":"product_tag","embeddable":true,"href":"https:\/\/ktech4.k-tech-services.com\/athena315\/wp-json\/wp\/v2\/product_tag?post=977"}],"curies":[{"name":"wp","href":"https:\/\/api.w.org\/{rel}","templated":true}]}}