{"id":1769,"date":"2024-05-21T08:24:11","date_gmt":"2024-05-21T08:24:11","guid":{"rendered":"https:\/\/caygiongphucan.com\/?page_id=1769"},"modified":"2024-05-21T08:24:11","modified_gmt":"2024-05-21T08:24:11","slug":"chinh-sach-doi-tra","status":"publish","type":"page","link":"https:\/\/ktech4.k-tech-services.com\/phucan713\/chinh-sach-doi-tra\/","title":{"rendered":"Ch\u00ednh s\u00e1ch \u0111\u1ed5i tr\u1ea3"},"content":{"rendered":"<p><a href=\"http:\/\/localhost\/phucan713\/\" target=\"_blank\" rel=\"noopener\"><strong><b>C\u00e2y Gi\u1ed1ng Ph\u00fac An<\/b><\/strong><\/a>\u00a0cam k\u1ebft mang \u0111\u1ebfn cho kh\u00e1ch h\u00e0ng nh\u1eefng s\u1ea3n ph\u1ea9m c\u00e2y gi\u1ed1ng ch\u1ea5t l\u01b0\u1ee3ng cao v\u00e0 d\u1ecbch v\u1ee5 kh\u00e1ch h\u00e0ng t\u1eadn t\u00e2m. Ch\u00ednh v\u00ec v\u1eady, ch\u00fang t\u00f4i \u0111\u01b0a ra ch\u00ednh s\u00e1ch \u0111\u1ed5i tr\u1ea3 sau \u0111\u00e2y nh\u1eb1m \u0111\u1ea3m b\u1ea3o quy\u1ec1n l\u1ee3i c\u1ee7a kh\u00e1ch h\u00e0ng khi mua s\u1eafm t\u1ea1i c\u1eeda h\u00e0ng.<\/p>\n<h2><strong><b>\u0110i\u1ec1u ki\u1ec7n \u0111\u1ed5i tr\u1ea3<\/b><\/strong><\/h2>\n<h3><strong><b>S\u1ea3n ph\u1ea9m b\u1ecb h\u01b0 h\u1ecfng, \u0111\u1ed5 b\u1ec3 do v\u1eadn chuy\u1ec3n:<\/b><\/strong><\/h3>\n<p>Quay video \u0111\u1ed3ng ki\u1ec3m v\u1edbi b\u01b0u t\u00e1 khi nh\u1eadn h\u00e0ng.<\/p>\n<p>C\u00e2y b\u1ecb r\u1ee5ng h\u1ebft l\u00e1, g\u00e3y nh\u00e1nh, ch\u1ebft do va \u0111\u1eadp trong qu\u00e1 tr\u00ecnh v\u1eadn chuy\u1ec3n.<\/p>\n<h3><strong><b>S\u1ea3n ph\u1ea9m b\u1ecb h\u01b0 h\u1ecfng do l\u1ed7i s\u1ea3n xu\u1ea5t<\/b><\/strong><\/h3>\n<p>C\u00e2y ch\u1ebft do s\u00e2u b\u1ec7nh, n\u1ea5m m\u1ed1c trong v\u00f2ng 7 ng\u00e0y sau khi nh\u1eadn h\u00e0ng.<\/p>\n<p>Cung c\u1ea5p h\u00ecnh \u1ea3nh, video v\u00e0 m\u00f4 t\u1ea3 chi ti\u1ebft v\u1ec1 t\u00ecnh tr\u1ea1ng c\u00e2y.<\/p>\n<h2><strong><b>Khung th\u1eddi gian \u0111\u1ed5i tr\u1ea3<\/b><\/strong><\/h2>\n<p>\u0110\u1ed1i v\u1edbi s\u1ea3n ph\u1ea9m b\u1ecb h\u01b0 h\u1ecfng do v\u1eadn chuy\u1ec3n:\u00a0Trong v\u00f2ng 24 gi\u1edd k\u1ec3 t\u1eeb khi nh\u1eadn h\u00e0ng.<\/p>\n<p>\u0110\u1ed1i v\u1edbi s\u1ea3n ph\u1ea9m b\u1ecb h\u01b0 h\u1ecfng do l\u1ed7i s\u1ea3n xu\u1ea5t:\u00a0Trong v\u00f2ng 7 ng\u00e0y k\u1ec3 t\u1eeb khi nh\u1eadn h\u00e0ng.<\/p>\n<h2><strong><b>Ph\u01b0\u01a1ng th\u1ee9c \u0111\u1ed5i tr\u1ea3<\/b><\/strong><\/h2>\n<h3><strong><b>\u0110\u1ed1i v\u1edbi s\u1ea3n ph\u1ea9m b\u1ecb h\u01b0 h\u1ecfng do v\u1eadn chuy\u1ec3n<\/b><\/strong><\/h3>\n<p>Kh\u00e1ch h\u00e0ng li\u00ean h\u1ec7 ngay v\u1edbi C\u00e2y Gi\u1ed1ng Ph\u00fac An \u0111\u1ec3 th\u00f4ng b\u00e1o t\u00ecnh tr\u1ea1ng, kh\u00e1ch ch\u1ee5p \u1ea3nh, quay video t\u1eeb l\u00fac c\u00e2y xu\u1ed1ng xe \u0111\u1ec3 l\u00e0m \u0111\u1ed1i ch\u1ee9ng.<\/p>\n<p>N\u1ebfu x\u00e1c nh\u1eadn \u0111\u00fang s\u1ef1 c\u1ed1, C\u00e2y Gi\u1ed1ng Ph\u00fac An s\u1ebd h\u1ed7 tr\u1ee3 \u0111\u1ed5i c\u00e2y m\u1edbi cho kh\u00e1ch h\u00e0ng.<\/p>\n<h3><strong><b>\u0110\u1ed1i v\u1edbi s\u1ea3n ph\u1ea9m b\u1ecb h\u01b0 h\u1ecfng do l\u1ed7i s\u1ea3n xu\u1ea5t<\/b><\/strong><\/h3>\n<p>Kh\u00e1ch h\u00e0ng ch\u1ee5p \u1ea3nh, quay video v\u00e0 m\u00f4 t\u1ea3 chi ti\u1ebft t\u00ecnh tr\u1ea1ng c\u00e2y.<\/p>\n<p>G\u1eedi th\u00f4ng tin cho C\u00e2y Gi\u1ed1ng Ph\u00fac An qua email ho\u1eb7c zalo.<\/p>\n<p>C\u00e2y Gi\u1ed1ng Ph\u00fac An s\u1ebd x\u00e1c nh\u1eadn th\u00f4ng tin v\u00e0 h\u1ed7 tr\u1ee3 \u0111\u1ed5i c\u00e2y m\u1edbi ho\u1eb7c ho\u00e0n ti\u1ec1n cho kh\u00e1ch h\u00e0ng.<\/p>\n<h3><strong><b>Chi ph\u00ed \u0111\u1ed5i tr\u1ea3<\/b><\/strong><\/h3>\n<p>C\u00e2y Gi\u1ed1ng Ph\u00fac An s\u1ebd ch\u1ecbu ho\u00e0n to\u00e0n chi ph\u00ed v\u1eadn chuy\u1ec3n \u0111\u1ed5i tr\u1ea3 cho c\u1ea3 hai tr\u01b0\u1eddng h\u1ee3p.<\/p>\n<h2><strong><b>L\u01b0u \u00fd<\/b><\/strong><\/h2>\n<ul>\n<li>Ch\u00ednh s\u00e1ch n\u00e0y kh\u00f4ng \u00e1p d\u1ee5ng cho c\u00e1c s\u1ea3n ph\u1ea9m \u0111\u00e3 qua s\u1eed d\u1ee5ng ho\u1eb7c b\u1ecb h\u01b0 h\u1ecfng do l\u1ed7i b\u1ea3o qu\u1ea3n c\u1ee7a kh\u00e1ch h\u00e0ng.<\/li>\n<li>C\u00e2y Gi\u1ed1ng Ph\u00fac An c\u00f3 quy\u1ec1n t\u1eeb ch\u1ed1i \u0111\u1ed5i tr\u1ea3 n\u1ebfu kh\u00e1ch h\u00e0ng kh\u00f4ng cung c\u1ea5p \u0111\u1ee7 b\u1eb1ng ch\u1ee9ng x\u00e1c th\u1ef1c.<\/li>\n<\/ul>\n<h2><strong><b>Li\u00ean h\u1ec7<\/b><\/strong><\/h2>\n<ul>\n<li>N\u1ebfu b\u1ea1n c\u00f3 b\u1ea5t k\u1ef3 th\u1eafc m\u1eafc n\u00e0o v\u1ec1 ch\u00ednh s\u00e1ch \u0111\u1ed5i tr\u1ea3, vui l\u00f2ng li\u00ean h\u1ec7 v\u1edbi C\u00e2y Gi\u1ed1ng Ph\u00fac An qua s\u1ed1 \u0111i\u1ec7n tho\u1ea1i <span style=\"font-size: 130%; color: #008000;\"><strong>0962 888 014<\/strong><\/span><\/li>\n<\/ul>\n<p>C\u00e2y Gi\u1ed1ng Ph\u00fac An\u00a0lu\u00f4n mong mu\u1ed1n mang \u0111\u1ebfn cho kh\u00e1ch h\u00e0ng s\u1ef1 h\u00e0i l\u00f2ng tuy\u1ec7t \u0111\u1ed1i. Do \u0111\u00f3, ch\u00fang t\u00f4i lu\u00f4n s\u1eb5n s\u00e0ng h\u1ed7 tr\u1ee3 kh\u00e1ch h\u00e0ng trong vi\u1ec7c \u0111\u1ed5i tr\u1ea3 s\u1ea3n ph\u1ea9m.<\/p>\n<p style=\"text-align: center;\">C\u1ea3m \u01a1n qu\u00fd kh\u00e1ch \u0111\u00e3 tin t\u01b0\u1edfng v\u00e0 s\u1eed d\u1ee5ng s\u1ea3n ph\u1ea9m c\u1ee7a C\u00e2y Gi\u1ed1ng Ph\u00fac An!<\/p>\n<p><span style=\"color: #000080;\"><em><strong><b>L\u01b0u \u00fd:<\/b><\/strong><\/em><\/span><\/p>\n<ul>\n<li><em>Ch\u00ednh s\u00e1ch n\u00e0y c\u00f3 th\u1ec3 thay \u0111\u1ed5i m\u00e0 kh\u00f4ng c\u1ea7n th\u00f4ng b\u00e1o tr\u01b0\u1edbc.<\/em><\/li>\n<li><em>Vui l\u00f2ng \u0111\u1ecdc k\u1ef9 ch\u00ednh s\u00e1ch \u0111\u1ed5i tr\u1ea3 tr\u01b0\u1edbc khi mua h\u00e0ng.<\/em><\/li>\n<\/ul>\n","protected":false},"excerpt":{"rendered":"<p>C\u00e2y Gi\u1ed1ng Ph\u00fac An\u00a0cam k\u1ebft mang \u0111\u1ebfn cho kh\u00e1ch h\u00e0ng nh\u1eefng s\u1ea3n ph\u1ea9m c\u00e2y gi\u1ed1ng ch\u1ea5t l\u01b0\u1ee3ng cao v\u00e0 d\u1ecbch v\u1ee5 kh\u00e1ch h\u00e0ng t\u1eadn t\u00e2m. Ch\u00ednh v\u00ec v\u1eady, ch\u00fang t\u00f4i \u0111\u01b0a ra ch\u00ednh s\u00e1ch \u0111\u1ed5i tr\u1ea3 sau \u0111\u00e2y nh\u1eb1m \u0111\u1ea3m b\u1ea3o quy\u1ec1n l\u1ee3i c\u1ee7a kh\u00e1ch h\u00e0ng khi mua s\u1eafm t\u1ea1i c\u1eeda h\u00e0ng. \u0110i\u1ec1u ki\u1ec7n \u0111\u1ed5i&#8230;<\/p>\n","protected":false},"author":1,"featured_media":0,"parent":0,"menu_order":0,"comment_status":"closed","ping_status":"closed","template":"","meta":{"footnotes":""},"class_list":["post-1769","page","type-page","status-publish","hentry"],"_links":{"self":[{"href":"https:\/\/ktech4.k-tech-services.com\/phucan713\/wp-json\/wp\/v2\/pages\/1769","targetHints":{"allow":["GET"]}}],"collection":[{"href":"https:\/\/ktech4.k-tech-services.com\/phucan713\/wp-json\/wp\/v2\/pages"}],"about":[{"href":"https:\/\/ktech4.k-tech-services.com\/phucan713\/wp-json\/wp\/v2\/types\/page"}],"author":[{"embeddable":true,"href":"https:\/\/ktech4.k-tech-services.com\/phucan713\/wp-json\/wp\/v2\/users\/1"}],"replies":[{"embeddable":true,"href":"https:\/\/ktech4.k-tech-services.com\/phucan713\/wp-json\/wp\/v2\/comments?post=1769"}],"version-history":[{"count":0,"href":"https:\/\/ktech4.k-tech-services.com\/phucan713\/wp-json\/wp\/v2\/pages\/1769\/revisions"}],"wp:attachment":[{"href":"https:\/\/ktech4.k-tech-services.com\/phucan713\/wp-json\/wp\/v2\/media?parent=1769"}],"curies":[{"name":"wp","href":"https:\/\/api.w.org\/{rel}","templated":true}]}}