{"id":1372,"date":"2024-03-30T09:37:58","date_gmt":"2024-03-30T09:37:58","guid":{"rendered":"https:\/\/caygiongphucan.com\/?post_type=product&amp;p=1372"},"modified":"2024-03-30T09:37:58","modified_gmt":"2024-03-30T09:37:58","slug":"cay-giong-oi-ruby","status":"publish","type":"product","link":"https:\/\/ktech4.k-tech-services.com\/phucan713\/san-pham\/cay-giong-oi-ruby\/","title":{"rendered":"\u1ed4i ruby"},"content":{"rendered":"<p><em>C\u00f3 m\u1ed9t lo\u1ea1i tr\u00e1i c\u00e2y c\u00f3 th\u1ec3 gi\u00fap b\u00e0 con m\u00ecnh c\u00f3 ngu\u1ed3n thu nh\u1eadp li\u00ean t\u1ee5c v\u00e0 \u1ed5n \u0111\u1ecbnh, \u0111\u00f3 ch\u00ednh l\u00e0 gi\u1ed1ng \u1ed5i ruby. Ch\u1ec9 sau 2-3 l\u1ea7n thu ho\u1ea1ch \u0111\u00e3 ho\u00e0n v\u1ed1n, m\u1ed7i tu\u1ea7n \u0111\u1ec1u c\u00f3 thu ho\u1ea1ch, k\u00e9o d\u00e0i trong nhi\u1ec1u n\u0103m. H\u00e3y c\u00f9ng c\u00e2y gi\u1ed1ng Ph\u00fac An t\u00ecm hi\u1ec3u k\u1ef9 v\u1ec1 gi\u1ed1ng \u1ed5i n\u00e0y nh\u00e9.<\/em><\/p>\n<p><span style=\"color: #0000ff;\"><em><strong>M\u1eddi c\u00f4 b\u00e1c xem ph\u1ea3n h\u1ed3i t\u1eeb kh\u00e1ch h\u00e0ng \u0111\u00e3 mua v\u00e0 tr\u1ed3ng c\u00e2y gi\u1ed1ng \u1ed5i ruby c\u1ee7a Ph\u00fac An<\/strong><\/em><\/span><\/p>\n<p><iframe loading=\"lazy\" title=\"V\u01b0\u1eddn \u1ed4i Ruby 5 Th\u00e1ng Tu\u1ed5i C\u1ee7a Kh\u00e1ch H\u00e0ng C\u00e2y Gi\u1ed1ng Ph\u00fac An\" width=\"563\" height=\"1000\" src=\"https:\/\/www.youtube.com\/embed\/RbzRHCsCLS0?feature=oembed\" frameborder=\"0\" allow=\"accelerometer; autoplay; clipboard-write; encrypted-media; gyroscope; picture-in-picture; web-share\" referrerpolicy=\"strict-origin-when-cross-origin\" allowfullscreen><\/iframe><\/p>\n<h2><strong><b>\u0110\u1eb7c \u0111i\u1ec3m gi\u1ed1ng \u1ed5i ruby<\/b><\/strong><\/h2>\n<p>C\u00f3 2 th\u00f4ng tin b\u00e0 con m\u00ecnh c\u1ea7n n\u1eafm:<\/p>\n<ul>\n<li>\u1ed4i ruby v\u00e0 \u1ed4i tr\u00e2n ch\u00e2u l\u00e0 hai gi\u1ed1ng \u1ed5i kh\u00e1c nhau.<\/li>\n<li>\u1ed4i ruby v\u1eabn c\u00f3 h\u1ea1t, ch\u1ec9 l\u00e0 \u00edt h\u1ea1t h\u01a1n c\u00e1c gi\u1ed1ng \u1ed5i kh\u00e1c m\u00e0 th\u00f4i.<\/li>\n<\/ul>\n<p>Hi\u1ec7n c\u00f3 m\u1ed9t s\u1ed1 trang web v\u00e0 c\u00e1c trang m\u1ea1ng x\u00e3 h\u1ed9i \u0111\u1ec3 th\u00f4ng tin sai l\u1ec7ch, qu\u00fd c\u00f4 b\u00e1c c\u1ea7n l\u01b0u \u00fd \u0111\u1ec3 kh\u00f4ng nh\u1ea7m l\u1eabn khi tham kh\u1ea3o th\u00f4ng tin.<\/p>\n<figure id=\"attachment_1728\" aria-describedby=\"caption-attachment-1728\" style=\"width: 346px\" class=\"wp-caption aligncenter\"><img loading=\"lazy\" decoding=\"async\" class=\"wp-image-1728\" src=\"http:\/\/localhost\/phucan713\/wp-content\/uploads\/2024\/03\/z5149188289510_683ff6c4a56a0bea2537d8a64417ad35-208x300.jpg\" alt=\"Tr\u00e1i \u1ed5i ruby chu\u1ea9n Ph\u00fac An\" width=\"346\" height=\"500\" \/><figcaption id=\"caption-attachment-1728\" class=\"wp-caption-text\">Tr\u00e1i \u1ed5i ruby chu\u1ea9n Ph\u00fac An<\/figcaption><\/figure>\n<p>Gi\u1ed1ng \u1ed5i Ruby xu\u1ea5t ph\u00e1t t\u1eeb \u0110\u00e0i Loan, kho\u1ea3ng 5 n\u0103m tr\u1edf l\u1ea1i \u0111\u00e2y \u0111\u00e3 \u0111\u01b0\u1ee3c nh\u00e2n gi\u1ed1ng r\u1ed9ng r\u00e3i, tr\u1edf th\u00e0nh m\u1ed9t s\u1ef1 l\u1ef1a ch\u1ecdn ph\u1ed5 bi\u1ebfn t\u1ea1i Vi\u1ec7t Nam.<\/p>\n<p>C\u00e2y \u1ed5i Ruby thu\u1ed9c d\u1ea1ng th\u00e2n g\u1ed7 nh\u1ecf, c\u00f3 chi\u1ec1u cao kho\u1ea3ng 3m-5m khi tr\u01b0\u1edfng th\u00e0nh, v\u1edbi b\u1ed9 l\u00e1 h\u00ecnh thoi l\u1edbn, m\u00e0u xanh \u0111\u1eadm.<\/p>\n<p>C\u00e2y ph\u00e1t tri\u1ec3n m\u1ea1nh m\u1ebd v\u00e0 c\u00f3 kh\u1ea3 n\u0103ng \u0111\u1eadu tr\u00e1i cao t\u1edbi 98%, kh\u00f4ng \u0111\u00f2i h\u1ecfi qu\u00e1 tr\u00ecnh x\u1eed l\u00fd ph\u1ee9c t\u1ea1p \u0111\u1ec3 k\u00edch th\u00edch c\u00e2y ra tr\u00e1i. \u1ed4i Ruby l\u00e0 gi\u1ed1ng d\u1ec5 tr\u1ed3ng,kh\u00e1ng s\u00e2u b\u1ec7nh t\u1ed1t, nhanh thu ho\u1ea1ch v\u00e0 \u0111\u1ee1 t\u1ed1n nhi\u1ec1u c\u00f4ng ch\u0103m s\u00f3c.<\/p>\n<p>\u1ed4i Ruby n\u1ed5i b\u1eadt v\u1edbi kh\u1ea3 n\u0103ng cho tr\u00e1i quanh n\u0103m, gi\u1eef v\u1eefng n\u0103ng su\u1ea5t cao. \u0110i\u1ec1u n\u00e0y t\u1ea1o ra ti\u1ec1m n\u0103ng l\u1edbn cho m\u1ed9t k\u1ebf ho\u1ea1ch kinh t\u1ebf b\u1ec1n v\u1eefng v\u00e0 mang l\u1ea1i hi\u1ec7u qu\u1ea3 kinh t\u1ebf t\u1ed1t cho nh\u1eefng ng\u01b0\u1eddi n\u00f4ng d\u00e2n khi h\u1ecd quy\u1ebft \u0111\u1ecbnh \u0111\u1ea7u t\u01b0 v\u00e0o gi\u1ed1ng c\u00e2y \u1ed5i n\u00e0y.<\/p>\n<h2><strong>C\u00e1ch \u0111\u1ec3 \u1ed5i ruby \u0111\u1eadu tr\u00e1i nhi\u1ec1u h\u01a1n<\/strong><\/h2>\n<p>Khi c\u00e2y \u1ed5i \u0111\u1eadu b\u00f4ng th\u00ec m\u1ecdi ng\u01b0\u1eddi ng\u1eaft \u0111\u1ecdt \u0111i, \u0111\u1ec3 c\u00e2y kh\u00f4ng \u0111\u1ea9y dinh d\u01b0\u1ee1ng nu\u00f4i \u0111\u1ecdt n\u1eefa m\u00e0 s\u1ebd nu\u00f4i b\u00f4ng, \u0111\u1ec3 b\u00f4ng \u0111\u1ee1 r\u1ee5ng t\u1eeb \u0111\u00f3 \u0111\u1eadu tr\u00e1i d\u1ec5 h\u01a1n nhi\u1ec1u h\u01a1n. K\u1ebft h\u1ee3p t\u01b0\u1edbi b\u1ed5 sung Canxi Bo cho c\u00e2y. V\u1edbi c\u00e2y n\u00e0o t\u1ed1t qu\u00e1 th\u00ec b\u00f3n th\u00eam MKP ho\u1eb7c L\u00e2n v\u00e0 Kali. \u0110\u1ea3m b\u1ea3o c\u00e2y \u1ed5i ruby c\u1ee7a b\u00e0 con s\u1ebd \u0111\u1eadu tr\u00e1i r\u1ea5t nhi\u1ec1u.<\/p>\n<figure id=\"attachment_1729\" aria-describedby=\"caption-attachment-1729\" style=\"width: 331px\" class=\"wp-caption aligncenter\"><img loading=\"lazy\" decoding=\"async\" class=\"wp-image-1729\" src=\"http:\/\/localhost\/phucan713\/wp-content\/uploads\/2024\/03\/077e16e3af1c02425b0d2-1-199x300.jpg\" alt=\"C\u00e2y \u1ed5i ruby 7 th\u00e1ng tu\u1ed5i \u0111ang cho b\u00f4ng tr\u00e1i\" width=\"331\" height=\"500\" \/><figcaption id=\"caption-attachment-1729\" class=\"wp-caption-text\">C\u00e2y \u1ed5i ruby 7 th\u00e1ng tu\u1ed5i \u0111ang cho b\u00f4ng tr\u00e1i<\/figcaption><\/figure>\n<h2><strong><b>\u0110\u1eb7c \u0111i\u1ec3m c\u1ee7a tr\u00e1i \u1ed5i ruby<\/b><\/strong><\/h2>\n<p>T\u01b0\u01a1ng t\u1ef1 nh\u01b0 c\u00e1i t\u00ean m\u00e0 n\u00f3 mang, \u1ed4i Ruby \u0111\u1eb7c tr\u01b0ng b\u1edfi ph\u1ea7n ru\u1ed9t m\u00e0u h\u1ed3ng k\u1ebft h\u1ee3p v\u1edbi ph\u1ea7n ru\u1ed9t tr\u1eafng, t\u1ea1o n\u00ean m\u1ed9t m\u00e0u s\u1eafc tinh t\u1ebf gi\u1ed1ng nh\u01b0 m\u00e0u vi\u00ean \u0111\u00e1 ruby.<\/p>\n<p>Tr\u1ecdng l\u01b0\u1ee3ng 1 tr\u00e1i \u1ed5i ruby trung b\u00ecnh 250gram-400gram.<\/p>\n<figure id=\"attachment_1373\" aria-describedby=\"caption-attachment-1373\" style=\"width: 382px\" class=\"wp-caption aligncenter\"><img loading=\"lazy\" decoding=\"async\" class=\"wp-image-1373\" src=\"http:\/\/localhost\/phucan713\/wp-content\/uploads\/2024\/03\/0155f6e84f17e249bb0610-229x300.jpg\" alt=\"Tr\u00e1i \u1ed5i ruby - Ph\u00fac An\" width=\"382\" height=\"500\" \/><figcaption id=\"caption-attachment-1373\" class=\"wp-caption-text\">Tr\u00e1i \u1ed5i ruby &#8211; Ph\u00fac An<\/figcaption><\/figure>\n<p>Khi \u1ed5i ruby ch\u00edn, m\u00e0u \u0111\u1ecf h\u1ed3ng s\u1ebd lan t\u1ecfa t\u1eeb gi\u1eefa tr\u00e1i, khi \u0103n b\u1ea1n s\u1ebd c\u1ea3m nh\u1eadn \u0111\u01b0\u1ee3c h\u01b0\u01a1ng th\u01a1m thanh m\u00e1t, m\u1ecdng n\u01b0\u1edbc, v\u1ecb ng\u1ecdt pha ch\u00fat chua nh\u1eb9 r\u1ea5t ngon.<\/p>\n<p>\u0110i\u1ec1u \u0111\u1eb7c bi\u1ec7t, \u1ed5i ruby ch\u00ednh g\u1ed1c s\u1ebd c\u00f3 r\u1ea5t \u00edt h\u1ea1t, ch\u1ec9 c\u00f3 v\u00e0i ba h\u1ea1t \u1edf gi\u1eefa tr\u00e1i.<\/p>\n<p>\u1ed4i ruby gi\u00f2n nh\u01b0ng kh\u00f4ng h\u1ec1 c\u1ee9ng. N\u1ebfu \u0111\u1ec3 \u1ed5i ch\u00edn th\u00eam ,\u0111\u1ed9 gi\u00f2n s\u1ebd gi\u1ea3m l\u1ea1i, \u00a0m\u00e0u \u0111\u1ecf h\u1ed3ng c\u1ee7a ru\u1ed9t \u1ed5i s\u1ebd c\u00e0ng \u0111\u1eadm m\u00e0u h\u01a1n, lan ra t\u1edbi g\u1ea7n ph\u1ea7n v\u1ecf, m\u00f9i th\u01a1m v\u00e0 l\u01b0\u1ee3ng n\u01b0\u1edbc c\u0169ng nhi\u1ec1u h\u01a1n.<\/p>\n<p>\u1ed4i ruby \u0111\u1ec3 \u0103n khi v\u1eeba ch\u00edn t\u1edbi hay \u0111\u1ec3 ch\u00edn m\u00f9i \u0103n \u0111\u1ec1u ngon, m\u1ed7i giai \u0111o\u1ea1n s\u1ebd c\u00f3 tr\u1ea3i nghi\u1ec7m th\u01b0\u1edfng th\u1ee9c kh\u00e1c nhau. N\u01b0\u1edbc \u00e9p t\u1eeb \u1ed5i ruby ch\u00edn r\u1ea5t th\u01a1m v\u00e0 gi\u00e0u dinh d\u01b0\u1ee1ng.<\/p>\n<h2><strong><b>C\u00e2y \u1ed5i ruby tr\u1ed3ng bao l\u00e2u c\u00f3 tr\u00e1i? <\/b><\/strong><\/h2>\n<p>Gi\u1ed1ng \u1ed5i ruby ch\u1ec9 sau 5-6 th\u00e1ng tr\u1ed3ng \u0111\u00e3 cho tr\u00e1i b\u00f3i (nh\u1eefng tr\u00e1i \u0111\u1ea7u ti\u00ean), cho \u0111\u1ebfn th\u00e1ng th\u1ee9 10 th\u00ec cho tr\u00e1i nhi\u1ec1u, \u0111\u00e2y c\u0169ng l\u00e0 giai \u0111o\u1ea1n \u0111\u1ee7 tr\u01b0\u1edfng th\u00e0nh \u0111\u1ec3 c\u00e2y \u1ed5i ruby c\u00f3 th\u1ec3 mang tr\u00e1i. Ta kh\u00f4ng n\u00ean \u0111\u1ec3 c\u00e2y mang tr\u00e1i s\u1edbm v\u00ec s\u1ebd l\u00e0m suy c\u00e2y.<\/p>\n<p>T\u1eeb l\u00fac ra hoa t\u1edbi khi c\u00f3 tr\u00e1i thu ho\u1ea1ch c\u1ea7n kho\u1ea3ng 2,5-3 th\u00e1ng.<\/p>\n<p>C\u00e2y c\u00e0ng l\u1edbn tu\u1ed5i th\u00ec n\u0103ng su\u1ea5t c\u00e0ng cao. \u0110\u1ec3 \u1ed5i ruby \u0111\u1ea1t ch\u1ea5t l\u01b0\u1ee3ng t\u1ed1t th\u00ec b\u00e0 con c\u1ea7n th\u01b0\u1eddng xuy\u00ean b\u1ea5m \u0111\u1ecdt c\u00e2y, kh\u1ed1ng ch\u1ebf chi\u1ec1u cao kh\u00f4ng qu\u00e1 2m. K\u1ebft h\u1ee3p t\u1ec9a c\u00e0nh, b\u00f3n ph\u00e2n x\u1ecbt thu\u1ed1c \u0111\u1ecbnh k\u1ef3 v\u00e0 b\u1ecdc tr\u00e1i.<\/p>\n<h2><strong><b>N\u0103ng su\u1ea5t gi\u1ed1ng \u1ed5i ruby<\/b><\/strong><\/h2>\n<p>1 c\u00e2y \u1ed5i ruby tr\u01b0\u1edfng th\u00e0nh cho s\u1ea3n l\u01b0\u1ee3ng 50-70kg tr\u00e1i trong 1 n\u0103m. \u1ed4i ruby cho nhi\u1ec1u \u0111\u1ee3t thu ho\u1ea1ch, th\u01b0\u1eddng l\u00e0 1 tu\u1ea7n h\u00e1i 1 l\u1ea7n, nh\u1edd \u0111\u00f3 nh\u00e0 v\u01b0\u1eddn c\u00f3 ngu\u1ed3n thu li\u00ean t\u1ee5c.<\/p>\n<p>V\u1edbi 100 c\u00e2y \u1ed5i ruby, m\u1ed7i tu\u1ea7n ch\u1ee7 v\u01b0\u1eddn c\u00f3 th\u1ec3 h\u00e1i \u0111\u01b0\u1ee3c kho\u1ea3ng 160kg \u1ed5i b\u00e1n ra th\u1ecb tr\u01b0\u1eddng.<\/p>\n<figure id=\"attachment_1730\" aria-describedby=\"caption-attachment-1730\" style=\"width: 281px\" class=\"wp-caption aligncenter\"><img loading=\"lazy\" decoding=\"async\" class=\"wp-image-1730\" src=\"http:\/\/localhost\/phucan713\/wp-content\/uploads\/2024\/03\/c60cc2be7b41d61f8f506-169x300.jpg\" alt=\"Thu ho\u1ea1ch \u1ed5i ruby\" width=\"281\" height=\"500\" \/><figcaption id=\"caption-attachment-1730\" class=\"wp-caption-text\">Thu ho\u1ea1ch \u1ed5i ruby<\/figcaption><\/figure>\n<p>V\u1edbi gi\u00e1 b\u00e1n lu\u00f4n cao h\u01a1n so v\u1edbi c\u00e1c lo\u1ea1i \u1ed5i kh\u00e1c (g\u1ea5p 1,5-2 l\u1ea7n), vi\u1ec7c tr\u1ed3ng \u1ed5i ruby mang l\u1ea1i hi\u1ec7u qu\u1ea3 kinh t\u1ebf \u0111\u00e1ng k\u1ec3. Nh\u1edd v\u00e0o \u0111\u1ea7u ra thu\u1eadn l\u1ee3i, m\u00f4 h\u00ecnh tr\u1ed3ng \u1ed5i ruby \u0111ang tr\u1edf th\u00e0nh xu h\u01b0\u1edbng \u0111\u01b0\u1ee3c nh\u00e0 v\u01b0\u1eddn nh\u00e2n r\u1ed9ng v\u00e0 ph\u00e1t tri\u1ec3n.<\/p>\n<h2><strong><b>Kh\u00ed h\u1eadu v\u00e0 \u0111\u1ea5t tr\u1ed3ng th\u00edch h\u1ee3p v\u1edbi gi\u1ed1ng \u1ed5i ruby<\/b><\/strong><\/h2>\n<p>C\u00e2y \u1ed5i Ruby c\u00f3 kh\u1ea3 n\u0103ng ch\u1ecbu h\u1ea1n v\u00e0 ch\u1ecbu ng\u1eadp trong m\u1ed9t kho\u1ea3ng th\u1eddi gian ng\u1eafn. N\u00f3 th\u00edch \u1ee9ng t\u1ed1t v\u1edbi nhi\u1ec1u lo\u1ea1i \u0111\u1ea5t nh\u01b0 \u0111\u1ea5t th\u1ecbt, \u0111\u1ea5t c\u00e1t, \u0111\u1ea5t ph\u00f9 sa v\u00e0 \u0111\u1ea5t bazan. \u0110i\u1ec1u n\u00e0y l\u00e0m cho c\u00e2y tr\u1edf n\u00ean linh ho\u1ea1t v\u00e0 ph\u00f9 h\u1ee3p v\u1edbi nhi\u1ec1u \u0111i\u1ec1u ki\u1ec7n \u0111\u1ea5t kh\u00e1c nhau kh\u1eafp b\u1eafc trung nam.<\/p>\n<p>Ph\u1ea7n \u0111\u1ea5t tr\u1ed3ng \u1ed5i ruby n\u00ean tr\u1ed9n ph\u00e2n hoai m\u1ee5c, ph\u00e2n l\u00e2n, v\u00f4i b\u1ed9t \u0111\u1ec3 kh\u1eed tr\u00f9ng v\u00e0 cung c\u1ea5p ch\u1ea5t dinh d\u01b0\u1ee1ng cho c\u00e2y. V\u1edbi c\u00e1c khu \u0111\u1ea5t tr\u0169ng th\u00ec b\u00e0 con n\u00ean l\u00e0m lu\u1ed1ng cao l\u00ean 50cm \u0111\u1ec3 tho\u00e1t n\u01b0\u1edbc t\u1ed1t.<\/p>\n<h2><strong><b>Kho\u1ea3ng c\u00e1ch tr\u1ed3ng \u1ed5i ruby<\/b><\/strong><\/h2>\n<p>C\u00e1c c\u00e2y \u1ed5i ruby n\u00ean c\u00e1ch nhau 3m x 3m, v\u1eady 1000m2 tr\u1ed3ng \u0111\u01b0\u1ee3c kho\u1ea3ng 110 c\u00e2y.<\/p>\n<h2><strong><b>Gi\u00e1 c\u00e2y gi\u1ed1ng \u1ed5i ruby<\/b><\/strong><\/h2>\n<p>&nbsp;<\/p>\n<p>Gi\u00e1 c\u00e2y gi\u1ed1ng \u1ed4i Ruby t\u1ea1i v\u01b0\u1eddn Ph\u00fac An dao \u0111\u1ed9ng t\u1eeb 24.000 &#8211; 30.000\/ c\u00e2y. T\u00f9<\/p>\n<figure id=\"attachment_1731\" aria-describedby=\"caption-attachment-1731\" style=\"width: 375px\" class=\"wp-caption aligncenter\"><img loading=\"lazy\" decoding=\"async\" class=\"wp-image-1731\" src=\"http:\/\/localhost\/phucan713\/wp-content\/uploads\/2024\/03\/431314832_2390996431095790_7029400128979832714_n-225x300.jpg\" alt=\"C\u00e2y gi\u1ed1ng \u1ed5i ruby Ph\u00fac An\" width=\"375\" height=\"500\" \/><figcaption id=\"caption-attachment-1731\" class=\"wp-caption-text\">C\u00e2y gi\u1ed1ng \u1ed5i ruby Ph\u00fac An<\/figcaption><\/figure>\n<p>y theo l\u00f4 c\u00e2y, s\u1ed1 l\u01b0\u1ee3ng \u0111\u1eb7t s\u1ebd c\u00f3 m\u1ee9c gi\u00e1 kh\u00e1c nhau. Ch\u00fang t\u00f4i cam k\u1ebft lu\u00f4n gi\u1eef m\u1ee9c gi\u00e1 m\u1ec1m v\u1eeba t\u00fai ti\u1ec1n \u0111\u1ec3 m\u1ecdi kh\u00e1ch h\u00e0ng \u0111\u1ec1u c\u00f3 th\u1ec3 ch\u1ecdn mua nh\u1eefng c\u00e2y gi\u1ed1ng th\u1eadt t\u1ed1t cho khu v\u01b0\u1eddn c\u1ee7a m\u00ecnh.<\/p>\n<h2><strong><b>Mua c\u00e2y gi\u1ed1ng \u1ed5i ruby \u1edf \u0111\u00e2u ch\u1ea5t l\u01b0\u1ee3ng?<\/b><\/strong><\/h2>\n<p>C\u00e2y gi\u1ed1ng Ph\u00fac An cung c\u1ea5p c\u00e2y gi\u1ed1ng \u1ed5i ruby ch\u1ea5t l\u01b0\u1ee3ng, \u0111\u01b0\u1ee3c b\u1ea3o h\u00e0nh \u0111\u00fang gi\u1ed1ng cho t\u1edbi khi c\u00f3 tr\u00e1i. V\u01b0\u1eddn nh\u00e2n gi\u1ed1ng c\u1ee7a Ph\u00fac An \u0111\u01b0\u1ee3c ch\u1ecdn l\u1ef1a k\u1ef9 l\u01b0\u1ee1ng, l\u00e0 v\u01b0\u1eddn \u0111\u00e3 cho tr\u00e1i chu\u1ea9n v\u00e0 \u1ed5n \u0111\u1ecbnh. C\u00e0nh gh\u00e9p \u0111\u01b0\u1ee3c tuy\u1ec3n ch\u1ecdn kh\u1ecfe m\u1ea1nh xanh t\u1ed1t.<\/p>\n<figure id=\"attachment_1732\" aria-describedby=\"caption-attachment-1732\" style=\"width: 375px\" class=\"wp-caption aligncenter\"><img loading=\"lazy\" decoding=\"async\" class=\"wp-image-1732\" src=\"http:\/\/localhost\/phucan713\/wp-content\/uploads\/2024\/03\/z5208909512548_abf60b9766ed22463d7c9cd32005b56e-225x300.jpg\" alt=\"C\u00e2y gi\u1ed1ng \u1ed5i ruby Ph\u00fac An\" width=\"375\" height=\"500\" \/><figcaption id=\"caption-attachment-1732\" class=\"wp-caption-text\">C\u00e2y gi\u1ed1ng \u1ed5i ruby Ph\u00fac An<\/figcaption><\/figure>\n<p>Ti\u00eau chu\u1ea9n C\u00e2y gi\u1ed1ng \u1ed5i ruby \u0111\u01b0\u1ee3c cung c\u1ea5p b\u1edfi v\u01b0\u1eddn Ph\u00fac An:<\/p>\n<p>&#8211; Chi\u1ec1u cao c\u00e2y gi\u1ed1ng t\u1eeb 50-70cm<\/p>\n<p>&#8211; C\u00e2y nu\u00f4i b\u1ea7u, d\u01b0\u1ee1ng \u0111\u1ee7 th\u1eddi gian<\/p>\n<p>&#8211; R\u1ec5 ph\u00e1t tri\u1ec3n m\u1ea1nh, v\u1ebft gh\u00e9p ti\u1ebfp h\u1ee3p t\u1ed1t, l\u00e1 \u0111ang chuy\u1ec3n gi\u00e0 kh\u00f4ng s\u00e2u b\u1ec7nh<\/p>\n<figure id=\"attachment_1733\" aria-describedby=\"caption-attachment-1733\" style=\"width: 467px\" class=\"wp-caption aligncenter\"><img loading=\"lazy\" decoding=\"async\" class=\"wp-image-1733\" src=\"http:\/\/localhost\/phucan713\/wp-content\/uploads\/2024\/03\/z5209856242143_9ec37f0b485dd803cfc0565d9c81daf8-280x300.jpg\" alt=\"C\u00e2y gi\u1ed1ng \u1ed5i ruby Ph\u00fac An\" width=\"467\" height=\"500\" \/><figcaption id=\"caption-attachment-1733\" class=\"wp-caption-text\">C\u00e2y gi\u1ed1ng \u1ed5i ruby Ph\u00fac An<\/figcaption><\/figure>\n<figure id=\"attachment_1734\" aria-describedby=\"caption-attachment-1734\" style=\"width: 375px\" class=\"wp-caption aligncenter\"><img loading=\"lazy\" decoding=\"async\" class=\"wp-image-1734\" src=\"http:\/\/localhost\/phucan713\/wp-content\/uploads\/2024\/03\/358625694_2319395724915333_2421233647513186319_n-225x300.jpg\" alt=\"Giao c\u00e2y gi\u1ed1ng \u1ed5i ruby cho kh\u00e1ch\" width=\"375\" height=\"500\" \/><figcaption id=\"caption-attachment-1734\" class=\"wp-caption-text\">Giao c\u00e2y gi\u1ed1ng \u1ed5i ruby cho kh\u00e1ch<\/figcaption><\/figure>\n<p>C\u00e2y tr\u1ea3i qua quy tr\u00ecnh nh\u00e2n gi\u1ed1ng, d\u01b0\u1ee1ng c\u00e2y con, x\u1ea3 n\u1eafng ho\u00e0n ch\u1ec9nh. \u0110\u1ebfn tay c\u00f4 b\u00e1c s\u1ebd l\u00e0 t\u1eebng c\u00e2y \u0111\u00e3 c\u1ee9ng c\u00e1p \u0111\u00e3 ra c\u01a1i ch\u1ed3i m\u1edbi.<br \/>\nQu\u00fd c\u00f4 b\u00e1c c\u00f3 th\u1ec3 li\u00ean h\u1ec7 tr\u1ef1c ti\u1ebfp qua SDT\/ Zalo 0962.888.014 (<a href=\"http:\/\/localhost\/phucan713\/\" target=\"_blank\" rel=\"noopener\">C\u00e2y Gi\u1ed1ng Ph\u00fac An<\/a>) \u0111\u1ec3 ch\u00fang t\u00f4i t\u01b0 v\u1ea5n v\u00e0 b\u00e1o gi\u00e1 c\u1ee5 th\u1ec3. Xin c\u1ea3m \u01a1n qu\u00fd c\u00f4 b\u00e1c \u0111\u00e3 \u0111\u1eb7t ni\u1ec1m tin v\u1edbi nh\u00e0 v\u01b0\u1eddn.<\/p>\n<p>&gt;&gt; M\u1eddi b\u1ea1n \u0111\u1ecdc th\u00eam: <a href=\"https:\/\/baogialai.com.vn\/thu-nhap-kha-nho-trong-oi-ruby-post318654.html\" target=\"_blank\" rel=\"noopener\"><span style=\"color: #000080;\"><em><strong>Thu nh\u1eadp kh\u00e1 nh\u1edd tr\u1ed3ng \u1ed5i Ruby<\/strong><\/em><\/span><\/a><\/p>\n","protected":false},"excerpt":{"rendered":"<p>* Gi\u00e1 tham kh\u1ea3o cho s\u1ed1 l\u01b0\u1ee3ng t\u1eeb 30 c\u00e2y, c\u00f3 th\u1ec3 thay \u0111\u1ed5i theo th\u1eddi \u0111i\u1ec3m<br \/>\n* Ch\u01b0a bao g\u1ed3m ph\u00ed v\u1eadn chuy\u1ec3n (t\u00f9y theo s\u1ed1 l\u01b0\u1ee3ng c\u00e2y v\u00e0 \u0111\u1ecba \u0111i\u1ec3m giao h\u00e0ng)<\/p>\n","protected":false},"featured_media":1373,"comment_status":"open","ping_status":"closed","template":"","meta":[],"product_brand":[],"product_cat":[86],"product_tag":[87],"class_list":{"0":"post-1372","1":"product","2":"type-product","3":"status-publish","4":"has-post-thumbnail","6":"product_cat-giong-oi","7":"product_tag-giong-oi-ruby","9":"first","10":"instock","11":"shipping-taxable","12":"purchasable","13":"product-type-simple"},"_links":{"self":[{"href":"https:\/\/ktech4.k-tech-services.com\/phucan713\/wp-json\/wp\/v2\/product\/1372","targetHints":{"allow":["GET"]}}],"collection":[{"href":"https:\/\/ktech4.k-tech-services.com\/phucan713\/wp-json\/wp\/v2\/product"}],"about":[{"href":"https:\/\/ktech4.k-tech-services.com\/phucan713\/wp-json\/wp\/v2\/types\/product"}],"replies":[{"embeddable":true,"href":"https:\/\/ktech4.k-tech-services.com\/phucan713\/wp-json\/wp\/v2\/comments?post=1372"}],"wp:featuredmedia":[{"embeddable":true,"href":"https:\/\/ktech4.k-tech-services.com\/phucan713\/wp-json\/"}],"wp:attachment":[{"href":"https:\/\/ktech4.k-tech-services.com\/phucan713\/wp-json\/wp\/v2\/media?parent=1372"}],"wp:term":[{"taxonomy":"product_brand","embeddable":true,"href":"https:\/\/ktech4.k-tech-services.com\/phucan713\/wp-json\/wp\/v2\/product_brand?post=1372"},{"taxonomy":"product_cat","embeddable":true,"href":"https:\/\/ktech4.k-tech-services.com\/phucan713\/wp-json\/wp\/v2\/product_cat?post=1372"},{"taxonomy":"product_tag","embeddable":true,"href":"https:\/\/ktech4.k-tech-services.com\/phucan713\/wp-json\/wp\/v2\/product_tag?post=1372"}],"curies":[{"name":"wp","href":"https:\/\/api.w.org\/{rel}","templated":true}]}}