{"id":1377,"date":"2024-03-30T09:57:14","date_gmt":"2024-03-30T09:57:14","guid":{"rendered":"https:\/\/caygiongphucan.com\/?post_type=product&amp;p=1377"},"modified":"2024-03-30T09:57:14","modified_gmt":"2024-03-30T09:57:14","slug":"cay-giong-oi-mat-thuy-dao","status":"publish","type":"product","link":"https:\/\/ktech4.k-tech-services.com\/phucan713\/san-pham\/cay-giong-oi-mat-thuy-dao\/","title":{"rendered":"C\u00e2y gi\u1ed1ng \u1ed5i m\u1eadt th\u1ee7y \u0111\u00e0o"},"content":{"rendered":"<h2><strong><b>\u0110\u1eb7c \u0111i\u1ec3m tr\u00e1i \u1ed4i M\u1eadt Th\u1ee7y \u0110\u00e0o<\/b><\/strong><\/h2>\n<p>Gi\u1ed1ng \u1ed5i m\u1eadt th\u1ee7y \u0111\u00e0o c\u00f3 ngu\u1ed3n g\u1ed1c t\u1eeb \u0110\u00e0i Loan, n\u1ed5i b\u1eadt v\u1edbi k\u00edch th\u01b0\u1edbc tr\u00e1i kh\u00e1 l\u1edbn, \u0111\u1ea1t tr\u1ecdng l\u01b0\u1ee3ng trung b\u00ecnh 500 gram m\u1ed7i tr\u00e1i. \u0110\u00e2y kh\u00f4ng ch\u1ec9 l\u00e0 m\u1ed9t gi\u1ed1ng \u1ed5i \u1ea5n t\u01b0\u1ee3ng v\u1ec1 k\u00edch th\u01b0\u1edbc m\u00e0 c\u00f2n \u0111\u01b0\u1ee3c \u0111\u00e1nh gi\u00e1 cao v\u1ec1 h\u01b0\u01a1ng v\u1ecb, t\u1ed1c \u0111\u1ed9 ph\u00e1t tri\u1ec3n c\u1ee7a c\u00e2y.<\/p>\n<p>Tr\u00e1i \u1ed5i m\u1eadt th\u1ee7y \u0111\u00e0o r\u1ea5t \u00edt h\u1ea1t ho\u1eb7c th\u1eadm ch\u00ed kh\u00f4ng c\u00f3 h\u1ea1t. V\u1ec1 h\u01b0\u01a1ng v\u1ecb, m\u00f9i th\u01a1m c\u1ee7a \u1ed5i m\u1eadt th\u1ee7y \u0111\u00e0o kh\u00e1c bi\u1ec7t, t\u1ea1o n\u00ean s\u1ef1 \u0111\u1ed9c \u0111\u00e1o ri\u00eang trong th\u1ebf gi\u1edbi c\u1ee7a c\u00e1c lo\u1ea1i \u1ed5i. \u0110\u01b0\u1ee3c m\u00f4 t\u1ea3 v\u1edbi h\u01b0\u01a1ng th\u01a1m thanh m\u00e1t, ng\u1ecdt h\u01a1n \u1ed5i n\u1eef ho\u00e0ng.<\/p>\n<figure id=\"attachment_2855\" aria-describedby=\"caption-attachment-2855\" style=\"width: 467px\" class=\"wp-caption aligncenter\"><img loading=\"lazy\" decoding=\"async\" class=\"wp-image-2855\" src=\"http:\/\/localhost\/phucan713\/wp-content\/uploads\/2024\/03\/387073754_863221422073773_1974357607228308752_n-280x300.jpg\" alt=\"C\u1eadn c\u1ea3nh tr\u00e1i \u1ed5i m\u1eadt th\u1ee7y \u0111\u00e0o\" width=\"467\" height=\"500\" srcset=\"https:\/\/ktech4.k-tech-services.com\/phucan713\/wp-content\/uploads\/2024\/03\/387073754_863221422073773_1974357607228308752_n-280x300.jpg 280w, https:\/\/ktech4.k-tech-services.com\/phucan713\/wp-content\/uploads\/2024\/03\/387073754_863221422073773_1974357607228308752_n-956x1024.jpg 956w, https:\/\/ktech4.k-tech-services.com\/phucan713\/wp-content\/uploads\/2024\/03\/387073754_863221422073773_1974357607228308752_n-768x823.jpg 768w, https:\/\/ktech4.k-tech-services.com\/phucan713\/wp-content\/uploads\/2024\/03\/387073754_863221422073773_1974357607228308752_n-510x546.jpg 510w, https:\/\/ktech4.k-tech-services.com\/phucan713\/wp-content\/uploads\/2024\/03\/387073754_863221422073773_1974357607228308752_n.jpg 1014w\" sizes=\"auto, (max-width: 467px) 100vw, 467px\" \/><figcaption id=\"caption-attachment-2855\" class=\"wp-caption-text\">C\u1eadn c\u1ea3nh tr\u00e1i \u1ed5i m\u1eadt th\u1ee7y \u0111\u00e0o<\/figcaption><\/figure>\n<p>\u0110\u1ed9 gi\u00f2n cao v\u00e0 h\u01b0\u01a1ng th\u01a1m kh\u00e1c bi\u1ec7t, v\u1ecb ng\u1ecdt s\u1ebd t\u0103ng l\u00ean 2-3 ng\u00e0y sau khi h\u00e1i. Ru\u1ed9t tr\u00e1i kh\u00f4ng b\u1ecb m\u1ec1m m\u00e0 v\u1eabn gi\u1eef \u0111\u01b0\u1ee3c \u0111\u1ed9 t\u01b0\u01a1i ngon kh\u00e1 l\u00e2u, t\u1ea1o \u0111i\u1ec1u ki\u1ec7n thu\u1eadn l\u1ee3i cho qu\u00e1 tr\u00ecnh v\u1eadn chuy\u1ec3n xa.<\/p>\n<h2><strong><b>\u0110\u1eb7c \u0111i\u1ec3m c\u00e2y \u1ed4i M\u1eadt Th\u1ee7y \u0110\u00e0o<\/b><\/strong><\/h2>\n<p>C\u00e2y \u1ed5i m\u1eadt th\u1ee7y \u0111\u00e0o d\u1ec5 ch\u0103m s\u00f3c, ph\u00e1t tri\u1ec3n nhanh ch\u00f3ng, nhanh thu ho\u1ea1ch, \u0111\u00e2y l\u00e0 s\u1ef1 l\u1ef1a ch\u1ecdn thu\u1eadn ti\u1ec7n cho n\u00f4ng d\u00e2n. T\u1ec9 l\u1ec7 ra hoa \u0111\u1eadu tr\u00e1i l\u00ean \u0111\u1ebfn 80%, kh\u00f4ng g\u00e2y kh\u00f3 kh\u0103n trong vi\u1ec7c l\u00e0m tr\u00e1i.<\/p>\n<p>Gi\u1ed1ng \u1ed4i M\u1eadt Th\u1ee7y \u0110\u00e0o kho\u1ea3ng 5 n\u0103m tr\u1edf l\u1ea1i \u0111\u00e2y \u0111\u00e3 \u0111\u01b0\u1ee3c nh\u00e2n gi\u1ed1ng r\u1ed9ng r\u00e3i. C\u00e2y \u1ed4i M\u1eadt Th\u1ee7y \u0110\u00e0o thu\u1ed9c d\u1ea1ng th\u00e2n g\u1ed7 nh\u1ecf, c\u00f3 chi\u1ec1u cao kho\u1ea3ng 3m-5m khi tr\u01b0\u1edfng th\u00e0nh. \u1ed4i M\u1eadt Th\u1ee7y \u0110\u00e0o n\u1ed5i b\u1eadt v\u1edbi kh\u1ea3 n\u0103ng cho tr\u00e1i quanh n\u0103m, n\u0103ng su\u1ea5t cao h\u01a1n \u1ed5i n\u1eef ho\u00e0ng kho\u1ea3ng 20%.<\/p>\n<figure id=\"attachment_2858\" aria-describedby=\"caption-attachment-2858\" style=\"width: 500px\" class=\"wp-caption aligncenter\"><img loading=\"lazy\" decoding=\"async\" class=\"wp-image-2858\" src=\"http:\/\/localhost\/phucan713\/wp-content\/uploads\/2024\/03\/322164176_577616134205206_6788859293705735910_n-1-300x225.jpg\" alt=\"C\u00e2y \u1ed5i m\u1eadt th\u1ee7y \u0111\u00e0o cho tr\u00e1i r\u1ea5t to v\u00e0 n\u0103ng su\u1ea5t\" width=\"500\" height=\"375\" srcset=\"https:\/\/ktech4.k-tech-services.com\/phucan713\/wp-content\/uploads\/2024\/03\/322164176_577616134205206_6788859293705735910_n-1-300x225.jpg 300w, https:\/\/ktech4.k-tech-services.com\/phucan713\/wp-content\/uploads\/2024\/03\/322164176_577616134205206_6788859293705735910_n-1-1024x768.jpg 1024w, https:\/\/ktech4.k-tech-services.com\/phucan713\/wp-content\/uploads\/2024\/03\/322164176_577616134205206_6788859293705735910_n-1-768x576.jpg 768w, https:\/\/ktech4.k-tech-services.com\/phucan713\/wp-content\/uploads\/2024\/03\/322164176_577616134205206_6788859293705735910_n-1-510x383.jpg 510w, https:\/\/ktech4.k-tech-services.com\/phucan713\/wp-content\/uploads\/2024\/03\/322164176_577616134205206_6788859293705735910_n-1.jpg 1080w\" sizes=\"auto, (max-width: 500px) 100vw, 500px\" \/><figcaption id=\"caption-attachment-2858\" class=\"wp-caption-text\">C\u00e2y \u1ed5i m\u1eadt th\u1ee7y \u0111\u00e0o cho tr\u00e1i r\u1ea5t to v\u00e0 n\u0103ng su\u1ea5t<\/figcaption><\/figure>\n<p>&nbsp;<\/p>\n<p>V\u1edbi tr\u1ecdng l\u01b0\u1ee3ng tr\u00e1i l\u1edbn v\u00e0 \u0111\u1ed9 th\u01a1m ngon, \u1ed5i m\u1eadt th\u1ee7y \u0111\u00e0o \u0111\u01b0\u1ee3c \u0111\u00e1nh gi\u00e1 l\u00e0 c\u00f3 ti\u1ec1m n\u0103ng cho c\u00f4 b\u00e1c khi quy\u1ebft \u0111\u1ecbnh \u0111\u1ea7u t\u01b0 v\u00e0o gi\u1ed1ng c\u00e2y \u1ed5i n\u00e0y.<\/p>\n<h2><strong><b>L\u1ee3i \u00edch s\u1ee9c kh\u1ecfe t\u1eeb tr\u00e1i \u1ed4i M\u1eadt Th\u1ee7y \u0110\u00e0o<\/b><\/strong><\/h2>\n<ul>\n<li data-sourcepos=\"5:1-5:88\">T\u1ed1t cho h\u1ec7 ti\u00eau h\u00f3a: Ch\u1ea5t x\u01a1 trong \u1ed5i gi\u00fap ng\u0103n ng\u1eeba t\u00e1o b\u00f3n, h\u1ed7 tr\u1ee3 ti\u00eau h\u00f3a t\u1ed1t.<\/li>\n<li data-sourcepos=\"6:1-6:114\">C\u1ea3i thi\u1ec7n s\u1ee9c kh\u1ecfe tim m\u1ea1ch: Kali v\u00e0 ch\u1ea5t ch\u1ed1ng oxy h\u00f3a trong \u1ed5i gi\u00fap gi\u1ea3m cholesterol x\u1ea5u, b\u1ea3o v\u1ec7 tim m\u1ea1ch.<\/li>\n<li data-sourcepos=\"7:1-7:98\">T\u0103ng c\u01b0\u1eddng h\u1ec7 mi\u1ec5n d\u1ecbch: Vitamin C d\u1ed3i d\u00e0o gi\u00fap t\u0103ng c\u01b0\u1eddng s\u1ee9c \u0111\u1ec1 kh\u00e1ng, ch\u1ed1ng l\u1ea1i b\u1ec7nh t\u1eadt.<\/li>\n<li data-sourcepos=\"8:1-8:1\">T\u1ed1t cho l\u00e0n da: Ch\u1ea5t ch\u1ed1ng oxy h\u00f3a gi\u00fap da kh\u1ecfe m\u1ea1nh, ch\u1eadm l\u00e3o h\u00f3a.<\/li>\n<li data-sourcepos=\"9:1-9:76\">H\u1ed7 tr\u1ee3 gi\u1ea3m c\u00e2n: Ch\u1ea5t x\u01a1 t\u1ea1o c\u1ea3m gi\u00e1c no l\u00e2u, gi\u00fap ki\u1ec3m so\u00e1t c\u00e2n n\u1eb7ng.<\/li>\n<li data-sourcepos=\"10:1-11:0\">Ng\u0103n ng\u1eeba ung th\u01b0: Ch\u1ea5t lycopene v\u00e0 ch\u1ea5t ch\u1ed1ng oxy h\u00f3a c\u00f3 t\u00e1c d\u1ee5ng ch\u1ed1ng l\u1ea1i c\u00e1c t\u1ebf b\u00e0o ung th\u01b0.<\/li>\n<\/ul>\n<h2><strong><b>C\u00e2y \u1ed4i M\u1eadt Th\u1ee7y \u0110\u00e0o tr\u1ed3ng bao l\u00e2u c\u00f3 tr\u00e1i? <\/b><\/strong><\/h2>\n<p>Gi\u1ed1ng \u1ed4i M\u1eadt Th\u1ee7y \u0110\u00e0o ch\u1ec9 sau 5-6 th\u00e1ng tr\u1ed3ng \u0111\u00e3 cho tr\u00e1i b\u00f3i (nh\u1eefng tr\u00e1i \u0111\u1ea7u ti\u00ean), cho \u0111\u1ebfn th\u00e1ng th\u1ee9 10 th\u00ec cho tr\u00e1i nhi\u1ec1u, \u0111\u00e2y c\u0169ng l\u00e0 giai \u0111o\u1ea1n \u0111\u1ee7 tr\u01b0\u1edfng th\u00e0nh \u0111\u1ec3 c\u00e2y \u1ed4i M\u1eadt Th\u1ee7y \u0110\u00e0o c\u00f3 th\u1ec3 mang tr\u00e1i. Ta kh\u00f4ng n\u00ean \u0111\u1ec3 c\u00e2y mang tr\u00e1i s\u1edbm v\u00ec s\u1ebd l\u00e0m suy c\u00e2y.<\/p>\n<p>T\u1eeb l\u00fac ra hoa t\u1edbi khi c\u00f3 tr\u00e1i thu ho\u1ea1ch c\u1ea7n kho\u1ea3ng 3 th\u00e1ng.<\/p>\n<p>C\u00e2y c\u00e0ng l\u1edbn tu\u1ed5i th\u00ec n\u0103ng su\u1ea5t c\u00e0ng cao. \u0110\u1ec3 \u1ed4i M\u1eadt Th\u1ee7y \u0110\u00e0o \u0111\u1ea1t ch\u1ea5t l\u01b0\u1ee3ng t\u1ed1t th\u00ec b\u00e0 con c\u1ea7n th\u01b0\u1eddng xuy\u00ean b\u1ea5m \u0111\u1ecdt c\u00e2y, kh\u1ed1ng ch\u1ebf chi\u1ec1u cao kh\u00f4ng qu\u00e1 2m. K\u1ebft h\u1ee3p t\u1ec9a c\u00e0nh, b\u00f3n ph\u00e2n x\u1ecbt thu\u1ed1c \u0111\u1ecbnh k\u1ef3 v\u00e0 b\u1ecdc tr\u00e1i.<\/p>\n<h2><strong><b>N\u0103ng su\u1ea5t gi\u1ed1ng \u1ed4i M\u1eadt Th\u1ee7y \u0110\u00e0o<\/b><\/strong><\/h2>\n<p>\u1ed4i M\u1eadt Th\u1ee7y \u0110\u00e0o n\u1ed5i b\u1eadt v\u1edbi kh\u1ea3 n\u0103ng cho tr\u00e1i quanh n\u0103m, 1 c\u00e2y \u1ed5i m\u1eadt th\u1ee7y \u0111\u00e0o tr\u01b0\u1edfng th\u00e0nh cho kho\u1ea3ng 70kg tr\u00e1i trong 1 n\u0103m. Chia ra th\u00e0nh nhi\u1ec1u \u0111\u1ee3t thu ho\u1ea1ch.<\/p>\n<p>Gi\u1ed1ng \u1ed5i n\u00e0y cho tr\u00e1i nhi\u1ec1u v\u00e0 tr\u00e1i l\u1edbn, do v\u1eady b\u00e0 con n\u00ean ch\u00fa \u00fd vi\u1ec7c t\u1ec9a b\u1edbt tr\u00e1i \u0111\u1ec3 c\u00e2y kh\u00f4ng b\u1ecb suy.<\/p>\n<p>V\u1edbi gi\u00e1 b\u00e1n kh\u00f4ng thua k\u00e9m g\u00ec \u1ed5i ruby, vi\u1ec7c tr\u1ed3ng \u1ed4i M\u1eadt Th\u1ee7y \u0110\u00e0o mang l\u1ea1i hi\u1ec7u qu\u1ea3 kinh t\u1ebf \u0111\u00e1ng k\u1ec3. Nh\u1edd v\u00e0o \u0111\u1ea7u ra thu\u1eadn l\u1ee3i, m\u00f4 h\u00ecnh tr\u1ed3ng \u1ed4i M\u1eadt Th\u1ee7y \u0110\u00e0o \u0111ang tr\u1edf th\u00e0nh xu h\u01b0\u1edbng \u0111\u01b0\u1ee3c nh\u00e0 v\u01b0\u1eddn nh\u00e2n r\u1ed9ng v\u00e0 ph\u00e1t tri\u1ec3n.<\/p>\n<h2><strong><b>Kh\u00ed h\u1eadu v\u00e0 \u0111\u1ea5t tr\u1ed3ng th\u00edch h\u1ee3p v\u1edbi gi\u1ed1ng \u1ed4i M\u1eadt Th\u1ee7y \u0110\u00e0o<\/b><\/strong><\/h2>\n<p>C\u00e2y \u1ed4i M\u1eadt Th\u1ee7y \u0110\u00e0o c\u00f3 kh\u1ea3 n\u0103ng ch\u1ecbu h\u1ea1n v\u00e0 ch\u1ecbu ng\u1eadp trong m\u1ed9t kho\u1ea3ng th\u1eddi gian ng\u1eafn. N\u00f3 th\u00edch \u1ee9ng t\u1ed1t v\u1edbi nhi\u1ec1u lo\u1ea1i \u0111\u1ea5t nh\u01b0 \u0111\u1ea5t th\u1ecbt, \u0111\u1ea5t c\u00e1t, \u0111\u1ea5t ph\u00f9 sa v\u00e0 \u0111\u1ea5t bazan. \u0110i\u1ec1u n\u00e0y l\u00e0m cho c\u00e2y tr\u1edf n\u00ean linh ho\u1ea1t v\u00e0 ph\u00f9 h\u1ee3p v\u1edbi nhi\u1ec1u \u0111i\u1ec1u ki\u1ec7n \u0111\u1ea5t kh\u00e1c nhau kh\u1eafp b\u1eafc trung nam.<\/p>\n<p>Ph\u1ea7n \u0111\u1ea5t tr\u1ed3ng \u1ed4i M\u1eadt Th\u1ee7y \u0110\u00e0o n\u00ean tr\u1ed9n ph\u00e2n hoai m\u1ee5c, ph\u00e2n l\u00e2n, v\u00f4i b\u1ed9t \u0111\u1ec3 kh\u1eed tr\u00f9ng v\u00e0 cung c\u1ea5p ch\u1ea5t dinh d\u01b0\u1ee1ng cho c\u00e2y. V\u1edbi c\u00e1c khu \u0111\u1ea5t tr\u0169ng th\u00ec b\u00e0 con n\u00ean l\u00e0m lu\u1ed1ng cao l\u00ean 50cm \u0111\u1ec3 tho\u00e1t n\u01b0\u1edbc t\u1ed1t.<\/p>\n<h2><strong><b>Kho\u1ea3ng c\u00e1ch tr\u1ed3ng \u1ed4i M\u1eadt Th\u1ee7y \u0110\u00e0o<\/b><\/strong><\/h2>\n<p>C\u00e1c c\u00e2y \u1ed4i M\u1eadt Th\u1ee7y \u0110\u00e0o n\u00ean c\u00e1ch nhau 3m x 3m, v\u1eady 1000m2 tr\u1ed3ng \u0111\u01b0\u1ee3c kho\u1ea3ng 100 c\u00e2y.<\/p>\n<h2><strong><b>Gi\u00e1 c\u00e2y gi\u1ed1ng \u1ed4i M\u1eadt Th\u1ee7y \u0110\u00e0o<\/b><\/strong><\/h2>\n<p>Gi\u00e1 c\u00e2y gi\u1ed1ng \u1ed4i M\u1eadt Th\u1ee7y \u0110\u00e0o t\u1ea1i v\u01b0\u1eddn Ph\u00fac An dao \u0111\u1ed9ng t\u1eeb 28.000 &#8211; 35.000\/ c\u00e2y. T\u00f9y theo l\u00f4 c\u00e2y, s\u1ed1 l\u01b0\u1ee3ng \u0111\u1eb7t s\u1ebd c\u00f3 m\u1ee9c gi\u00e1 kh\u00e1c nhau. Ch\u00fang t\u00f4i cam k\u1ebft lu\u00f4n gi\u1eef m\u1ee9c gi\u00e1 m\u1ec1m v\u1eeba t\u00fai ti\u1ec1n \u0111\u1ec3 m\u1ecdi kh\u00e1ch h\u00e0ng \u0111\u1ec1u c\u00f3 th\u1ec3 ch\u1ecdn mua nh\u1eefng c\u00e2y gi\u1ed1ng th\u1eadt t\u1ed1t cho khu v\u01b0\u1eddn c\u1ee7a m\u00ecnh.<\/p>\n<figure id=\"attachment_2853\" aria-describedby=\"caption-attachment-2853\" style=\"width: 375px\" class=\"wp-caption aligncenter\"><img loading=\"lazy\" decoding=\"async\" class=\"wp-image-2853\" src=\"http:\/\/localhost\/phucan713\/wp-content\/uploads\/2024\/03\/454748828_122206087544006717_541625286075221044_n-225x300.jpg\" alt=\"C\u00e2y gi\u1ed1ng \u1ed5i m\u1eadt th\u1ee7y \u0111\u00e0o do Ph\u00fac An cung c\u1ea5p\" width=\"375\" height=\"500\" srcset=\"https:\/\/ktech4.k-tech-services.com\/phucan713\/wp-content\/uploads\/2024\/03\/454748828_122206087544006717_541625286075221044_n-225x300.jpg 225w, https:\/\/ktech4.k-tech-services.com\/phucan713\/wp-content\/uploads\/2024\/03\/454748828_122206087544006717_541625286075221044_n-768x1024.jpg 768w, https:\/\/ktech4.k-tech-services.com\/phucan713\/wp-content\/uploads\/2024\/03\/454748828_122206087544006717_541625286075221044_n-510x680.jpg 510w, https:\/\/ktech4.k-tech-services.com\/phucan713\/wp-content\/uploads\/2024\/03\/454748828_122206087544006717_541625286075221044_n.jpg 960w\" sizes=\"auto, (max-width: 375px) 100vw, 375px\" \/><figcaption id=\"caption-attachment-2853\" class=\"wp-caption-text\">C\u00e2y gi\u1ed1ng \u1ed5i m\u1eadt th\u1ee7y \u0111\u00e0o do Ph\u00fac An cung c\u1ea5p<\/figcaption><\/figure>\n<h2><strong><b>Mua c\u00e2y gi\u1ed1ng \u1ed4i M\u1eadt Th\u1ee7y \u0110\u00e0o \u1edf \u0111\u00e2u ch\u1ea5t l\u01b0\u1ee3ng?<\/b><\/strong><\/h2>\n<p>C\u00e2y gi\u1ed1ng Ph\u00fac An cung c\u1ea5p c\u00e2y gi\u1ed1ng \u1ed4i M\u1eadt Th\u1ee7y \u0110\u00e0o ch\u1ea5t l\u01b0\u1ee3ng, \u0111\u01b0\u1ee3c b\u1ea3o h\u00e0nh \u0111\u00fang gi\u1ed1ng tr\u1ecdn \u0111\u1eddi. V\u01b0\u1eddn nh\u00e2n gi\u1ed1ng c\u1ee7a Ph\u00fac An \u0111\u01b0\u1ee3c ch\u1ecdn l\u1ef1a k\u1ef9 l\u01b0\u1ee1ng, l\u00e0 v\u01b0\u1eddn \u0111\u00e3 cho tr\u00e1i chu\u1ea9n v\u00e0 \u1ed5n \u0111\u1ecbnh. C\u00e0nh gh\u00e9p \u0111\u01b0\u1ee3c tuy\u1ec3n ch\u1ecdn kh\u1ecfe m\u1ea1nh xanh t\u1ed1t.<\/p>\n<p><span style=\"color: #003300;\"><em><strong>Ti\u00eau chu\u1ea9n C\u00e2y gi\u1ed1ng \u1ed4i M\u1eadt Th\u1ee7y \u0110\u00e0o \u0111\u01b0\u1ee3c cung c\u1ea5p b\u1edfi v\u01b0\u1eddn Ph\u00fac An:<\/strong><\/em><\/span><\/p>\n<p>&#8211; Chi\u1ec1u cao c\u00e2y gi\u1ed1ng t\u1eeb 50-60cm<\/p>\n<p>&#8211; C\u00e2y nu\u00f4i b\u1ea7u<\/p>\n<p>&#8211; R\u1ec5 ph\u00e1t tri\u1ec3n m\u1ea1nh, v\u1ebft gh\u00e9p ti\u1ebfp h\u1ee3p t\u1ed1t, l\u00e1 \u0111ang chuy\u1ec3n gi\u00e0 kh\u00f4ng s\u00e2u b\u1ec7nh<\/p>\n<figure id=\"attachment_2851\" aria-describedby=\"caption-attachment-2851\" style=\"width: 450px\" class=\"wp-caption aligncenter\"><img loading=\"lazy\" decoding=\"async\" class=\"wp-image-2851\" src=\"http:\/\/localhost\/phucan713\/wp-content\/uploads\/2024\/03\/oi-mat-thuy-dao-thang-9-225x300.jpg\" alt=\"C\u00e2y gi\u1ed1ng \u1ed5i m\u1eadt th\u1ee7y \u0111\u00e0o do Ph\u00fac An cung c\u1ea5p\" width=\"450\" height=\"600\" srcset=\"https:\/\/ktech4.k-tech-services.com\/phucan713\/wp-content\/uploads\/2024\/03\/oi-mat-thuy-dao-thang-9-225x300.jpg 225w, https:\/\/ktech4.k-tech-services.com\/phucan713\/wp-content\/uploads\/2024\/03\/oi-mat-thuy-dao-thang-9-768x1024.jpg 768w, https:\/\/ktech4.k-tech-services.com\/phucan713\/wp-content\/uploads\/2024\/03\/oi-mat-thuy-dao-thang-9-510x680.jpg 510w, https:\/\/ktech4.k-tech-services.com\/phucan713\/wp-content\/uploads\/2024\/03\/oi-mat-thuy-dao-thang-9.jpg 960w\" sizes=\"auto, (max-width: 450px) 100vw, 450px\" \/><figcaption id=\"caption-attachment-2851\" class=\"wp-caption-text\">C\u00e2y gi\u1ed1ng \u1ed5i m\u1eadt th\u1ee7y \u0111\u00e0o do Ph\u00fac An cung c\u1ea5p<\/figcaption><\/figure>\n<p>C\u00e2y tr\u1ea3i qua qu\u00e1 tr\u00ecnh nh\u00e2n gi\u1ed1ng, d\u01b0\u1ee1ng c\u00e2y con, x\u1ea3 n\u1eafng ho\u00e0n ch\u1ec9nh. \u0110\u1ebfn tay c\u00f4 b\u00e1c s\u1ebd l\u00e0 t\u1eebng c\u00e2y \u0111\u00e3 c\u1ee9ng c\u00e1p \u0111\u00e3 ra c\u01a1i ch\u1ed3i m\u1edbi. Qu\u00fd c\u00f4 b\u00e1c c\u00f3 th\u1ec3 li\u00ean h\u1ec7 tr\u1ef1c ti\u1ebfp qua SDT\/ Zalo <span style=\"font-size: 120%; color: #003300;\">0962 888 014<\/span> (<a href=\"http:\/\/localhost\/phucan713\/\" target=\"_blank\" rel=\"noopener\">c\u00e2y gi\u1ed1ng Ph\u00fac An<\/a>) \u0111\u1ec3 ch\u00fang t\u00f4i t\u01b0 v\u1ea5n v\u00e0 b\u00e1o gi\u00e1 c\u1ee5 th\u1ec3. Xin c\u1ea3m \u01a1n qu\u00fd c\u00f4 b\u00e1c \u0111\u00e3 \u0111\u1eb7t ni\u1ec1m tin v\u1edbi nh\u00e0 v\u01b0\u1eddn Ph\u00fac An.<\/p>\n","protected":false},"excerpt":{"rendered":"<p>* Gi\u00e1 tham kh\u1ea3o cho s\u1ed1 l\u01b0\u1ee3ng t\u1eeb 30 c\u00e2y, c\u00f3 th\u1ec3 thay \u0111\u1ed5i theo th\u1eddi \u0111i\u1ec3m<br \/>\n* Ch\u01b0a bao g\u1ed3m ph\u00ed v\u1eadn chuy\u1ec3n (t\u00f9y theo s\u1ed1 l\u01b0\u1ee3ng c\u00e2y v\u00e0 \u0111\u1ecba \u0111i\u1ec3m giao h\u00e0ng)<\/p>\n","protected":false},"featured_media":2851,"comment_status":"open","ping_status":"closed","template":"","meta":[],"product_brand":[],"product_cat":[86],"product_tag":[],"class_list":{"0":"post-1377","1":"product","2":"type-product","3":"status-publish","4":"has-post-thumbnail","6":"product_cat-giong-oi","8":"first","9":"outofstock","10":"shipping-taxable","11":"purchasable","12":"product-type-simple"},"_links":{"self":[{"href":"https:\/\/ktech4.k-tech-services.com\/phucan713\/wp-json\/wp\/v2\/product\/1377","targetHints":{"allow":["GET"]}}],"collection":[{"href":"https:\/\/ktech4.k-tech-services.com\/phucan713\/wp-json\/wp\/v2\/product"}],"about":[{"href":"https:\/\/ktech4.k-tech-services.com\/phucan713\/wp-json\/wp\/v2\/types\/product"}],"replies":[{"embeddable":true,"href":"https:\/\/ktech4.k-tech-services.com\/phucan713\/wp-json\/wp\/v2\/comments?post=1377"}],"wp:featuredmedia":[{"embeddable":true,"href":"https:\/\/ktech4.k-tech-services.com\/phucan713\/wp-json\/wp\/v2\/media\/2851"}],"wp:attachment":[{"href":"https:\/\/ktech4.k-tech-services.com\/phucan713\/wp-json\/wp\/v2\/media?parent=1377"}],"wp:term":[{"taxonomy":"product_brand","embeddable":true,"href":"https:\/\/ktech4.k-tech-services.com\/phucan713\/wp-json\/wp\/v2\/product_brand?post=1377"},{"taxonomy":"product_cat","embeddable":true,"href":"https:\/\/ktech4.k-tech-services.com\/phucan713\/wp-json\/wp\/v2\/product_cat?post=1377"},{"taxonomy":"product_tag","embeddable":true,"href":"https:\/\/ktech4.k-tech-services.com\/phucan713\/wp-json\/wp\/v2\/product_tag?post=1377"}],"curies":[{"name":"wp","href":"https:\/\/api.w.org\/{rel}","templated":true}]}}