{"id":142,"date":"2025-06-10T15:39:29","date_gmt":"2025-06-10T15:39:29","guid":{"rendered":"https:\/\/nhapkhau.oe\/?post_type=product&#038;p=142"},"modified":"2025-12-17T15:08:57","modified_gmt":"2025-12-17T08:08:57","slug":"thanh-long-ruot-trang","status":"publish","type":"product","link":"https:\/\/ktech4.k-tech-services.com\/phucan713\/san-pham\/thanh-long-ruot-trang\/","title":{"rendered":"Thanh Long Ru\u1ed9t tr\u1eafng"},"content":{"rendered":"<h3>1. Th\u00f4ng tin s\u1ea3n ph\u1ea9m<\/h3>\n<ul data-spread=\"false\">\n<li><strong>T\u00ean s\u1ea3n ph\u1ea9m:<\/strong> Thanh long ru\u1ed9t tr\u1eafng<\/li>\n<li><strong>T\u00ean ti\u1ebfng Anh:<\/strong> White Flesh Dragon Fruit<\/li>\n<li><strong>Xu\u1ea5t x\u1ee9:<\/strong> Vi\u1ec7t Nam<\/li>\n<li><strong>M\u00f9a v\u1ee5:<\/strong> Quanh n\u0103m (ch\u00ednh v\u1ee5 v\u00e0 ngh\u1ecbch v\u1ee5)<\/li>\n<\/ul>\n<div contenteditable=\"false\">\n<hr \/>\n<\/div>\n<h3>2. \u0110\u1eb7c \u0111i\u1ec3m n\u1ed5i b\u1eadt<\/h3>\n<ul data-spread=\"false\">\n<li>V\u1ecf \u0111\u1ecf h\u1ed3ng t\u01b0\u01a1i, tai xanh \u0111\u1eb9p<\/li>\n<li><strong>Ru\u1ed9t tr\u1eafng<\/strong>, h\u1ea1t nh\u1ecf, v\u1ecb ng\u1ecdt thanh, nhi\u1ec1u n\u01b0\u1edbc<\/li>\n<li>Tr\u00e1i \u0111\u1ed3ng \u0111\u1ec1u, h\u00ecnh th\u1ee9c \u0111\u1eb9p, d\u1ec5 ti\u00eau th\u1ee5<\/li>\n<li>Ph\u00f9 h\u1ee3p th\u1ecb tr\u01b0\u1eddng n\u1ed9i \u0111\u1ecba v\u00e0 xu\u1ea5t kh\u1ea9u<\/li>\n<\/ul>\n<div contenteditable=\"false\">\n<hr \/>\n<\/div>\n<h3>3. Quy c\u00e1ch &amp; ph\u00e2n lo\u1ea1i<\/h3>\n<ul data-spread=\"false\">\n<li><strong>Tr\u1ecdng l\u01b0\u1ee3ng:<\/strong> 350\u2013450g | 450\u2013550g | 550g+<\/li>\n<li><strong>Ph\u00e2n lo\u1ea1i:<\/strong> Lo\u1ea1i 1 | Lo\u1ea1i 2 | Theo y\u00eau c\u1ea7u kh\u00e1ch h\u00e0ng<\/li>\n<li><strong>\u0110\u00f3ng g\u00f3i:<\/strong>\n<ul data-spread=\"false\">\n<li>Th\u00f9ng carton 10kg<\/li>\n<li>Th\u00f9ng carton 15kg<\/li>\n<li>\u0110\u00f3ng g\u00f3i theo ti\u00eau chu\u1ea9n xu\u1ea5t kh\u1ea9u<\/li>\n<\/ul>\n<\/li>\n<\/ul>\n<div contenteditable=\"false\">\n<hr \/>\n<\/div>\n<h3>4. Ti\u00eau chu\u1ea9n &amp; ki\u1ec3m so\u00e1t ch\u1ea5t l\u01b0\u1ee3ng<\/h3>\n<ul data-spread=\"false\">\n<li>Thu ho\u1ea1ch \u0111\u00fang \u0111\u1ed9 ch\u00edn th\u01b0\u01a1ng m\u1ea1i<\/li>\n<li>Tuy\u1ec3n ch\u1ecdn th\u1ee7 c\u00f4ng, kh\u00f4ng d\u1eadp n\u00e1t<\/li>\n<li>C\u00f3 th\u1ec3 cung c\u1ea5p h\u1ed3 s\u01a1 truy xu\u1ea5t ngu\u1ed3n g\u1ed1c theo y\u00eau c\u1ea7u<\/li>\n<\/ul>\n<div contenteditable=\"false\">\n<hr \/>\n<\/div>\n<h3>5. \u1ee8ng d\u1ee5ng<\/h3>\n<ul data-spread=\"false\">\n<li>\u0102n t\u01b0\u01a1i, n\u01b0\u1edbc \u00e9p, sinh t\u1ed1<\/li>\n<li>Nh\u00e0 h\u00e0ng \u2013 kh\u00e1ch s\u1ea1n<\/li>\n<li>Ch\u1ebf bi\u1ebfn v\u00e0 xu\u1ea5t kh\u1ea9u<\/li>\n<\/ul>\n<div contenteditable=\"false\">\n<hr \/>\n<\/div>\n<h3>6. B\u1ea3o qu\u1ea3n &amp; v\u1eadn chuy\u1ec3n<\/h3>\n<ul data-spread=\"false\">\n<li>Nhi\u1ec7t \u0111\u1ed9 b\u1ea3o qu\u1ea3n: <strong>5\u20138\u00b0C<\/strong><\/li>\n<li>Th\u1eddi gian b\u1ea3o qu\u1ea3n: <strong>3\u20134 tu\u1ea7n<\/strong><\/li>\n<li>Ph\u00f9 h\u1ee3p v\u1eadn chuy\u1ec3n n\u1ed9i \u0111\u1ecba v\u00e0 xu\u1ea5t kh\u1ea9u \u0111\u01b0\u1eddng b\u1ed9 \/ \u0111\u01b0\u1eddng bi\u1ec3n<\/li>\n<\/ul>\n<p>Hi\u1ec7n nay, Vi\u1ec7t Nam l\u00e0 qu\u1ed1c gia c\u00f3 di\u1ec7n t\u00edch v\u00e0 s\u1ea3n l\u01b0\u1ee3ng thanh long l\u1edbn nh\u1ea5t Ch\u00e2u \u00c1 v\u00e0 c\u0169ng l\u00e0 n\u01b0\u1edbc xu\u1ea5t kh\u1ea9u thanh long h\u00e0ng \u0111\u1ea7u th\u1ebf gi\u1edbi. Thanh long Vi\u1ec7t Nam \u0111\u01b0\u1ee3c xu\u1ea5t kh\u1ea9u sang nhi\u1ec1u qu\u1ed1c gia v\u00e0 khu v\u1ef1c kh\u00e1c nhau. Ngo\u00e0i c\u00e1c th\u1ecb tr\u01b0\u1eddng xu\u1ea5t kh\u1ea9u truy\u1ec1n th\u1ed1ng nh\u01b0 Trung Qu\u1ed1c, \u0110\u00f4ng Nam \u00c1, thanh long Vi\u1ec7t Nam c\u00f2n \u0111\u01b0\u1ee3c xu\u1ea5t kh\u1ea9u sang c\u00e1c th\u1ecb tr\u01b0\u1eddng kh\u00f3 t\u00ednh nh\u01b0 Hoa K\u1ef3, Nh\u1eadt B\u1ea3n, Singapore.<\/p>\n<p>* C\u00e1c gi\u1ed1ng thanh long:<br \/>\n+ Thanh long th\u1ecbt tr\u1eafng: L\u00e0 gi\u1ed1ng thanh long ph\u1ed5 bi\u1ebfn nh\u1ea5t, c\u00f3 v\u1ecf m\u1ecfng m\u00e0u \u0111\u1ecf t\u01b0\u01a1i, th\u1ecbt tr\u1eafng v\u00e0 h\u1ea1t \u0111en. H\u00ecnh d\u1ea1ng c\u1ee7a n\u00f3 g\u1ee3i nh\u1edb \u0111\u1ebfn nh\u1eadt th\u1ef1c h\u01a1n l\u00e0 h\u00ecnh tr\u00f2n ho\u00e0n h\u1ea3o. \u0110\u01b0\u1ee3c bi\u1ebft \u0111\u1ebfn v\u1edbi \u0111\u1ed9 gi\u00f2n v\u00e0 h\u01b0\u01a1ng v\u1ecb \u0111\u1ea5t, c\u00f9ng v\u1edbi \u0111\u1ed9 axit cao, gi\u1ed1ng n\u00e0y \u0111\u01b0\u1ee3c x\u1ebfp h\u1ea1ng l\u00e0 \u00edt ng\u1ecdt nh\u1ea5t trong s\u1ed1 t\u1ea5t c\u1ea3 c\u00e1c lo\u1ea1i thanh long. C\u00f3 quanh n\u0103m, n\u00f3 \u0111\u01b0\u1ee3c \u01b0a chu\u1ed9ng tr\u00ean to\u00e0n c\u1ea7u v\u00e0 l\u00e0 gi\u1ed1ng \u0111\u01b0\u1ee3c tr\u1ed3ng r\u1ed9ng r\u00e3i nh\u1ea5t.<br \/>\n+ Thanh long th\u1ecbt \u0111\u1ecf: Trong s\u1ed1 c\u00e1c gi\u1ed1ng thanh long, lo\u1ea1i th\u1ecbt \u0111\u1ecf d\u1ec5 ph\u00e2n bi\u1ec7t b\u1eb1ng m\u00e0u \u0111\u1ecf t\u01b0\u01a1i r\u1ef1c r\u1ee1, c\u1ea3 b\u00ean trong v\u00e0 b\u00ean ngo\u00e0i. Gi\u1ed1ng n\u00e0y nh\u1ecf h\u01a1n m\u1ed9t ch\u00fat, nh\u01b0ng c\u00f3 tr\u1ecdng l\u01b0\u1ee3ng l\u1edbn h\u01a1n do h\u00e0m l\u01b0\u1ee3ng n\u01b0\u1edbc cao, t\u1ea1o ra ph\u1ea7n th\u1ecbt m\u1ec1m h\u01a1n \u0111\u00e1ng k\u1ec3, gi\u00fap ph\u00e2n bi\u1ec7t n\u00f3 v\u1edbi lo\u1ea1i th\u1ecbt tr\u1eafng. H\u01b0\u01a1ng v\u1ecb c\u1ee7a n\u00f3 thi\u00ean v\u1ec1 v\u1ecb ng\u1ecdt, v\u1edbi t\u00f4ng m\u00e0u qu\u1ea3 m\u1ecdng tinh t\u1ebf. Kh\u00f4ng gi\u1ed1ng nh\u01b0 gi\u1ed1ng th\u1ecbt tr\u1eafng, l\u00e1, \u0111\u01b0\u1ee3c g\u1ecdi l\u00e0 \u201cl\u00e1 b\u1eafc\u201d, c\u00f3 v\u1ebb ngo\u00e0i cong h\u01a1n, l\u00e0m t\u0103ng th\u00eam n\u00e9t quy\u1ebfn r\u0169 ri\u00eang bi\u1ec7t c\u1ee7a qu\u1ea3.<br \/>\n+ Thanh long ru\u1ed9t t\u00edm \u2013 h\u1ed3ng:<br \/>\nS\u1ef1 k\u1ebft h\u1ee3p gi\u1eefa thanh long ru\u1ed9t \u0111\u1ecf v\u1edbi gi\u1ed1ng thanh long ru\u1ed9t tr\u1eafng, thanh long ru\u1ed9t t\u00edm \u2013 h\u1ed3ng c\u00f3 kh\u1ea3 n\u0103ng kh\u00e1ng b\u1ec7nh v\u00e0 c\u00f4n tr\u00f9ng m\u1ea1nh, l\u00e0 l\u1ef1a ch\u1ecdn tuy\u1ec7t v\u1eddi cho canh t\u00e1c theo ti\u00eau chu\u1ea9n GlobalGAP v\u00e0 xu\u1ea5t kh\u1ea9u qu\u1ed1c t\u1ebf. Thanh long ru\u1ed9t t\u00edm \u2013 h\u1ed3ng c\u00f3 h\u00ecnh d\u1ea1ng qu\u1ea3 tr\u1ee9ng, v\u1ecf m\u00e0u h\u1ed3ng t\u00edm b\u00f3ng, th\u1ecbt qu\u1ea3 ch\u1eafc, \u00edt n\u01b0\u1edbc v\u1edbi t\u1ef7 l\u1ec7 th\u1ecbt qu\u1ea3\/qu\u1ea3 cao. H\u01b0\u01a1ng v\u1ecb c\u1ee7a thanh long l\u00e0 s\u1ef1 pha tr\u1ed9n th\u00fa v\u1ecb gi\u1eefa v\u1ecb ng\u1ecdt v\u00e0 v\u1ecb chua nh\u1eb9, t\u0103ng d\u1ea7n khi ch\u00edn. Ngo\u00e0i ra, k\u1ebft c\u1ea5u th\u1ecbt qu\u1ea3 c\u0169ng ch\u1eafc h\u01a1n so v\u1edbi lo\u1ea1i th\u1ecbt qu\u1ea3 m\u00e0u tr\u1eafng.<\/p>\n<p>&nbsp;<\/p>\n","protected":false},"excerpt":{"rendered":"<p>Nh\u1edd ngu\u1ed3n t\u00e0i nguy\u00ean thi\u00ean nhi\u00ean phong ph\u00fa c\u1ee7a Vi\u1ec7t Nam, bao g\u1ed3m kh\u00ed h\u1eadu thu\u1eadn l\u1ee3i v\u00e0 \u0111\u1ea5t \u0111ai m\u00e0u m\u1ee1 c\u1ee7a t\u1ec9nh B\u00ecnh Thu\u1eadn v\u00e0 Long An \u2014 n\u01a1i ch\u00fang t\u00f4i tr\u1ed3ng thanh long \u2014 k\u1ebft h\u1ee3p v\u1edbi k\u1ef9 thu\u1eadt che b\u00f3ng \u0111\u00e8n ti\u00ean ti\u1ebfn, ch\u00fang t\u00f4i c\u00f3 th\u1ec3 thu ho\u1ea1ch thanh long quanh n\u0103m m\u00e0 v\u1eabn \u0111\u1ea3m b\u1ea3o h\u01b0\u01a1ng v\u1ecb t\u1ef1 nhi\u00ean t\u1ed1t nh\u1ea5t. M\u1ed7i lo\u1ea1i tr\u00e1i c\u00e2y sau khi thu ho\u1ea1ch s\u1ebd tr\u1ea3i qua m\u1ed9t qu\u00e1 tr\u00ecnh ki\u1ec3m so\u00e1t ch\u1ea5t l\u01b0\u1ee3ng nghi\u00eam ng\u1eb7t \u0111\u1ec3 \u0111\u1ea3m b\u1ea3o r\u1eb1ng ch\u1ec9 nh\u1eefng s\u1ea3n ph\u1ea9m t\u1ed1t nh\u1ea5t m\u1edbi \u0111\u1ebfn tay kh\u00e1ch h\u00e0ng c\u1ee7a ch\u00fang t\u00f4i.<\/p>\n","protected":false},"featured_media":143,"comment_status":"open","ping_status":"closed","template":"","meta":[],"product_brand":[],"product_cat":[35],"product_tag":[],"class_list":{"0":"post-142","1":"product","2":"type-product","3":"status-publish","4":"has-post-thumbnail","6":"product_cat-san-pham-giong-cay-an-trai","8":"first","9":"instock","10":"sale","11":"shipping-taxable","12":"purchasable","13":"product-type-simple"},"_links":{"self":[{"href":"https:\/\/ktech4.k-tech-services.com\/phucan713\/wp-json\/wp\/v2\/product\/142","targetHints":{"allow":["GET"]}}],"collection":[{"href":"https:\/\/ktech4.k-tech-services.com\/phucan713\/wp-json\/wp\/v2\/product"}],"about":[{"href":"https:\/\/ktech4.k-tech-services.com\/phucan713\/wp-json\/wp\/v2\/types\/product"}],"replies":[{"embeddable":true,"href":"https:\/\/ktech4.k-tech-services.com\/phucan713\/wp-json\/wp\/v2\/comments?post=142"}],"wp:featuredmedia":[{"embeddable":true,"href":"https:\/\/ktech4.k-tech-services.com\/phucan713\/wp-json\/wp\/v2\/media\/143"}],"wp:attachment":[{"href":"https:\/\/ktech4.k-tech-services.com\/phucan713\/wp-json\/wp\/v2\/media?parent=142"}],"wp:term":[{"taxonomy":"product_brand","embeddable":true,"href":"https:\/\/ktech4.k-tech-services.com\/phucan713\/wp-json\/wp\/v2\/product_brand?post=142"},{"taxonomy":"product_cat","embeddable":true,"href":"https:\/\/ktech4.k-tech-services.com\/phucan713\/wp-json\/wp\/v2\/product_cat?post=142"},{"taxonomy":"product_tag","embeddable":true,"href":"https:\/\/ktech4.k-tech-services.com\/phucan713\/wp-json\/wp\/v2\/product_tag?post=142"}],"curies":[{"name":"wp","href":"https:\/\/api.w.org\/{rel}","templated":true}]}}