{"id":1555,"date":"2024-04-19T04:15:30","date_gmt":"2024-04-19T04:15:30","guid":{"rendered":"https:\/\/caygiongphucan.com\/?post_type=product&amp;p=1555"},"modified":"2024-04-19T04:15:30","modified_gmt":"2024-04-19T04:15:30","slug":"giong-chom-chom-tien-cuong","status":"publish","type":"product","link":"https:\/\/ktech4.k-tech-services.com\/phucan713\/san-pham\/giong-chom-chom-tien-cuong\/","title":{"rendered":"C\u00e2y gi\u1ed1ng ch\u00f4m ch\u00f4m Ti\u1ebfn C\u01b0\u1eddng"},"content":{"rendered":"<p><em>Trong nh\u1eefng n\u0103m g\u1ea7n \u0111\u00e2y, gi\u1ed1ng ch\u00f4m ch\u00f4m ti\u1ebfn c\u01b0\u1eddng \u0111\u00e3 d\u1ea7n \u0111\u01b0\u1ee3c tr\u1ed3ng ph\u1ed5 bi\u1ebfn nh\u1edd kh\u1ea3 n\u0103ng th\u00edch \u1ee9ng t\u1ed1t v\u1edbi \u0111i\u1ec1u ki\u1ec7n kh\u00ed h\u1eadu v\u00e0 \u0111\u1ea5t \u0111ai \u1edf Vi\u1ec7t Nam c\u0169ng nh\u01b0 n\u0103ng su\u1ea5t v\u00e0 ch\u1ea5t l\u01b0\u1ee3ng v\u01b0\u1ee3t tr\u1ed9i. <\/em><em>B\u00e0i vi\u1ebft n\u00e0y s\u1ebd cung c\u1ea5p m\u1ed9t c\u00e1i nh\u00ecn chi ti\u1ebft v\u1ec1 c\u00e1c \u0111\u1eb7c \u0111i\u1ec3m, k\u1ef9 thu\u1eadt tr\u1ed3ng, v\u00e0 ch\u0103m s\u00f3c gi\u1ed1ng ch\u00f4m ch\u00f4m ti\u1ebfn c\u01b0\u1eddng, nh\u1eb1m gi\u00fap n\u00f4ng d\u00e2n t\u1ed1i \u01b0u h\u00f3a s\u1ea3n l\u01b0\u1ee3ng v\u00e0 ch\u1ea5t l\u01b0\u1ee3ng s\u1ea3n ph\u1ea9m.<\/em><\/p>\n<p><span style=\"color: #333399;\"><strong>VIDEO THU\u1ed8C B\u1ea2N QUY\u1ec0N C\u00c2Y GI\u1ed0NG PH\u00daC AN<\/strong><\/span><\/p>\n<p><iframe loading=\"lazy\" title=\"L\u00ean Xe 370 C\u00e2y Ch\u00f4m Ch\u00f4m Ti\u1ebfn C\u01b0\u1eddng Cho Kh\u00e1ch \u0110\u1ed3ng Nai\" width=\"563\" height=\"1000\" src=\"https:\/\/www.youtube.com\/embed\/8mHc3YIqw3A?feature=oembed\" frameborder=\"0\" allow=\"accelerometer; autoplay; clipboard-write; encrypted-media; gyroscope; picture-in-picture; web-share\" referrerpolicy=\"strict-origin-when-cross-origin\" allowfullscreen><\/iframe><\/p>\n<h2><strong><b>Ngu\u1ed3n g\u1ed1c gi\u1ed1ng ch\u00f4m ch\u00f4m ti\u1ebfn c\u01b0\u1eddng<\/b><\/strong><\/h2>\n<figure id=\"attachment_2401\" aria-describedby=\"caption-attachment-2401\" style=\"width: 444px\" class=\"wp-caption aligncenter\"><img loading=\"lazy\" decoding=\"async\" class=\"wp-image-2401\" src=\"http:\/\/localhost\/phucan713\/wp-content\/uploads\/2024\/04\/284532247_1179922006164422_5786000026532218317_n-2-266x300.jpg\" alt=\"Ch\u00f4m ch\u00f4m ti\u1ebfn c\u01b0\u1eddng say tr\u0129u qu\u1ea3\" width=\"444\" height=\"500\" srcset=\"https:\/\/ktech4.k-tech-services.com\/phucan713\/wp-content\/uploads\/2024\/04\/284532247_1179922006164422_5786000026532218317_n-2-266x300.jpg 266w, https:\/\/ktech4.k-tech-services.com\/phucan713\/wp-content\/uploads\/2024\/04\/284532247_1179922006164422_5786000026532218317_n-2-510x574.jpg 510w, https:\/\/ktech4.k-tech-services.com\/phucan713\/wp-content\/uploads\/2024\/04\/284532247_1179922006164422_5786000026532218317_n-2.jpg 720w\" sizes=\"auto, (max-width: 444px) 100vw, 444px\" \/><figcaption id=\"caption-attachment-2401\" class=\"wp-caption-text\">Ch\u00f4m ch\u00f4m ti\u1ebfn c\u01b0\u1eddng say tr\u0129u qu\u1ea3<\/figcaption><\/figure>\n<p>Ch\u00f4m ch\u00f4m ti\u1ebfn c\u01b0\u1eddng c\u00f3 qu\u00ea h\u01b0\u01a1ng \u1edf x\u00e3 Long Th\u1edbi, huy\u1ec7n Ch\u1ee3 L\u00e1ch, t\u1ec9nh B\u1ebfn Tre. Ban \u0111\u1ea7u, ch\u00fang m\u1ecdc l\u00ean t\u1eeb c\u00e2y ch\u00f4m ch\u00f4m Th\u00e1i nh\u01b0ng c\u00f3 th\u00eam nhi\u1ec1u \u01b0u \u0111i\u1ec3m so v\u1edbi c\u00e2y m\u1eb9, k\u1ebft h\u1ee3p qu\u00e1 tr\u00ecnh nh\u00e2n gi\u1ed1ng k\u1ef9 thu\u1eadt cao t\u1eeb \u00f4ng D\u01b0\u01a1ng V\u0103n L\u1ee3i \u0111\u00e3 t\u1ea1o ra m\u1ed9t gi\u1ed1ng c\u00e2y ch\u00f4m ch\u00f4m mang \u0111\u1ea7y \u0111\u1ee7 nh\u1eefng \u01b0u \u0111i\u1ec3m n\u1ed5i tr\u1ed9i.<\/p>\n<p>\u0110\u1ebfn n\u0103m 2017, n\u00f3 \u0111\u00e3 \u0111\u01b0\u1ee3c \u0111\u0103ng k\u00fd v\u00e0 nh\u1eadn gi\u1ea5y ch\u1ee9ng nh\u1eadn c\u00e2y \u0111\u1ea7u d\u00f2ng t\u1eeb S\u1edf N\u00f4ng nghi\u1ec7p v\u00e0 Ph\u00e1t tri\u1ec3n N\u00f4ng th\u00f4n t\u1ec9nh B\u1ebfn Tre, ch\u00ednh th\u1ee9c mang t\u00ean gi\u1ed1ng ch\u00f4m ch\u00f4m ti\u1ebfn c\u01b0\u1eddng.<\/p>\n<h2><strong><b>\u0110\u1eb7c \u0111i\u1ec3m c\u1ee7a gi\u1ed1ng <\/b><\/strong><strong><b>ch\u00f4m ch\u00f4m ti\u1ebfn c\u01b0\u1eddng<\/b><\/strong><\/h2>\n<p>Ch\u00f4m ch\u00f4m ti\u1ebfn c\u01b0\u1eddng kh\u00f4ng ch\u1ec9 n\u1ed5i b\u1eadt v\u1edbi c\u00f9i d\u00e0y, h\u01b0\u01a1ng v\u1ecb ng\u1ecdt \u0111\u1eadm v\u00e0 c\u01a1m tr\u00f3c (c\u01a1m kh\u00f4ng d\u00ednh v\u00e0o h\u1ea1t), \u0111\u01b0\u1ee3c \u0111\u00e1nh gi\u00e1 l\u00e0 ngon h\u01a1n ch\u00f4m ch\u00f4m Th\u00e1i.<\/p>\n<p>V\u1ec1 h\u00ecnh th\u1ee9c, gi\u1ed1ng ch\u00f4m ch\u00f4m n\u00e0y kh\u00f4ng b\u1ecb n\u1ee9t v\u1ecf tr\u00e1i, ch\u00f9m tr\u00e1i c\u00f3 m\u00e0u s\u1eafc t\u01b0\u01a1i t\u1eafn. M\u1eabu m\u00e3 \u0111\u1eb9p, h\u01b0\u01a1ng v\u1ecb ngon gi\u00fap ch\u00f4m ch\u00f4m ti\u1ebfn c\u01b0\u1eddng tr\u1edf th\u00e0nh m\u1ed9t gi\u1ed1ng c\u00e2y \u01b0u t\u00fa.<\/p>\n<figure id=\"attachment_2394\" aria-describedby=\"caption-attachment-2394\" style=\"width: 373px\" class=\"wp-caption aligncenter\"><img loading=\"lazy\" decoding=\"async\" class=\"wp-image-2394\" src=\"http:\/\/localhost\/phucan713\/wp-content\/uploads\/2024\/04\/284659547_1179922146164408_8358530928232548475_n-224x300.jpg\" alt=\"C\u1eadn c\u1ea3nh tr\u00e1i ch\u00f4m ch\u00f4m ti\u1ebfn c\u01b0\u1eddng v\u1edbi th\u1ecbt d\u00e0y tr\u00f3c h\u1ea1t\" width=\"373\" height=\"500\" srcset=\"https:\/\/ktech4.k-tech-services.com\/phucan713\/wp-content\/uploads\/2024\/04\/284659547_1179922146164408_8358530928232548475_n-224x300.jpg 224w, https:\/\/ktech4.k-tech-services.com\/phucan713\/wp-content\/uploads\/2024\/04\/284659547_1179922146164408_8358530928232548475_n-510x684.jpg 510w, https:\/\/ktech4.k-tech-services.com\/phucan713\/wp-content\/uploads\/2024\/04\/284659547_1179922146164408_8358530928232548475_n.jpg 716w\" sizes=\"auto, (max-width: 373px) 100vw, 373px\" \/><figcaption id=\"caption-attachment-2394\" class=\"wp-caption-text\">C\u1eadn c\u1ea3nh tr\u00e1i ch\u00f4m ch\u00f4m ti\u1ebfn c\u01b0\u1eddng v\u1edbi th\u1ecbt d\u00e0y tr\u00f3c h\u1ea1t<\/figcaption><\/figure>\n<p>\u01afu \u0111i\u1ec3m c\u1ee7a ch\u00f4m ch\u00f4m ti\u1ebfn c\u01b0\u1eddng: Kh\u1ea3 n\u0103ng sinh tr\u01b0\u1edfng m\u1ea1nh m\u1ebd v\u00e0 s\u1ee9c kh\u00e1ng b\u1ec7nh cao. Gi\u00fap qu\u00e1 tr\u00ecnh canh t\u00e1c tr\u1edf n\u00ean hi\u1ec7u qu\u1ea3 v\u00e0 ti\u1ebft ki\u1ec7m h\u01a1n.<\/p>\n<p>\u0110\u1eb7c bi\u1ec7t, ch\u00f4m ch\u00f4m ti\u1ebfn c\u01b0\u1eddng cho ph\u00e9p th\u1ef1c hi\u1ec7n 2 v\u1ee5 x\u1eed l\u00fd ra hoa trong m\u1ed9t n\u0103m, t\u0103ng c\u01b0\u1eddng kh\u1ea3 n\u0103ng s\u1ea3n xu\u1ea5t. C\u00e2y c\u00f3 th\u1ec3 t\u1ef1 th\u1ee5 ph\u1ea5n v\u00e0 t\u1ef1 \u0111\u1eadu tr\u00e1i v\u1edbi t\u1ef7 l\u1ec7 cao, ch\u00f9m tr\u00e1i d\u00e0y.<\/p>\n<h2><strong><b>Ch\u00f4m ch\u00f4m ti\u1ebfn c\u01b0\u1eddng tr\u1ed3ng bao l\u00e2u c\u00f3 tr\u00e1i? <\/b><\/strong><\/h2>\n<p>Ch\u00f4m ch\u00f4m ti\u1ebfn c\u01b0\u1eddng ra hoa k\u1ebft tr\u00e1i sau kho\u1ea3ng 3 n\u0103m k\u1ec3 t\u1eeb khi tr\u1ed3ng. Qu\u00e1 tr\u00ecnh n\u00e0y c\u00f3 th\u1ec3 k\u00e9o d\u00e0i ho\u1eb7c ng\u1eafn h\u01a1n t\u00f9y thu\u1ed9c v\u00e0o \u0111i\u1ec1u ki\u1ec7n m\u00f4i tr\u01b0\u1eddng.<\/p>\n<p>T\u1eeb khi ch\u00f4m ch\u00f4m Ti\u1ebfn C\u01b0\u1eddng ra hoa \u0111\u1ebfn khi c\u00f3 tr\u00e1i thu ho\u1ea1ch c\u1ea7n kho\u1ea3ng 4 th\u00e1ng.<\/p>\n<figure id=\"attachment_2390\" aria-describedby=\"caption-attachment-2390\" style=\"width: 375px\" class=\"wp-caption aligncenter\"><img loading=\"lazy\" decoding=\"async\" class=\"wp-image-2390\" src=\"http:\/\/localhost\/phucan713\/wp-content\/uploads\/2024\/04\/69332026_487994098658849_2750519132490301440_n-225x300.jpg\" alt=\"Ch\u00f4m ch\u00f4m ti\u1ebfn c\u01b0\u1eddng ra hoa k\u1ebft tr\u00e1i sau 3 n\u0103m tr\u1ed3ng t\u1eeb c\u00e2y gh\u00e9p\" width=\"375\" height=\"500\" srcset=\"https:\/\/ktech4.k-tech-services.com\/phucan713\/wp-content\/uploads\/2024\/04\/69332026_487994098658849_2750519132490301440_n-225x300.jpg 225w, https:\/\/ktech4.k-tech-services.com\/phucan713\/wp-content\/uploads\/2024\/04\/69332026_487994098658849_2750519132490301440_n-510x680.jpg 510w, https:\/\/ktech4.k-tech-services.com\/phucan713\/wp-content\/uploads\/2024\/04\/69332026_487994098658849_2750519132490301440_n.jpg 720w\" sizes=\"auto, (max-width: 375px) 100vw, 375px\" \/><figcaption id=\"caption-attachment-2390\" class=\"wp-caption-text\">Ch\u00f4m ch\u00f4m ti\u1ebfn c\u01b0\u1eddng ra hoa k\u1ebft tr\u00e1i sau 3 n\u0103m tr\u1ed3ng t\u1eeb c\u00e2y gh\u00e9p<\/figcaption><\/figure>\n<h2><strong><b>Kho\u1ea3ng c\u00e1ch tr\u1ed3ng c\u00e2y ch\u00f4m ch\u00f4m ti\u1ebfn c\u01b0\u1eddng<\/b><\/strong><\/h2>\n<p>M\u1eadt \u0111\u1ed9 tr\u1ed3ng ch\u00f4m ch\u00f4m ti\u1ebfn c\u01b0\u1eddng \u0111\u01b0\u1ee3c khuy\u1ebfn ngh\u1ecb \u1edf m\u1ee9c 250 c\u00e2y\/ha, v\u1edbi kho\u1ea3ng c\u00e1ch gi\u1eefa c\u00e1c c\u00e2y l\u00e0 6m x 6m. Vi\u1ec7c \u0111\u1ea3m b\u1ea3o kho\u1ea3ng c\u00e1ch tr\u1ed3ng n\u00e0y l\u00e0 quan tr\u1ecdng \u0111\u1ec3 kh\u00f4ng l\u00e0m cho c\u00e1c c\u00e2y qu\u00e1 g\u1ea7n nhau, \u0111\u1ee7 kh\u00f4ng gian \u0111\u1ec3 ch\u00fang ph\u00e1t tri\u1ec3n t\u1ed1t.<\/p>\n<h2><strong><b>N\u0103ng su\u1ea5t gi\u1ed1ng ch\u00f4m ch\u00f4m ti\u1ebfn c\u01b0\u1eddng<\/b><\/strong><\/h2>\n<p>C\u00e2y ch\u00f4m ch\u00f4m ti\u1ebfn c\u01b0\u1eddng \u1edf \u0111\u1ed9 tr\u01b0\u1edfng th\u00e0nh, t\u1eeb v\u1ee5 thu ho\u1ea1ch th\u1ee9 2 s\u1ebd cho n\u0103ng su\u1ea5t trung b\u00ecnh 90 kg\/c\u00e2y. T\u1eeb nh\u1eefng n\u0103m v\u1ec1 sau, n\u0103ng su\u1ea5t c\u00f3 th\u1ec3 l\u00ean \u0111\u1ebfn 150 kg\/ c\u00e2y. Nh\u01b0 v\u1eady 1 ha tr\u1ed3ng 250 c\u00e2y ch\u00f4m ch\u00f4m ti\u1ebfn c\u01b0\u1eddng th\u00ec n\u0103ng su\u1ea5t trung b\u00ecnh 22 t\u1ea5n tr\u00e1i\/ v\u1ee5.<\/p>\n<figure id=\"attachment_2391\" aria-describedby=\"caption-attachment-2391\" style=\"width: 500px\" class=\"wp-caption aligncenter\"><img loading=\"lazy\" decoding=\"async\" class=\"wp-image-2391\" src=\"http:\/\/localhost\/phucan713\/wp-content\/uploads\/2024\/04\/69628440_487994128658846_7254111037509599232_n-300x225.jpg\" alt=\"N\u0103ng su\u1ea5t ch\u00f4m ch\u00f4m ti\u1ebfn c\u01b0\u1eddng r\u1ea5t cao\" width=\"500\" height=\"375\" srcset=\"https:\/\/ktech4.k-tech-services.com\/phucan713\/wp-content\/uploads\/2024\/04\/69628440_487994128658846_7254111037509599232_n-300x225.jpg 300w, https:\/\/ktech4.k-tech-services.com\/phucan713\/wp-content\/uploads\/2024\/04\/69628440_487994128658846_7254111037509599232_n-768x576.jpg 768w, https:\/\/ktech4.k-tech-services.com\/phucan713\/wp-content\/uploads\/2024\/04\/69628440_487994128658846_7254111037509599232_n-510x383.jpg 510w, https:\/\/ktech4.k-tech-services.com\/phucan713\/wp-content\/uploads\/2024\/04\/69628440_487994128658846_7254111037509599232_n.jpg 960w\" sizes=\"auto, (max-width: 500px) 100vw, 500px\" \/><figcaption id=\"caption-attachment-2391\" class=\"wp-caption-text\">N\u0103ng su\u1ea5t ch\u00f4m ch\u00f4m ti\u1ebfn c\u01b0\u1eddng r\u1ea5t cao<\/figcaption><\/figure>\n<figure id=\"attachment_2393\" aria-describedby=\"caption-attachment-2393\" style=\"width: 281px\" class=\"wp-caption aligncenter\"><img loading=\"lazy\" decoding=\"async\" class=\"wp-image-2393\" src=\"http:\/\/localhost\/phucan713\/wp-content\/uploads\/2024\/04\/284550372_1179921966164426_4873262435807451498_n-169x300.jpg\" alt=\"Thu ho\u1ea1ch ch\u00f4m ch\u00f4m ti\u1ebfn c\u01b0\u1eddng t\u1ea1i mi\u1ec1n t\u00e2y\" width=\"281\" height=\"500\" srcset=\"https:\/\/ktech4.k-tech-services.com\/phucan713\/wp-content\/uploads\/2024\/04\/284550372_1179921966164426_4873262435807451498_n-169x300.jpg 169w, https:\/\/ktech4.k-tech-services.com\/phucan713\/wp-content\/uploads\/2024\/04\/284550372_1179921966164426_4873262435807451498_n-510x907.jpg 510w, https:\/\/ktech4.k-tech-services.com\/phucan713\/wp-content\/uploads\/2024\/04\/284550372_1179921966164426_4873262435807451498_n.jpg 540w\" sizes=\"auto, (max-width: 281px) 100vw, 281px\" \/><figcaption id=\"caption-attachment-2393\" class=\"wp-caption-text\">Thu ho\u1ea1ch ch\u00f4m ch\u00f4m ti\u1ebfn c\u01b0\u1eddng t\u1ea1i mi\u1ec1n t\u00e2y<\/figcaption><\/figure>\n<figure id=\"attachment_2403\" aria-describedby=\"caption-attachment-2403\" style=\"width: 500px\" class=\"wp-caption aligncenter\"><img loading=\"lazy\" decoding=\"async\" class=\"wp-image-2403\" src=\"http:\/\/localhost\/phucan713\/wp-content\/uploads\/2024\/04\/347233240_761228365498687_5087243477864497469_n-300x225.jpg\" alt=\"M\u1eabu m\u00e3 \u0111\u1eb9p, th\u1ecbt d\u00e0y, tr\u00f3c v\u1ecf, h\u01b0\u01a1ng v\u1ecb th\u01a1m ngon - Ch\u00f4m ch\u00f4m ti\u1ebfn c\u01b0\u1eddng\" width=\"500\" height=\"375\" srcset=\"https:\/\/ktech4.k-tech-services.com\/phucan713\/wp-content\/uploads\/2024\/04\/347233240_761228365498687_5087243477864497469_n-300x225.jpg 300w, https:\/\/ktech4.k-tech-services.com\/phucan713\/wp-content\/uploads\/2024\/04\/347233240_761228365498687_5087243477864497469_n-1024x768.jpg 1024w, https:\/\/ktech4.k-tech-services.com\/phucan713\/wp-content\/uploads\/2024\/04\/347233240_761228365498687_5087243477864497469_n-768x576.jpg 768w, https:\/\/ktech4.k-tech-services.com\/phucan713\/wp-content\/uploads\/2024\/04\/347233240_761228365498687_5087243477864497469_n-510x383.jpg 510w, https:\/\/ktech4.k-tech-services.com\/phucan713\/wp-content\/uploads\/2024\/04\/347233240_761228365498687_5087243477864497469_n.jpg 1080w\" sizes=\"auto, (max-width: 500px) 100vw, 500px\" \/><figcaption id=\"caption-attachment-2403\" class=\"wp-caption-text\">M\u1eabu m\u00e3 \u0111\u1eb9p, th\u1ecbt d\u00e0y, tr\u00f3c v\u1ecf, h\u01b0\u01a1ng v\u1ecb th\u01a1m ngon &#8211; Ch\u00f4m ch\u00f4m ti\u1ebfn c\u01b0\u1eddng<\/figcaption><\/figure>\n<h2><strong><b>Kh\u00ed h\u1eadu v\u00e0 \u0111\u1ea5t tr\u1ed3ng th\u00edch h\u1ee3p v\u1edbi gi\u1ed1ng ch\u00f4m ch\u00f4m ti\u1ebfn c\u01b0\u1eddng<\/b><\/strong><\/h2>\n<h3>Kh\u00ed h\u1eadu<\/h3>\n<ul>\n<li>Nhi\u1ec7t \u0111\u1ed9:\u00a0C\u00e2y ch\u00f4m ch\u00f4m Ti\u1ebfn C\u01b0\u1eddng ph\u00e1t tri\u1ec3n t\u1ed1t trong \u0111i\u1ec1u ki\u1ec7n nhi\u1ec7t \u0111\u1ed9 t\u1eeb\u00a022\u201335\u00b0C. Nhi\u1ec7t \u0111\u1ed9 qu\u00e1 th\u1ea5p (d\u01b0\u1edbi 10\u00b0C) ho\u1eb7c qu\u00e1 cao (tr\u00ean 40\u00b0C) c\u00f3 th\u1ec3 \u1ea3nh h\u01b0\u1edfng \u0111\u1ebfn qu\u00e1 tr\u00ecnh ra hoa v\u00e0 \u0111\u1eadu tr\u00e1i.<\/li>\n<li>L\u01b0\u1ee3ng m\u01b0a:\u00a0C\u1ea7n l\u01b0\u1ee3ng m\u01b0a trung b\u00ecnh t\u1eeb\u00a01.500\u20132.500 mm\/n\u0103m, ph\u00e2n b\u1ed1 \u0111\u1ec1u trong n\u0103m. C\u00e2y c\u1ea7n \u0111\u1ee7 \u1ea9m nh\u01b0ng kh\u00f4ng ch\u1ecbu \u0111\u01b0\u1ee3c ng\u1eadp \u00fang.<\/li>\n<li>\u0110\u1ed9 \u1ea9m:\u00a0\u0110\u1ed9 \u1ea9m kh\u00f4ng kh\u00ed l\u00fd t\u01b0\u1edfng l\u00e0\u00a070\u201380%.<\/li>\n<li>\u00c1nh s\u00e1ng:\u00a0C\u00e2y \u01b0a \u00e1nh s\u00e1ng \u0111\u1ea7y \u0111\u1ee7, c\u1ea7n \u00edt nh\u1ea5t\u00a06\u20138 gi\u1edd n\u1eafng m\u1ed7i ng\u00e0y\u00a0\u0111\u1ec3 quang h\u1ee3p v\u00e0 t\u00edch l\u0169y dinh d\u01b0\u1ee1ng.<\/li>\n<\/ul>\n<h3>\u0110\u1ea5t tr\u1ed3ng<\/h3>\n<ul>\n<li>Lo\u1ea1i \u0111\u1ea5t:\u00a0C\u00e2y ch\u00f4m ch\u00f4m Ti\u1ebfn C\u01b0\u1eddng th\u00edch h\u1ee3p v\u1edbi \u0111\u1ea5t\u00a0th\u1ecbt pha c\u00e1t,\u00a0\u0111\u1ea5t ph\u00f9 sa, ho\u1eb7c\u00a0\u0111\u1ea5t \u0111\u1ecf bazan. \u0110\u1ea5t c\u1ea7n c\u00f3 \u0111\u1ed9 t\u01a1i x\u1ed1p, gi\u00e0u dinh d\u01b0\u1ee1ng v\u00e0 tho\u00e1t n\u01b0\u1edbc t\u1ed1t.<\/li>\n<li>\u0110\u1ed9 pH:\u00a0\u0110\u1ea5t c\u00f3 \u0111\u1ed9 pH t\u1eeb\u00a05,0\u20136,5\u00a0l\u00e0 l\u00fd t\u01b0\u1edfng nh\u1ea5t. N\u1ebfu \u0111\u1ea5t qu\u00e1 chua (pH d\u01b0\u1edbi 5,0), c\u1ea7n b\u00f3n v\u00f4i \u0111\u1ec3 c\u1ea3i t\u1ea1o.<\/li>\n<li>Tho\u00e1t n\u01b0\u1edbc:\u00a0C\u00e2y kh\u00f4ng ch\u1ecbu \u0111\u01b0\u1ee3c ng\u1eadp \u00fang, v\u00ec v\u1eady \u0111\u1ea5t ph\u1ea3i c\u00f3 kh\u1ea3 n\u0103ng tho\u00e1t n\u01b0\u1edbc t\u1ed1t. Tr\u00e1nh tr\u1ed3ng \u1edf nh\u1eefng v\u00f9ng \u0111\u1ea5t tr\u0169ng, d\u1ec5 \u0111\u1ecdng n\u01b0\u1edbc.<\/li>\n<li>V\u00f9ng tr\u1ed3ng:\u00a0Ch\u00f4m ch\u00f4m Ti\u1ebfn C\u01b0\u1eddng ph\u00f9 h\u1ee3p v\u1edbi c\u00e1c v\u00f9ng c\u00f3 kh\u00ed h\u1eadu nhi\u1ec7t \u0111\u1edbi \u1ea9m, nh\u01b0 \u0110\u00f4ng Nam B\u1ed9, T\u00e2y Nguy\u00ean, v\u00e0 \u0110\u1ed3ng b\u1eb1ng s\u00f4ng C\u1eedu Long \u1edf Vi\u1ec7t Nam.<\/li>\n<li>Ch\u1ed1ng \u00fang v\u00e0 ch\u1ed1ng h\u1ea1n:\u00a0C\u1ea7n c\u00f3 h\u1ec7 th\u1ed1ng t\u01b0\u1edbi ti\u00eau h\u1ee3p l\u00fd \u0111\u1ec3 \u0111\u1ea3m b\u1ea3o \u0111\u1ee7 n\u01b0\u1edbc trong m\u00f9a kh\u00f4 v\u00e0 tho\u00e1t n\u01b0\u1edbc t\u1ed1t trong m\u00f9a m\u01b0a.<\/li>\n<\/ul>\n<h2><strong><b>Gi\u00e1 c\u00e2y gi\u1ed1ng ch\u00f4m ch\u00f4m ti\u1ebfn c\u01b0\u1eddng<\/b><\/strong><\/h2>\n<p>Gi\u00e1 c\u00e2y gi\u1ed1ng ch\u00f4m ch\u00f4m ti\u1ebfn c\u01b0\u1eddng t\u1ea1i v\u01b0\u1eddn Ph\u00fac An t\u1eeb 48.000-70.000\/ c\u00e2y. T\u00f9y theo s\u1ed1 l\u01b0\u1ee3ng, l\u00f4 c\u00e2y c\u1ee5 th\u1ec3 s\u1ebd c\u00f3 m\u1ee9c gi\u00e1 kh\u00e1c nhau.<\/p>\n<p>C\u00f3 2 lo\u1ea1i g\u1ed1c:<\/p>\n<ul>\n<li>\u0110\u01b0\u1eddng k\u00ednh 1,2cm-1,5cm gi\u00e1 48.000-55.000\/c\u00e2y<\/li>\n<li>\u0110\u01b0\u1eddng k\u00ednh 1,7cm-2cm gi\u00e1 70.000-80.000\/c\u00e2y<\/li>\n<\/ul>\n<p>Ch\u00fang t\u00f4i lu\u00f4n gi\u1eef m\u1ee9c gi\u00e1 ph\u1ea3i ch\u0103ng \u0111\u1ec3 m\u1ecdi kh\u00e1ch h\u00e0ng \u0111\u1ec1u c\u00f3 th\u1ec3 ch\u1ecdn mua nh\u1eefng c\u00e2y gi\u1ed1ng th\u1eadt t\u1ed1t cho khu v\u01b0\u1eddn c\u1ee7a m\u00ecnh.<\/p>\n<h2><strong><b>Mua c\u00e2y gi\u1ed1ng ch\u00f4m ch\u00f4m ti\u1ebfn c\u01b0<\/b><\/strong><strong><b>\u1eddng \u1edf \u0111\u00e2u ch\u1ea5t l\u01b0\u1ee3ng?<\/b><\/strong><\/h2>\n<p>C\u00e2y gi\u1ed1ng Ph\u00fac An (B\u1ebfn Tre) cung c\u1ea5p c\u00e2y gi\u1ed1ng ch\u00f4m ch\u00f4m ti\u1ebfn c\u01b0\u1eddng ch\u1ea5t l\u01b0\u1ee3ng, cam k\u1ebft \u0111\u00fang gi\u1ed1ng cho t\u1edbi khi c\u00f3 tr\u00e1i. V\u01b0\u1eddn nh\u00e2n gi\u1ed1ng c\u1ee7a Ph\u00fac An \u0111\u01b0\u1ee3c ch\u1ecdn l\u1ef1a k\u1ef9 l\u01b0\u1ee1ng, l\u00e0 v\u01b0\u1eddn \u0111\u00e3 cho tr\u00e1i chu\u1ea9n v\u00e0 \u1ed5n \u0111\u1ecbnh.<\/p>\n<p>H\u00ecnh th\u1ee9c nh\u00e2n gi\u1ed1ng: L\u1ea5y m\u1eaft gh\u00e9p (bo gh\u00e9p) t\u1eeb c\u00e2y ch\u00f4m ch\u00f4m ti\u1ebfn c\u01b0\u1eddng m\u1eb9, gh\u00e9p tr\u00ean g\u1ed1c c\u00e2y \u01b0\u01a1m t\u1eeb h\u1ea1t th\u01b0\u01a1ng ph\u1ea9m. M\u1eaft gh\u00e9p \u0111\u01b0\u1ee3c tuy\u1ec3n ch\u1ecdn t\u1eeb c\u00e2y m\u1eb9 kh\u1ecfe m\u1ea1nh xanh t\u1ed1t.<\/p>\n<figure id=\"attachment_3528\" aria-describedby=\"caption-attachment-3528\" style=\"width: 375px\" class=\"wp-caption aligncenter\"><img loading=\"lazy\" decoding=\"async\" class=\"wp-image-3528\" src=\"http:\/\/localhost\/phucan713\/wp-content\/uploads\/2024\/04\/z5904532079086_a011927325cb0af41881f7d6b4f26fd1-225x300.jpg\" alt=\"C\u00e2y gi\u1ed1ng ch\u00f4m ch\u00f4m Ti\u1ebfn C\u01b0\u1eddng lo\u1ea1i 1p2-1p5 t\u1ea1i Ph\u00fac An\" width=\"375\" height=\"500\" srcset=\"https:\/\/ktech4.k-tech-services.com\/phucan713\/wp-content\/uploads\/2024\/04\/z5904532079086_a011927325cb0af41881f7d6b4f26fd1-225x300.jpg 225w, https:\/\/ktech4.k-tech-services.com\/phucan713\/wp-content\/uploads\/2024\/04\/z5904532079086_a011927325cb0af41881f7d6b4f26fd1-768x1024.jpg 768w, https:\/\/ktech4.k-tech-services.com\/phucan713\/wp-content\/uploads\/2024\/04\/z5904532079086_a011927325cb0af41881f7d6b4f26fd1-510x680.jpg 510w, https:\/\/ktech4.k-tech-services.com\/phucan713\/wp-content\/uploads\/2024\/04\/z5904532079086_a011927325cb0af41881f7d6b4f26fd1.jpg 960w\" sizes=\"auto, (max-width: 375px) 100vw, 375px\" \/><figcaption id=\"caption-attachment-3528\" class=\"wp-caption-text\">C\u00e2y gi\u1ed1ng ch\u00f4m ch\u00f4m Ti\u1ebfn C\u01b0\u1eddng lo\u1ea1i 1p2-1p5 t\u1ea1i Ph\u00fac An<\/figcaption><\/figure>\n<figure id=\"attachment_3530\" aria-describedby=\"caption-attachment-3530\" style=\"width: 375px\" class=\"wp-caption aligncenter\"><img loading=\"lazy\" decoding=\"async\" class=\"wp-image-3530\" src=\"http:\/\/localhost\/phucan713\/wp-content\/uploads\/2024\/04\/z6099118004998_21910107f262ab035f389277f1d03003-225x300.jpg\" alt=\"C\u00e2y gi\u1ed1ng ch\u00f4m ch\u00f4m Ti\u1ebfn C\u01b0\u1eddng lo\u1ea1i 1p2-1p5 t\u1ea1i Ph\u00fac An\" width=\"375\" height=\"500\" srcset=\"https:\/\/ktech4.k-tech-services.com\/phucan713\/wp-content\/uploads\/2024\/04\/z6099118004998_21910107f262ab035f389277f1d03003-225x300.jpg 225w, https:\/\/ktech4.k-tech-services.com\/phucan713\/wp-content\/uploads\/2024\/04\/z6099118004998_21910107f262ab035f389277f1d03003-768x1024.jpg 768w, https:\/\/ktech4.k-tech-services.com\/phucan713\/wp-content\/uploads\/2024\/04\/z6099118004998_21910107f262ab035f389277f1d03003-510x680.jpg 510w, https:\/\/ktech4.k-tech-services.com\/phucan713\/wp-content\/uploads\/2024\/04\/z6099118004998_21910107f262ab035f389277f1d03003.jpg 960w\" sizes=\"auto, (max-width: 375px) 100vw, 375px\" \/><figcaption id=\"caption-attachment-3530\" class=\"wp-caption-text\">C\u00e2y gi\u1ed1ng ch\u00f4m ch\u00f4m Ti\u1ebfn C\u01b0\u1eddng lo\u1ea1i 1p2-1p5 t\u1ea1i Ph\u00fac An<\/figcaption><\/figure>\n<figure id=\"attachment_3532\" aria-describedby=\"caption-attachment-3532\" style=\"width: 375px\" class=\"wp-caption aligncenter\"><img loading=\"lazy\" decoding=\"async\" class=\"wp-image-3532\" src=\"http:\/\/localhost\/phucan713\/wp-content\/uploads\/2024\/04\/IMG_1948-225x300.jpg\" alt=\"C\u00e2y gi\u1ed1ng ch\u00f4m ch\u00f4m Ti\u1ebfn C\u01b0\u1eddng lo\u1ea1i 1p7-2p t\u1ea1i Ph\u00fac An\" width=\"375\" height=\"500\" \/><figcaption id=\"caption-attachment-3532\" class=\"wp-caption-text\">C\u00e2y gi\u1ed1ng ch\u00f4m ch\u00f4m Ti\u1ebfn C\u01b0\u1eddng lo\u1ea1i 1p7-2p t\u1ea1i Ph\u00fac An<\/figcaption><\/figure>\n<figure id=\"attachment_3533\" aria-describedby=\"caption-attachment-3533\" style=\"width: 500px\" class=\"wp-caption aligncenter\"><img loading=\"lazy\" decoding=\"async\" class=\"wp-image-3533\" src=\"http:\/\/localhost\/phucan713\/wp-content\/uploads\/2024\/04\/IMG_1967-300x225.jpg\" alt=\"C\u00e2y gi\u1ed1ng ch\u00f4m ch\u00f4m Ti\u1ebfn C\u01b0\u1eddng lo\u1ea1i 1p7-2p t\u1ea1i Ph\u00fac An\" width=\"500\" height=\"375\" \/><figcaption id=\"caption-attachment-3533\" class=\"wp-caption-text\">C\u00e2y gi\u1ed1ng ch\u00f4m ch\u00f4m Ti\u1ebfn C\u01b0\u1eddng lo\u1ea1i 1p7-2p t\u1ea1i Ph\u00fac An<\/figcaption><\/figure>\n<h2><strong><b>Ti\u00eau chu\u1ea9n C\u00e2y gi\u1ed1ng <\/b><\/strong><strong><b>ch\u00f4m ch\u00f4m ti\u1ebfn c\u01b0\u1eddng<\/b><\/strong><strong><b>\u00a0\u0111\u01b0\u1ee3c cung c\u1ea5p b\u1edfi v\u01b0\u1eddn Ph\u00fac An<\/b><\/strong><\/h2>\n<p>&#8211; \u0110\u01b0\u1eddng k\u00ednh g\u1ed1c c\u00f3 2 lo\u1ea1i l\u00e0 1,2cm-1,5cm v\u00e0 1,7cm-2cm<\/p>\n<p>&#8211; R\u1ec5 ph\u00e1t tri\u1ec3n m\u1ea1nh, v\u1ebft gh\u00e9p ti\u1ebfp h\u1ee3p t\u1ed1t, l\u00e1 \u0111ang chuy\u1ec3n gi\u00e0 kh\u00f4ng s\u00e2u b\u1ec7nh<\/p>\n<p>&#8211; Chi\u1ec1u cao t\u01b0\u1ee3c gh\u00e9p t\u1eeb 20cm<\/p>\n<p>C\u00e2y tr\u1ea3i qua quy tr\u00ecnh nh\u00e2n gi\u1ed1ng, d\u01b0\u1ee1ng c\u00e2y con, x\u1ea3 n\u1eafng ho\u00e0n ch\u1ec9nh. \u0110\u1ebfn tay c\u00f4 b\u00e1c s\u1ebd l\u00e0 t\u1eebng c\u00e2y \u0111\u00e3 c\u1ee9ng c\u00e1p \u0111\u00e3 ra c\u01a1i ch\u1ed3i m\u1edbi.<br \/>\nQu\u00fd c\u00f4 b\u00e1c c\u00f3 th\u1ec3 li\u00ean h\u1ec7 tr\u1ef1c ti\u1ebfp qua SDT\/ Zalo 0962.888.014 (<a href=\"http:\/\/localhost\/phucan713\/\" target=\"_blank\" rel=\"noopener\">C\u00e2y Gi\u1ed1ng Ph\u00fac An<\/a>) \u0111\u1ec3 ch\u00fang t\u00f4i t\u01b0 v\u1ea5n v\u00e0 b\u00e1o gi\u00e1 c\u1ee5 th\u1ec3. Xin c\u1ea3m \u01a1n qu\u00fd c\u00f4 b\u00e1c \u0111\u00e3 \u0111\u1eb7t ni\u1ec1m tin v\u1edbi nh\u00e0 v\u01b0\u1eddn.<\/p>\n<p>&gt;&gt; M\u1eddi b\u1ea1n \u0111\u1ecdc th\u00eam: <a href=\"https:\/\/baovinhlong.com.vn\/nhip-song-dong-bang\/201805\/lam-giau-tu-san-xuat-cay-giong-chom-chom-moi-2892118\" target=\"_blank\" rel=\"noopener\"><span style=\"color: #000080;\"><em><strong>L\u00e0m gi\u00e0u t\u1eeb s\u1ea3n xu\u1ea5t c\u00e2y gi\u1ed1ng ch\u00f4m ch\u00f4m m\u1edbi<\/strong><\/em><\/span><\/a><\/p>\n<div class=\"box_support clearfix\">\n<div class=\"date_time\"><\/div>\n<\/div>\n","protected":false},"excerpt":{"rendered":"<p>* Gi\u00e1 tham kh\u1ea3o cho s\u1ed1 l\u01b0\u1ee3ng t\u1eeb 30 c\u00e2y, c\u00f3 th\u1ec3 thay \u0111\u1ed5i theo th\u1eddi \u0111i\u1ec3m<br \/>\n* Ch\u01b0a bao g\u1ed3m ph\u00ed v\u1eadn chuy\u1ec3n (t\u00f9y theo s\u1ed1 l\u01b0\u1ee3ng c\u00e2y v\u00e0 \u0111\u1ecba \u0111i\u1ec3m giao h\u00e0ng)<\/p>\n","protected":false},"featured_media":4065,"comment_status":"open","ping_status":"closed","template":"","meta":[],"product_brand":[],"product_cat":[35,56],"product_tag":[],"class_list":{"0":"post-1555","1":"product","2":"type-product","3":"status-publish","4":"has-post-thumbnail","6":"product_cat-san-pham-giong-cay-an-trai","7":"product_cat-giong-chom-chom","9":"first","10":"instock","11":"shipping-taxable","12":"purchasable","13":"product-type-simple"},"_links":{"self":[{"href":"https:\/\/ktech4.k-tech-services.com\/phucan713\/wp-json\/wp\/v2\/product\/1555","targetHints":{"allow":["GET"]}}],"collection":[{"href":"https:\/\/ktech4.k-tech-services.com\/phucan713\/wp-json\/wp\/v2\/product"}],"about":[{"href":"https:\/\/ktech4.k-tech-services.com\/phucan713\/wp-json\/wp\/v2\/types\/product"}],"replies":[{"embeddable":true,"href":"https:\/\/ktech4.k-tech-services.com\/phucan713\/wp-json\/wp\/v2\/comments?post=1555"}],"wp:featuredmedia":[{"embeddable":true,"href":"https:\/\/ktech4.k-tech-services.com\/phucan713\/wp-json\/wp\/v2\/media\/4065"}],"wp:attachment":[{"href":"https:\/\/ktech4.k-tech-services.com\/phucan713\/wp-json\/wp\/v2\/media?parent=1555"}],"wp:term":[{"taxonomy":"product_brand","embeddable":true,"href":"https:\/\/ktech4.k-tech-services.com\/phucan713\/wp-json\/wp\/v2\/product_brand?post=1555"},{"taxonomy":"product_cat","embeddable":true,"href":"https:\/\/ktech4.k-tech-services.com\/phucan713\/wp-json\/wp\/v2\/product_cat?post=1555"},{"taxonomy":"product_tag","embeddable":true,"href":"https:\/\/ktech4.k-tech-services.com\/phucan713\/wp-json\/wp\/v2\/product_tag?post=1555"}],"curies":[{"name":"wp","href":"https:\/\/api.w.org\/{rel}","templated":true}]}}