{"id":1556,"date":"2024-04-19T04:34:39","date_gmt":"2024-04-19T04:34:39","guid":{"rendered":"https:\/\/caygiongphucan.com\/?post_type=product&amp;p=1556"},"modified":"2024-04-19T04:34:39","modified_gmt":"2024-04-19T04:34:39","slug":"cay-giong-chom-chom-indo","status":"publish","type":"product","link":"https:\/\/ktech4.k-tech-services.com\/phucan713\/san-pham\/cay-giong-chom-chom-indo\/","title":{"rendered":"C\u00e2y gi\u1ed1ng ch\u00f4m ch\u00f4m indo"},"content":{"rendered":"<h2><strong><b>\u0110\u1eb7c \u0111i\u1ec3m c\u1ee7a gi\u1ed1ng ch\u00f4m ch\u00f4m indo<\/b><\/strong><\/h2>\n<figure id=\"attachment_3542\" aria-describedby=\"caption-attachment-3542\" style=\"width: 500px\" class=\"wp-caption aligncenter\"><img loading=\"lazy\" decoding=\"async\" class=\"wp-image-3542\" src=\"http:\/\/localhost\/phucan713\/wp-content\/uploads\/2024\/04\/chom-indo-2-300x215.jpg\" alt=\"Tr\u00e1i ch\u00f4m ch\u00f4m indo (ch\u00f4m ch\u00f4m java)\" width=\"500\" height=\"358\" srcset=\"https:\/\/ktech4.k-tech-services.com\/phucan713\/wp-content\/uploads\/2024\/04\/chom-indo-2-300x215.jpg 300w, https:\/\/ktech4.k-tech-services.com\/phucan713\/wp-content\/uploads\/2024\/04\/chom-indo-2-510x365.jpg 510w, https:\/\/ktech4.k-tech-services.com\/phucan713\/wp-content\/uploads\/2024\/04\/chom-indo-2.jpg 631w\" sizes=\"auto, (max-width: 500px) 100vw, 500px\" \/><figcaption id=\"caption-attachment-3542\" class=\"wp-caption-text\">Tr\u00e1i ch\u00f4m ch\u00f4m indo (ch\u00f4m ch\u00f4m java)<\/figcaption><\/figure>\n<p>Ch\u00f4m ch\u00f4m indo n\u1ed5i b\u1eadt v\u1edbi tr\u00e1i to, tr\u1ecdng l\u01b0\u1ee3ng b\u00ecnh qu\u00e2n \u0111\u1ea1t kho\u1ea3ng 30 tr\u00e1i\/kg, \u0111\u1eb7c bi\u1ec7t \u1edf ch\u1ed7 c\u00f9i kh\u00f4ng d\u00ednh h\u1ea1t. S\u1ef1 kh\u00e1c bi\u1ec7t n\u00e0y kh\u00f4ng ch\u1ec9 mang l\u1ea1i s\u1ef1 thu\u1eadn ti\u1ec7n khi th\u01b0\u1edfng th\u1ee9c m\u00e0 c\u00f2n l\u00e0m t\u0103ng gi\u00e1 tr\u1ecb c\u1ee7a s\u1ea3n ph\u1ea9m tr\u00ean th\u1ecb tr\u01b0\u1eddng.<\/p>\n<p>Th\u1ecb tr\u01b0\u1eddng ng\u00e0y c\u00e0ng \u01b0a chu\u1ed9ng ch\u00f4m ch\u00f4m indo kh\u00f4ng ch\u1ec9 b\u1edfi ch\u1ea5t l\u01b0\u1ee3ng n\u1ed5i b\u1eadt m\u00e0 c\u00f2n nh\u1edd v\u00e0o m\u1eabu m\u00e3 \u0111\u1eb9p, m\u00e0u s\u1eafc \u0111\u1ecf t\u01b0\u01a1i b\u1eaft m\u1eaft.<\/p>\n<p>V\u1ec1 h\u01b0\u01a1ng v\u1ecb, ch\u00f4m ch\u00f4m Indo \u0111\u01b0\u1ee3c \u0111\u00e1nh gi\u00e1 cao v\u00ec ch\u1ea5t l\u01b0\u1ee3ng th\u1ecbt qu\u1ea3 ch\u1eafc n\u1ecbch v\u00e0 d\u1ec5 t\u00e1ch v\u1ecf. Qu\u1ea3 n\u00e0y c\u00f3 v\u1ecb ng\u1ecdt m\u1ea1nh m\u1ebd v\u1edbi m\u1ed9t ch\u00fat v\u1ecb chua nh\u1eb9 \u1edf d\u01b0 v\u1ecb, t\u1ea1o n\u00ean s\u1ef1 c\u00e2n b\u1eb1ng ho\u00e0n h\u1ea3o khi th\u01b0\u1edfng th\u1ee9c. \u0110\u1eb7c bi\u1ec7t, d\u00f9 \u0103n nhi\u1ec1u, lo\u1ea1i qu\u1ea3 n\u00e0y c\u0169ng kh\u00f4ng khi\u1ebfn ng\u01b0\u1eddi \u0103n c\u1ea3m th\u1ea5y b\u1ecb ng\u1ea5y hay kh\u00f3 ti\u00eau.<\/p>\n<h2><strong><b>C\u00e2y ch\u00f4m ch\u00f4m indo tr\u1ed3ng bao l\u00e2u c\u00f3 tr\u00e1i? <\/b><\/strong><\/h2>\n<p>Ch\u00f4m ch\u00f4m indo ra hoa k\u1ebft tr\u00e1i sau kho\u1ea3ng 3 n\u0103m k\u1ec3 t\u1eeb khi tr\u1ed3ng. Qu\u00e1 tr\u00ecnh n\u00e0y c\u00f3 th\u1ec3 k\u00e9o d\u00e0i ho\u1eb7c ng\u1eafn h\u01a1n t\u00f9y thu\u1ed9c v\u00e0o \u0111i\u1ec1u ki\u1ec7n m\u00f4i tr\u01b0\u1eddng.<\/p>\n<p>T\u1eeb khi ch\u00f4m ch\u00f4m indo ra hoa \u0111\u1ebfn khi c\u00f3 tr\u00e1i thu ho\u1ea1ch c\u1ea7n kho\u1ea3ng 4 th\u00e1ng.<\/p>\n<p>Gi\u1ed1ng ch\u00f4m ch\u00f4m n\u00e0y c\u00f3 th\u1ec3 \u00e1p d\u1ee5ng \u0111\u01b0\u1ee3c quy tr\u00ecnh ch\u0103m s\u00f3c v\u00e0 x\u1eed l\u00fd ra hoa theo d\u00e2y chuy\u1ec1n \u0111\u1ec3 c\u00e2y c\u00f3 tr\u00e1i quanh n\u0103m (m\u1ed7i \u0111\u1ee3t c\u00f3 2 \u0111\u1ebfn 3 c\u00e2y cho tr\u00e1i).<\/p>\n<figure id=\"attachment_3543\" aria-describedby=\"caption-attachment-3543\" style=\"width: 386px\" class=\"wp-caption aligncenter\"><img loading=\"lazy\" decoding=\"async\" class=\"wp-image-3543\" src=\"http:\/\/localhost\/phucan713\/wp-content\/uploads\/2024\/04\/chom-indo-232x300.jpg\" alt=\"Ch\u00f9m ch\u00f4m ch\u00f4m indo \u0111\u1eb9p m\u1eaft\" width=\"386\" height=\"500\" srcset=\"https:\/\/ktech4.k-tech-services.com\/phucan713\/wp-content\/uploads\/2024\/04\/chom-indo-232x300.jpg 232w, https:\/\/ktech4.k-tech-services.com\/phucan713\/wp-content\/uploads\/2024\/04\/chom-indo-510x661.jpg 510w, https:\/\/ktech4.k-tech-services.com\/phucan713\/wp-content\/uploads\/2024\/04\/chom-indo.jpg 612w\" sizes=\"auto, (max-width: 386px) 100vw, 386px\" \/><figcaption id=\"caption-attachment-3543\" class=\"wp-caption-text\">Ch\u00f9m ch\u00f4m ch\u00f4m indo \u0111\u1eb9p m\u1eaft<\/figcaption><\/figure>\n<h2><strong><b>Kho\u1ea3ng c\u00e1ch tr\u1ed3ng c\u00e2y ch\u00f4m ch\u00f4m indo<\/b><\/strong><\/h2>\n<p>M\u1eadt \u0111\u1ed9 tr\u1ed3ng ch\u00f4m ch\u00f4m indo \u0111\u01b0\u1ee3c khuy\u1ebfn ngh\u1ecb \u1edf m\u1ee9c 250 c\u00e2y\/ha, v\u1edbi kho\u1ea3ng c\u00e1ch gi\u1eefa c\u00e1c c\u00e2y l\u00e0 6m x 6m. Vi\u1ec7c n\u00e0y \u0111\u1ea3m b\u1ea3o kh\u00f4ng gian \u0111\u1ee7 r\u1ed9ng \u0111\u1ec3 c\u00e2y ph\u00e1t tri\u1ec3n t\u00e1n l\u00e1 v\u00e0 h\u1ec7 th\u1ed1ng r\u1ec5 m\u1ed9t c\u00e1ch kho\u1ebb m\u1ea1nh, \u0111\u1ed3ng th\u1eddi gi\u1ea3m thi\u1ec3u s\u1ef1 c\u1ea1nh tranh v\u1ec1 dinh d\u01b0\u1ee1ng v\u00e0 \u00e1nh s\u00e1ng.<\/p>\n<h2><strong><b>N\u0103ng su\u1ea5t gi\u1ed1ng ch\u00f4m ch\u00f4m indo<\/b><\/strong><\/h2>\n<p><img loading=\"lazy\" decoding=\"async\" class=\"aligncenter wp-image-1557\" src=\"http:\/\/localhost\/phucan713\/wp-content\/uploads\/2024\/04\/204085782_2642992025996980_3157276936145803731_n-225x300.jpg\" alt=\"Gi\u1ed1ng ch\u00f4m ch\u00f4m indo cho tr\u00e1i r\u1ea5t say\" width=\"375\" height=\"500\" \/><\/p>\n<p>Th\u1eddi gian cho tr\u00e1i:\u00a0C\u00e2y ch\u00f4m ch\u00f4m Indo th\u01b0\u1eddng b\u1eaft \u0111\u1ea7u cho tr\u00e1i sau\u00a03\u20134 n\u0103m\u00a0tr\u1ed3ng n\u1ebfu \u0111\u01b0\u1ee3c ch\u0103m s\u00f3c t\u1ed1t.<\/p>\n<p>N\u0103ng su\u1ea5t trung b\u00ecnh:\u00a0M\u1ed7i c\u00e2y tr\u01b0\u1edfng th\u00e0nh c\u00f3 th\u1ec3 cho thu ho\u1ea1ch t\u1eeb\u00a0150\u2013200 kg tr\u00e1i\/n\u0103m. Trong \u0111i\u1ec1u ki\u1ec7n ch\u0103m s\u00f3c t\u1ed1i \u01b0u, n\u0103ng su\u1ea5t c\u00f3 th\u1ec3 \u0111\u1ea1t\u00a0250 kg\/c\u00e2y\/n\u0103m.<\/p>\n<p>Ch\u1ea5t l\u01b0\u1ee3ng tr\u00e1i:\u00a0Tr\u00e1i ch\u00f4m ch\u00f4m Indo c\u00f3 k\u00edch th\u01b0\u1edbc l\u1edbn, c\u01a1m d\u00e0y, v\u1ecb ng\u1ecdt thanh v\u00e0 \u00edt h\u1ea1t, \u0111\u01b0\u1ee3c th\u1ecb tr\u01b0\u1eddng \u01b0a chu\u1ed9ng.<\/p>\n<p>Nh\u01b0 v\u1eady 1ha tr\u1ed3ng 250 c\u00e2y ch\u00f4m ch\u00f4m indo th\u00ec n\u0103ng su\u1ea5t trung b\u00ecnh 37-50 t\u1ea5n tr\u00e1i\/ v\u1ee5.<\/p>\n<h2><strong><b>Kh\u00ed h\u1eadu v\u00e0 \u0111\u1ea5t tr\u1ed3ng th\u00edch h\u1ee3p v\u1edbi gi\u1ed1ng ch\u00f4m ch\u00f4m indo<\/b><\/strong><\/h2>\n<p>M\u1eb7c d\u00f9 ch\u00f4m ch\u00f4m indo c\u00f3 kh\u1ea3 n\u0103ng s\u1ed1ng tr\u00ean nhi\u1ec1u lo\u1ea1i \u0111\u1ea5t, nh\u01b0ng s\u1ef1 ch\u1ecdn l\u1ef1a m\u1ed9t v\u00f9ng \u0111\u1ea5t ph\u00f9 h\u1ee3p c\u00f3 th\u1ec3 t\u1ea1o \u0111i\u1ec1u ki\u1ec7n t\u1ed1i \u01b0u cho s\u1ef1 ph\u00e1t tri\u1ec3n v\u00e0 sinh tr\u01b0\u1edfng c\u1ee7a c\u00e2y. Tr\u00e1nh ch\u1ecdn \u0111\u1ea5t c\u00f3 m\u1eb7n, v\u00ec ch\u00f4m ch\u00f4m indo ch\u1ecbu m\u1eb7n k\u00e9m.<\/p>\n<p>Ch\u00f4m ch\u00f4m indo th\u00edch h\u1ee3p nh\u1ea5t v\u1edbi lo\u1ea1i \u0111\u1ea5t gi\u00e0u dinh d\u01b0\u1ee1ng. Ch\u00fang kh\u00f4ng th\u00edch \u1ee9ng v\u1edbi \u0111\u1ea5t b\u1ecb ng\u1eadp n\u01b0\u1edbc. Ta n\u00ean \u0111\u1ea3m b\u1ea3o \u0111\u1ea5t c\u00f3 kh\u1ea3 n\u0103ng tho\u00e1t n\u01b0\u1edbc t\u1ed1t \u0111\u1ec3 tr\u00e1nh t\u00ecnh tr\u1ea1ng ng\u1eadp \u00fang g\u00e2y h\u1ea1i cho c\u00e2y.<\/p>\n<p>\u0110\u1ed9 pH: ch\u00f4m ch\u00f4m indo th\u00edch \u0111\u1ed9 pH \u0111\u1ea5t t\u1eeb 5,5 \u0111\u1ebfn 6,5. \u0110i\u1ec1u n\u00e0y \u0111\u1ea3m b\u1ea3o c\u00e2y c\u00f3 th\u1ec3 h\u1ea5p th\u1ee5 m\u1ed9t c\u00e1ch hi\u1ec7u qu\u1ea3 c\u00e1c ch\u1ea5t dinh d\u01b0\u1ee1ng t\u1eeb \u0111\u1ea5t.<\/p>\n<p>Ch\u1ee7 \u0111\u1ed9ng ngu\u1ed3n n\u01b0\u1edbc t\u01b0\u1edbi: \u0110\u1ed1i v\u1edbi c\u00e2y ch\u00f4m ch\u00f4m indo, \u0111\u1ea5t c\u1ea7n c\u00f3 kh\u1ea3 n\u0103ng gi\u1eef n\u01b0\u1edbc t\u1ed1t nh\u01b0ng \u0111\u1ed3ng th\u1eddi c\u0169ng \u0111\u1ea3m b\u1ea3o kh\u00f4ng gian tho\u00e1t n\u01b0\u1edbc \u0111\u1ee7 \u0111\u1ec3 tr\u00e1nh t\u00ecnh tr\u1ea1ng d\u01b0 n\u01b0\u1edbc.<\/p>\n<p>\u00c1nh s\u00e1ng: ch\u00f4m ch\u00f4m indo th\u00edch h\u1ee3p v\u1edbi m\u00f4i tr\u01b0\u1eddng c\u00f3 \u00e1nh s\u00e1ng \u0111\u1ea7y \u0111\u1ee7. \u0110\u1ea3m b\u1ea3o c\u00e2y nh\u1eadn \u0111\u1ee7 \u00e1nh s\u00e1ng m\u1eb7t tr\u1eddi h\u00e0ng ng\u00e0y.<\/p>\n<h2><strong><b>Gi\u00e1 c\u00e2y gi\u1ed1ng ch\u00f4m ch\u00f4m indo<\/b><\/strong><\/h2>\n<p>Gi\u00e1 c\u00e2y gi\u1ed1ng ch\u00f4m ch\u00f4m indo t\u1ea1i v\u01b0\u1eddn Ph\u00fac An t\u1eeb 45.000-50.000\/ c\u00e2y. T\u00f9y theo l\u00f4 c\u00e2y, s\u1ed1 l\u01b0\u1ee3ng \u0111\u1eb7t s\u1ebd c\u00f3 m\u1ee9c gi\u00e1 kh\u00e1c nhau. Ch\u00fang t\u00f4i cam k\u1ebft lu\u00f4n gi\u1eef m\u1ee9c gi\u00e1 m\u1ec1m v\u1eeba t\u00fai ti\u1ec1n \u0111\u1ec3 m\u1ecdi kh\u00e1ch h\u00e0ng \u0111\u1ec1u c\u00f3 th\u1ec3 ch\u1ecdn mua nh\u1eefng c\u00e2y gi\u1ed1ng th\u1eadt t\u1ed1t cho khu v\u01b0\u1eddn c\u1ee7a m\u00ecnh.<\/p>\n<figure id=\"attachment_3537\" aria-describedby=\"caption-attachment-3537\" style=\"width: 375px\" class=\"wp-caption aligncenter\"><img loading=\"lazy\" decoding=\"async\" class=\"wp-image-3537\" src=\"http:\/\/localhost\/phucan713\/wp-content\/uploads\/2024\/04\/471193117_1149345179957462_7954722613191358626_n-225x300.jpg\" alt=\"C\u00e2y gi\u1ed1ng ch\u00f4m ch\u00f4m Indo\" width=\"375\" height=\"500\" srcset=\"https:\/\/ktech4.k-tech-services.com\/phucan713\/wp-content\/uploads\/2024\/04\/471193117_1149345179957462_7954722613191358626_n-225x300.jpg 225w, https:\/\/ktech4.k-tech-services.com\/phucan713\/wp-content\/uploads\/2024\/04\/471193117_1149345179957462_7954722613191358626_n-510x680.jpg 510w, https:\/\/ktech4.k-tech-services.com\/phucan713\/wp-content\/uploads\/2024\/04\/471193117_1149345179957462_7954722613191358626_n.jpg 720w\" sizes=\"auto, (max-width: 375px) 100vw, 375px\" \/><figcaption id=\"caption-attachment-3537\" class=\"wp-caption-text\">C\u00e2y gi\u1ed1ng ch\u00f4m ch\u00f4m Indo<\/figcaption><\/figure>\n<h2><strong><b>Mua c\u00e2y gi\u1ed1ng ch\u00f4m ch\u00f4m indo \u1edf \u0111\u00e2u ch\u1ea5t l\u01b0\u1ee3ng?<\/b><\/strong><\/h2>\n<p>C\u00e2y gi\u1ed1ng Ph\u00fac An cung c\u1ea5p c\u00e2y gi\u1ed1ng ch\u00f4m ch\u00f4m indo ch\u1ea5t l\u01b0\u1ee3ng, \u0111\u01b0\u1ee3c b\u1ea3o h\u00e0nh \u0111\u00fang gi\u1ed1ng cho t\u1edbi khi c\u00f3 tr\u00e1i<\/p>\n<p>V\u01b0\u1eddn nh\u00e2n gi\u1ed1ng c\u1ee7a Ph\u00fac An \u0111\u01b0\u1ee3c ch\u1ecdn l\u1ef1a k\u1ef9 l\u01b0\u1ee1ng, l\u00e0 v\u01b0\u1eddn \u0111\u00e3 cho tr\u00e1i chu\u1ea9n v\u00e0 \u1ed5n \u0111\u1ecbnh.<\/p>\n<p>H\u00ecnh th\u1ee9c nh\u00e2n gi\u1ed1ng: L\u1ea5y m\u1eaft gh\u00e9p (bo gh\u00e9p) t\u1eeb c\u00e2y ch\u00f4m ch\u00f4m indo\u00a0m\u1eb9, gh\u00e9p tr\u00ean g\u1ed1c gh\u00e9p \u01b0\u01a1m t\u1eeb h\u1ea1t th\u01b0\u01a1ng ph\u1ea9m.<\/p>\n<p>Bo gh\u00e9p \u0111\u01b0\u1ee3c tuy\u1ec3n ch\u1ecdn t\u1eeb c\u00e2y m\u1eb9 kh\u1ecfe m\u1ea1nh xanh t\u1ed1t.<\/p>\n<h2><strong><b>Ti\u00eau chu\u1ea9n C\u00e2y gi\u1ed1ng <\/b><\/strong><strong><b>ch\u00f4m ch\u00f4m indo<\/b><\/strong><strong><b> cung c\u1ea5p b\u1edfi v\u01b0\u1eddn Ph\u00fac An<\/b><\/strong><\/h2>\n<figure id=\"attachment_3541\" aria-describedby=\"caption-attachment-3541\" style=\"width: 375px\" class=\"wp-caption aligncenter\"><img loading=\"lazy\" decoding=\"async\" class=\"wp-image-3541\" src=\"http:\/\/localhost\/phucan713\/wp-content\/uploads\/2024\/04\/473750688_1168366748055305_4860010915176099096_n-225x300.jpg\" alt=\"C\u00e2y gi\u1ed1ng ch\u00f4m ch\u00f4m indo ch\u1ea5t l\u01b0\u1ee3ng\" width=\"375\" height=\"500\" srcset=\"https:\/\/ktech4.k-tech-services.com\/phucan713\/wp-content\/uploads\/2024\/04\/473750688_1168366748055305_4860010915176099096_n-225x300.jpg 225w, https:\/\/ktech4.k-tech-services.com\/phucan713\/wp-content\/uploads\/2024\/04\/473750688_1168366748055305_4860010915176099096_n-768x1024.jpg 768w, https:\/\/ktech4.k-tech-services.com\/phucan713\/wp-content\/uploads\/2024\/04\/473750688_1168366748055305_4860010915176099096_n-1152x1536.jpg 1152w, https:\/\/ktech4.k-tech-services.com\/phucan713\/wp-content\/uploads\/2024\/04\/473750688_1168366748055305_4860010915176099096_n-510x680.jpg 510w, https:\/\/ktech4.k-tech-services.com\/phucan713\/wp-content\/uploads\/2024\/04\/473750688_1168366748055305_4860010915176099096_n.jpg 1536w\" sizes=\"auto, (max-width: 375px) 100vw, 375px\" \/><figcaption id=\"caption-attachment-3541\" class=\"wp-caption-text\">C\u00e2y gi\u1ed1ng ch\u00f4m ch\u00f4m indo ch\u1ea5t l\u01b0\u1ee3ng<\/figcaption><\/figure>\n<p>&#8211; \u0110\u01b0\u1eddng k\u00ednh g\u1ed1c t\u1eeb 1,3cm tr\u1edf l\u00ean<\/p>\n<p>&#8211; R\u1ec5 ph\u00e1t tri\u1ec3n m\u1ea1nh, v\u1ebft gh\u00e9p ti\u1ebfp h\u1ee3p t\u1ed1t, l\u00e1 \u0111ang chuy\u1ec3n gi\u00e0 kh\u00f4ng s\u00e2u b\u1ec7nh<\/p>\n<p>&#8211; Chi\u1ec1u cao t\u01b0\u1ee3c gh\u00e9p t\u1eeb 20cm<\/p>\n<p>C\u00e2y tr\u1ea3i qua quy tr\u00ecnh nh\u00e2n gi\u1ed1ng, d\u01b0\u1ee1ng c\u00e2y con, x\u1ea3 n\u1eafng ho\u00e0n ch\u1ec9nh. \u0110\u1ebfn tay c\u00f4 b\u00e1c s\u1ebd l\u00e0 t\u1eebng c\u00e2y \u0111\u00e3 c\u1ee9ng c\u00e1p \u0111\u00e3 ra c\u01a1i ch\u1ed3i m\u1edbi. Qu\u00fd c\u00f4 b\u00e1c c\u00f3 th\u1ec3 li\u00ean h\u1ec7 tr\u1ef1c ti\u1ebfp qua SDT\/ Zalo 0962 888 014 (c\u00e2y gi\u1ed1ng Ph\u00fac An) \u0111\u1ec3 ch\u00fang t\u00f4i t\u01b0 v\u1ea5n v\u00e0 b\u00e1o gi\u00e1 c\u1ee5 th\u1ec3. Xin c\u1ea3m \u01a1n qu\u00fd c\u00f4 b\u00e1c \u0111\u00e3 \u0111\u1eb7t ni\u1ec1m tin v\u1edbi nh\u00e0 v\u01b0\u1eddn Ph\u00fac An.<\/p>\n","protected":false},"excerpt":{"rendered":"<p>*Gi\u00e1 \u00e1p d\u1ee5ng cho s\u1ed1 l\u01b0\u1ee3ng t\u1eeb 50 c\u00e2y, c\u00f3 th\u1ec3 thay \u0111\u1ed5i theo th\u1eddi \u0111i\u1ec3m<\/p>\n","protected":false},"featured_media":3537,"comment_status":"open","ping_status":"closed","template":"","meta":[],"product_brand":[],"product_cat":[56],"product_tag":[57],"class_list":{"0":"post-1556","1":"product","2":"type-product","3":"status-publish","4":"has-post-thumbnail","6":"product_cat-giong-chom-chom","7":"product_tag-giong-chom-chom-indo","9":"first","10":"instock","11":"shipping-taxable","12":"purchasable","13":"product-type-simple"},"_links":{"self":[{"href":"https:\/\/ktech4.k-tech-services.com\/phucan713\/wp-json\/wp\/v2\/product\/1556","targetHints":{"allow":["GET"]}}],"collection":[{"href":"https:\/\/ktech4.k-tech-services.com\/phucan713\/wp-json\/wp\/v2\/product"}],"about":[{"href":"https:\/\/ktech4.k-tech-services.com\/phucan713\/wp-json\/wp\/v2\/types\/product"}],"replies":[{"embeddable":true,"href":"https:\/\/ktech4.k-tech-services.com\/phucan713\/wp-json\/wp\/v2\/comments?post=1556"}],"wp:featuredmedia":[{"embeddable":true,"href":"https:\/\/ktech4.k-tech-services.com\/phucan713\/wp-json\/wp\/v2\/media\/3537"}],"wp:attachment":[{"href":"https:\/\/ktech4.k-tech-services.com\/phucan713\/wp-json\/wp\/v2\/media?parent=1556"}],"wp:term":[{"taxonomy":"product_brand","embeddable":true,"href":"https:\/\/ktech4.k-tech-services.com\/phucan713\/wp-json\/wp\/v2\/product_brand?post=1556"},{"taxonomy":"product_cat","embeddable":true,"href":"https:\/\/ktech4.k-tech-services.com\/phucan713\/wp-json\/wp\/v2\/product_cat?post=1556"},{"taxonomy":"product_tag","embeddable":true,"href":"https:\/\/ktech4.k-tech-services.com\/phucan713\/wp-json\/wp\/v2\/product_tag?post=1556"}],"curies":[{"name":"wp","href":"https:\/\/api.w.org\/{rel}","templated":true}]}}