{"id":1559,"date":"2024-04-19T08:43:19","date_gmt":"2024-04-19T08:43:19","guid":{"rendered":"https:\/\/caygiongphucan.com\/?post_type=product&amp;p=1559"},"modified":"2024-04-19T08:43:19","modified_gmt":"2024-04-19T08:43:19","slug":"cay-giong-vu-sua-mica-tim","status":"publish","type":"product","link":"https:\/\/ktech4.k-tech-services.com\/phucan713\/san-pham\/cay-giong-vu-sua-mica-tim\/","title":{"rendered":"C\u00e2y gi\u1ed1ng v\u00fa s\u1eefa mica kh\u00f4ng m\u1ee7"},"content":{"rendered":"<p>C\u00f3 m\u1ed9t lo\u1ea1i c\u00e2y v\u1eeba cho tr\u00e1i ngon, n\u0103ng su\u1ea5t cao, l\u1ea1i c\u00f3 s\u1ee9c s\u1ed1ng m\u1ea1nh m\u1ebd, ch\u1ecbu m\u1eb7n ch\u1ecbu h\u1ea1n t\u1ed1t. \u0110\u00f3 ch\u00ednh l\u00e0 gi\u1ed1ng v\u00fa s\u1eefa mica kh\u00f4ng m\u1ee7. Ti\u1ec1m n\u0103ng c\u1ee7a lo\u1ea1i c\u00e2y \u0103n tr\u00e1i n\u00e0y v\u00f4 c\u00f9ng r\u1ed9ng m\u1edf. H\u00e3y c\u00f9ng Ph\u00fac An t\u00ecm hi\u1ec3u nh\u00e9.<\/p>\n<p><iframe loading=\"lazy\" title=\"V\u00fa S\u1eefa Mica Ch\u1ec9 C\u1ea7n G\u1ecdt V\u1ecf L\u00e0 \u0102n! Th\u01a1m Ng\u1ecdt Tuy\u1ec7t V\u1eddi, Ph\u00fac An Cung C\u1ea5p C\u00e2y Gi\u1ed1ng Chu\u1ea9n\" width=\"1020\" height=\"574\" src=\"https:\/\/www.youtube.com\/embed\/iTpIXUzYodw?feature=oembed\" frameborder=\"0\" allow=\"accelerometer; autoplay; clipboard-write; encrypted-media; gyroscope; picture-in-picture; web-share\" referrerpolicy=\"strict-origin-when-cross-origin\" allowfullscreen><\/iframe><\/p>\n<h2><strong><b>Ngu\u1ed3n g\u1ed1c<\/b><\/strong><strong><b>\u00a0<\/b><\/strong><strong><b>gi\u1ed1ng<\/b><\/strong><strong><b>\u00a0<\/b><\/strong><strong><b>v\u00fa s\u1eefa mica<\/b><\/strong><\/h2>\n<figure id=\"attachment_1589\" aria-describedby=\"caption-attachment-1589\" style=\"width: 500px\" class=\"wp-caption aligncenter\"><img loading=\"lazy\" decoding=\"async\" class=\"wp-image-1589\" src=\"http:\/\/localhost\/phucan713\/wp-content\/uploads\/2024\/04\/vs-mica-2-300x210.jpg\" alt=\"C\u1eadn c\u1ea3nh tr\u00e1i v\u00fa s\u1eefa mica\" width=\"500\" height=\"351\" \/><figcaption id=\"caption-attachment-1589\" class=\"wp-caption-text\">C\u1eadn c\u1ea3nh tr\u00e1i v\u00fa s\u1eefa mica<\/figcaption><\/figure>\n<p>T\u00ean g\u1ecdi v\u00fa s\u1eefa mica l\u00e0 vi\u1ebft t\u1eaft c\u1ee7a ch\u1eef Milk Fruit of C\u00e1i M\u01a1n, ngh\u0129a l\u00e0 v\u00fa s\u1eefa c\u1ee7a x\u1ee9 s\u1edf C\u00e1i M\u01a1n.<\/p>\n<p>Gi\u1ed1ng v\u00fa s\u1eefa mica l\u00e0 m\u1ed9t gi\u1ed1ng \u0111\u1ed9t bi\u1ebfn t\u1eeb v\u00fa s\u1eefa b\u01a1 t\u00edm c\u00e1ch \u0111\u00e2y h\u01a1n 10 n\u0103m, xu\u1ea5t hi\u1ec7n t\u1ea1i \u1ea5p Ph\u1ee5ng Ch\u00e2u, x\u00e3 S\u01a1n \u0110\u1ecbnh, huy\u1ec7n Ch\u1ee3 L\u00e1ch, t\u1ec9nh B\u1ebfn Tre. L\u00fac \u1ea5y, ch\u1ee7 v\u01b0\u1eddn v\u00fa s\u1eefa \u0111\u00e3 nh\u1eadn th\u1ea5y s\u1ef1 ph\u00e1t tri\u1ec3n nhanh v\u01b0\u1ee3t b\u1eadc, ch\u1ec9 hai n\u0103m m\u00e0 ra b\u00f4ng r\u1ea5t nhi\u1ec1u, \u0111\u1eadu tr\u00e1i qu\u1eb1ng c\u1ea3 c\u00e2y.<\/p>\n<p>\u0110\u1ebfn khi c\u00f3 tr\u00e1i \u0103n th\u00ec ai c\u0169ng t\u1ea5m t\u1eafc khen ngon. T\u1eeb \u0111\u00f3, v\u00fa s\u1eefa mica \u0111\u01b0\u1ee3c S\u1edf N\u00f4ng Nghi\u1ec7p t\u1ec9nh B\u1ebfn Tre c\u00f4ng nh\u1eadn v\u00e0 nh\u00e2n gi\u1ed1ng cho \u0111\u1ebfn b\u00e2y gi\u1edd. Hi\u1ec7n t\u1ea1i nh\u1eadn \u0111\u01b0\u1ee3c s\u1ef1 y\u00eau th\u00edch t\u1eeb ng\u01b0\u1eddi ti\u00eau d\u00f9ng v\u00e0 ng\u01b0\u1eddi tr\u1ed3ng kh\u1eafp c\u1ea3 n\u01b0\u1edbc.<\/p>\n<div class=\"mceTemp\"><\/div>\n<h2><strong><b>S\u1ed1 li\u1ec7u chi ti\u1ebft kh\u1ea3o s\u00e1t v\u1ec1 gi\u1ed1ng v\u00fa s\u1eefa mica<\/b><\/strong><\/h2>\n<p>Tham kh\u1ea3o t\u1eeb S\u1edf NN-PTNT B\u1ebfn Tre th\u1ea9m \u0111\u1ecbnh: Kh\u1ed1i l\u01b0\u1ee3ng tr\u00e1i trung b\u00ecnh \u0111\u1ea1t 423g, \u0111\u1ed9 \u0111\u1ed3ng \u0111\u1ec1u tr\u00e1i \u0111\u1ea1t 75%, \u0111\u01b0\u1eddng k\u00ednh l\u00f5i 10,6cm, d\u00e0y v\u1ecf tr\u00e1i 1,1cm, c\u1ea5u tr\u00fac th\u1ecbt tr\u00e1i dai, m\u1ec1m, nhi\u1ec1u n\u01b0\u1edbc, h\u01b0\u01a1ng v\u1ecb ng\u1ecdt, th\u01a1m, s\u1ed1 h\u1ea1t 4,2 h\u1ea1t\/tr\u00e1i, \u0111\u1ed9 ng\u1ecdt 14,4%.<\/p>\n<h2><strong><b>\u0110\u1eb7c \u0111i\u1ec3m tr\u00e1i v\u00e0 h\u01b0\u01a1ng v\u1ecb v\u00fa s\u1eefa mica<\/b><\/strong><\/h2>\n<p>V\u00fa s\u1eefa mica n\u1ed5i ti\u1ebfng \u1edf \u0111\u1eb7c \u0111i\u1ec3m l\u00e0 kh\u00f4ng c\u00f3 m\u1ee7, ch\u1ec9 c\u1ea7n g\u1ecdt v\u1ecf ra l\u00e0 \u0103n \u0111\u01b0\u1ee3c ngay (\u0103n \u0111\u01b0\u1ee3c c\u1ea3 ph\u1ea7n \u0111\u1ec7m tr\u01b0\u1edbc khi \u0111\u1ebfn l\u1edbp th\u1ecbt), kh\u00f4ng c\u00f3 c\u1ea3m gi\u00e1c d\u00ednh m\u00f4i.<\/p>\n<figure id=\"attachment_3502\" aria-describedby=\"caption-attachment-3502\" style=\"width: 500px\" class=\"wp-caption aligncenter\"><img loading=\"lazy\" decoding=\"async\" class=\"wp-image-3502\" src=\"http:\/\/localhost\/phucan713\/wp-content\/uploads\/2024\/04\/z6287148333860_46cb3baf4aa6c303b3fea86d6df9a0dd-300x225.jpg\" alt=\"V\u00fa s\u1eefa mica khi ch\u00edn r\u1ea5t ng\u1ecdt v\u00e0 \u0103n kh\u00f4ng b\u1ecb d\u00ednh m\u00f4i\" width=\"500\" height=\"375\" \/><figcaption id=\"caption-attachment-3502\" class=\"wp-caption-text\">V\u00fa s\u1eefa mica khi ch\u00edn r\u1ea5t ng\u1ecdt v\u00e0 \u0103n kh\u00f4ng b\u1ecb d\u00ednh m\u00f4i<\/figcaption><\/figure>\n<p>V\u1ec1 h\u01b0\u01a1ng v\u1ecb, ch\u00fang c\u00f3 m\u00f9i th\u01a1m b\u00e9o nh\u1eb9 nh\u01b0 s\u1eefa, v\u1ecb ng\u1ecdt ng\u00e0o, ph\u1ea7n th\u1ecbt c\u00f3 \u0111\u1ed9 gi\u00f2n h\u01a1n c\u00e1c gi\u1ed1ng v\u00fa s\u1eefa kh\u00e1c.<\/p>\n<p>M\u1ed9t tr\u00e1i v\u00fa s\u1eefa mica n\u1eb7ng kho\u1ea3ng 400-500gram. V\u1eeba ngon l\u1ea1i v\u1eeba to tr\u00e1i n\u00ean \u0111\u01b0\u1ee3c \u0111\u00e1nh gi\u00e1 r\u1ea5t cao b\u1edfi ch\u1ea5t l\u01b0\u1ee3ng v\u00e0 m\u1eabu m\u00e3. Gi\u00e1 tr\u1ecb c\u1ee7a v\u00fa s\u1eefa mica \u0111\u00e3 \u0111\u01b0\u1ee3c kh\u1eb3ng \u0111\u1ecbnh tr\u00ean th\u1ecb tr\u01b0\u1eddng.<\/p>\n<figure id=\"attachment_3501\" aria-describedby=\"caption-attachment-3501\" style=\"width: 375px\" class=\"wp-caption aligncenter\"><img loading=\"lazy\" decoding=\"async\" class=\"wp-image-3501\" src=\"http:\/\/localhost\/phucan713\/wp-content\/uploads\/2024\/04\/z6287148323069_e1315779046f3508d75a776b19254f1d-225x300.jpg\" alt=\"V\u00fa s\u1eefa mica c\u00f3 tr\u1ecdng l\u01b0\u1ee3ng tr\u00e1i kh\u00e1 n\u1eb7ng so v\u1edbi c\u00e1c lo\u1ea1i v\u00fa s\u1eefa kh\u00e1c\" width=\"375\" height=\"500\" srcset=\"https:\/\/ktech4.k-tech-services.com\/phucan713\/wp-content\/uploads\/2024\/04\/z6287148323069_e1315779046f3508d75a776b19254f1d-225x300.jpg 225w, https:\/\/ktech4.k-tech-services.com\/phucan713\/wp-content\/uploads\/2024\/04\/z6287148323069_e1315779046f3508d75a776b19254f1d-768x1024.jpg 768w, https:\/\/ktech4.k-tech-services.com\/phucan713\/wp-content\/uploads\/2024\/04\/z6287148323069_e1315779046f3508d75a776b19254f1d-1152x1536.jpg 1152w, https:\/\/ktech4.k-tech-services.com\/phucan713\/wp-content\/uploads\/2024\/04\/z6287148323069_e1315779046f3508d75a776b19254f1d-1536x2048.jpg 1536w, https:\/\/ktech4.k-tech-services.com\/phucan713\/wp-content\/uploads\/2024\/04\/z6287148323069_e1315779046f3508d75a776b19254f1d-510x680.jpg 510w, https:\/\/ktech4.k-tech-services.com\/phucan713\/wp-content\/uploads\/2024\/04\/z6287148323069_e1315779046f3508d75a776b19254f1d.jpg 1920w\" sizes=\"auto, (max-width: 375px) 100vw, 375px\" \/><figcaption id=\"caption-attachment-3501\" class=\"wp-caption-text\">V\u00fa s\u1eefa mica c\u00f3 tr\u1ecdng l\u01b0\u1ee3ng tr\u00e1i kh\u00e1 n\u1eb7ng so v\u1edbi c\u00e1c lo\u1ea1i v\u00fa s\u1eefa kh\u00e1c<\/figcaption><\/figure>\n<h2><strong><b>C\u00e2y <\/b><\/strong><strong><b>v\u00fa s\u1eefa mica<\/b><\/strong><strong><b>\u00a0tr\u1ed3ng bao l\u00e2u c\u00f3 tr\u00e1i? <\/b><\/strong><\/h2>\n<p>Sau 1 n\u0103m tr\u1ed3ng t\u1eeb c\u00e2y gh\u00e9p, v\u00fa s\u1eefa mica b\u1eaft \u0111\u1ea7u cho nh\u1eefng tr\u00e1i \u0111\u1ea7u ti\u00ean. Tuy nhi\u00ean, ta n\u00ean nu\u00f4i c\u00e2y \u0111\u1ebfn 3 n\u0103m tu\u1ed5i h\u00e3y cho c\u00e2y mang tr\u00e1i nhi\u1ec1u. \u0110\u1ec3 c\u00e2y \u0111\u1ee7 s\u1ee9c v\u00e0 ch\u1ea5t l\u01b0\u1ee3ng tr\u00e1i \u0111\u01b0\u1ee3c \u0111\u1ea3m b\u1ea3o, v\u1ec1 sau c\u0169ng kh\u00f4ng b\u1ecb suy c\u00e2y. C\u00e2y v\u00fa s\u1eefa mica cho thu ho\u1ea1ch 1 l\u1ea7n\/ n\u0103m.<\/p>\n<p>Gi\u1ed1ng v\u00fa s\u1eefa mica th\u01b0\u1eddng ra hoa t\u1ef1 nhi\u00ean v\u00e0o th\u00e1ng 2 \u00e2m l\u1ecbch, s\u1ebd c\u00f3 hi\u1ec7n t\u01b0\u1ee3ng r\u1ee5ng hoa nhi\u1ec1u l\u1ea7n cho \u0111\u1ebfn khi c\u00e2y \u0111\u1eadu tr\u00e1i \u0111\u1ed3ng lo\u1ea1t v\u00e0o th\u00e1ng 10 \u00e2m l\u1ecbch. Th\u1eddi gian t\u1eeb khi ra hoa cho \u0111\u1ebfn khi tr\u00e1i ch\u00edn l\u00e0 kho\u1ea3ng ba th\u00e1ng. Tr\u00e1i v\u00fa s\u1eefa mica\u00a0ban \u0111\u1ea7u c\u00f3 m\u00e0u xanh v\u00e0 d\u1ea7n chuy\u1ec3n sang m\u00e0u t\u00edm khi ch\u00edn ho\u00e0n to\u00e0n.<\/p>\n<h2><strong><b>N\u0103ng su\u1ea5t gi\u1ed1ng <\/b><\/strong><strong><b>v\u00fa s\u1eefa mica<\/b><\/strong><\/h2>\n<p>N\u0103ng su\u1ea5t gi\u1ed1ng v\u00fa s\u1eefa Mica c\u00f3 th\u1ec3 \u0111\u1ea1t t\u1eeb 40-60 kg\/c\u00e2y\/n\u0103m khi c\u00e2y tr\u01b0\u1edfng th\u00e0nh (kho\u1ea3ng 3-5 n\u0103m tu\u1ed5i). Theo th\u1eddi gian, n\u0103ng su\u1ea5t c\u1ee7a c\u00e2y c\u1ea3i thi\u1ec7n \u0111\u00e1ng k\u1ec3, c\u00f3 th\u1ec3 \u0111\u1ea1t 300 tr\u00e1i m\u1ed7i n\u0103m (c\u00e2y kho\u1ea3ng 8-9 n\u0103m tu\u1ed5i).<\/p>\n<p>N\u0103ng su\u1ea5t c\u00f2n ph\u1ee5 thu\u1ed9c v\u00e0o nhi\u1ec1u y\u1ebfu t\u1ed1 nh\u01b0:<\/p>\n<ol start=\"1\">\n<li>\u0110i\u1ec1u ki\u1ec7n th\u1ed5 nh\u01b0\u1ee1ng: \u0110\u1ea5t gi\u00e0u dinh d\u01b0\u1ee1ng, tho\u00e1t n\u01b0\u1edbc t\u1ed1t.<\/li>\n<li>Kh\u00ed h\u1eadu: V\u00fa s\u1eefa Mica th\u00edch h\u1ee3p v\u1edbi kh\u00ed h\u1eadu nhi\u1ec7t \u0111\u1edbi, \u1ea9m.<\/li>\n<li>K\u1ef9 thu\u1eadt ch\u0103m s\u00f3c: T\u01b0\u1edbi n\u01b0\u1edbc, b\u00f3n ph\u00e2n, t\u1ec9a c\u00e0nh, ph\u00f2ng tr\u1eeb s\u00e2u b\u1ec7nh \u0111\u00fang c\u00e1ch.<\/li>\n<li>Tu\u1ed5i c\u00e2y: C\u00e2y c\u00e0ng gi\u00e0, n\u0103ng su\u1ea5t c\u00e0ng cao.<\/li>\n<\/ol>\n<figure id=\"attachment_1561\" aria-describedby=\"caption-attachment-1561\" style=\"width: 500px\" class=\"wp-caption aligncenter\"><img loading=\"lazy\" decoding=\"async\" class=\"wp-image-1561\" src=\"http:\/\/localhost\/phucan713\/wp-content\/uploads\/2024\/04\/274605754_1081390272652559_1242370649758241344_n-1024x768.jpg\" alt=\"V\u00fa s\u1eefa mica cho tr\u00e1i r\u1ea5t say\" width=\"500\" height=\"375\" \/><figcaption id=\"caption-attachment-1561\" class=\"wp-caption-text\">V\u00fa s\u1eefa mica cho tr\u00e1i r\u1ea5t say<\/figcaption><\/figure>\n<figure id=\"attachment_3504\" aria-describedby=\"caption-attachment-3504\" style=\"width: 375px\" class=\"wp-caption aligncenter\"><img loading=\"lazy\" decoding=\"async\" class=\"wp-image-3504\" src=\"http:\/\/localhost\/phucan713\/wp-content\/uploads\/2024\/04\/335001748_1250545769228808_4615284137065373666_n-225x300.jpg\" alt=\"V\u00fa s\u1eefa mica cho tr\u00e1i nhi\u1ec1u\" width=\"375\" height=\"500\" srcset=\"https:\/\/ktech4.k-tech-services.com\/phucan713\/wp-content\/uploads\/2024\/04\/335001748_1250545769228808_4615284137065373666_n-225x300.jpg 225w, https:\/\/ktech4.k-tech-services.com\/phucan713\/wp-content\/uploads\/2024\/04\/335001748_1250545769228808_4615284137065373666_n-767x1024.jpg 767w, https:\/\/ktech4.k-tech-services.com\/phucan713\/wp-content\/uploads\/2024\/04\/335001748_1250545769228808_4615284137065373666_n-768x1025.jpg 768w, https:\/\/ktech4.k-tech-services.com\/phucan713\/wp-content\/uploads\/2024\/04\/335001748_1250545769228808_4615284137065373666_n-510x681.jpg 510w, https:\/\/ktech4.k-tech-services.com\/phucan713\/wp-content\/uploads\/2024\/04\/335001748_1250545769228808_4615284137065373666_n.jpg 959w\" sizes=\"auto, (max-width: 375px) 100vw, 375px\" \/><figcaption id=\"caption-attachment-3504\" class=\"wp-caption-text\">V\u00fa s\u1eefa mica cho tr\u00e1i nhi\u1ec1u<\/figcaption><\/figure>\n<h2><strong><b>Kh\u00ed h\u1eadu v\u00e0 \u0111\u1ea5t tr\u1ed3ng th\u00edch h\u1ee3p v\u1edbi gi\u1ed1ng <\/b><\/strong><strong><b>v\u00fa s\u1eefa mica<\/b><\/strong><\/h2>\n<p>V\u00fa s\u1eefa mica c\u00f3 th\u1ec3 tr\u1ed3ng \u1edf b\u1ea5t c\u1ee9 n\u01a1i \u0111\u00e2u, v\u00ec ch\u00fang c\u00f3 s\u1ee9c s\u1ed1ng \u0111\u00e1ng ng\u01b0\u1ee1ng m\u1ed9. \u0110\u1eb7c bi\u1ec7t, \u0111\u1ed9 ch\u1ecbu m\u1eb7n c\u1ee7a gi\u1ed1ng v\u00fa s\u1eefa n\u00e0y c\u00f3 th\u1ec3 \u0111\u01b0\u1ee3c x\u1ebfp ngang ng\u1eeda v\u1edbi c\u00e2y ca cao (\u0111\u1ed9 ch\u1ecbu m\u1eb7n 6 ph\u1ea7n ng\u00e0n). \u0110i\u1ec1u n\u00e0y gi\u00fap ng\u01b0\u1eddi tr\u1ed3ng v\u01b0\u1eddn trong t\u01b0\u01a1ng lai th\u00edch \u1ee9ng \u0111\u01b0\u1ee3c v\u1edbi s\u1ef1 bi\u1ebfn \u0111\u1ed5i kh\u00ed h\u1eadu v\u00e0 v\u1ea5n \u0111\u1ec1 nhi\u1ec5m m\u1eb7n nh\u01b0 trong n\u0103m 2024 n\u00e0y.<\/p>\n<p>Lo\u1ea1i \u0111\u1ea5t th\u00edch h\u1ee3p v\u1edbi gi\u1ed1ng v\u00fa s\u1eefa mica l\u00e0 \u0111\u1ea5t ph\u00f9 sa, \u0111\u1ea5t th\u1ecbt nh\u1eb9, \u0111\u1ea5t c\u00f3 t\u1ea7ng canh t\u00e1c d\u00e0y, khu v\u1ef1c tho\u00e1t n\u01b0\u1edbc t\u1ed1t. pH \u0111\u1ea5t l\u00fd t\u01b0\u1edfng l\u00e0 5,5 \u0111\u1ebfn 6,5. Tr\u00e1nh tr\u1ed3ng \u1edf nh\u1eefng khu v\u1ef1c c\u00f3 nguy c\u01a1 ng\u1eadp \u00fang.<\/p>\n<figure id=\"attachment_3493\" aria-describedby=\"caption-attachment-3493\" style=\"width: 500px\" class=\"wp-caption aligncenter\"><img loading=\"lazy\" decoding=\"async\" class=\"wp-image-3493\" src=\"http:\/\/localhost\/phucan713\/wp-content\/uploads\/2024\/04\/Light-Blue-and-Ivory-Soft-Gradient-UI-Reminder-Search-Personal-Facebook-Post-1-300x251.jpg\" alt=\"Kh\u00e1ch h\u00e0ng ph\u1ea3n h\u1ed3i tr\u1ed3ng v\u00fa s\u1eefa mica \u0111\u01b0\u1ee3c 1 n\u0103m t\u1ea1i T\u00e2y Nguy\u00ean\" width=\"500\" height=\"419\" srcset=\"https:\/\/ktech4.k-tech-services.com\/phucan713\/wp-content\/uploads\/2024\/04\/Light-Blue-and-Ivory-Soft-Gradient-UI-Reminder-Search-Personal-Facebook-Post-1-300x251.jpg 300w, https:\/\/ktech4.k-tech-services.com\/phucan713\/wp-content\/uploads\/2024\/04\/Light-Blue-and-Ivory-Soft-Gradient-UI-Reminder-Search-Personal-Facebook-Post-1-768x644.jpg 768w, https:\/\/ktech4.k-tech-services.com\/phucan713\/wp-content\/uploads\/2024\/04\/Light-Blue-and-Ivory-Soft-Gradient-UI-Reminder-Search-Personal-Facebook-Post-1-510x428.jpg 510w, https:\/\/ktech4.k-tech-services.com\/phucan713\/wp-content\/uploads\/2024\/04\/Light-Blue-and-Ivory-Soft-Gradient-UI-Reminder-Search-Personal-Facebook-Post-1.jpg 940w\" sizes=\"auto, (max-width: 500px) 100vw, 500px\" \/><figcaption id=\"caption-attachment-3493\" class=\"wp-caption-text\">Kh\u00e1ch h\u00e0ng ph\u1ea3n h\u1ed3i tr\u1ed3ng v\u00fa s\u1eefa mica \u0111\u01b0\u1ee3c 1 n\u0103m t\u1ea1i T\u00e2y Nguy\u00ean<\/figcaption><\/figure>\n<h2><strong><b>Kho\u1ea3ng c\u00e1ch tr\u1ed3ng <\/b><\/strong><strong><b>v\u00fa s\u1eefa mica<\/b><\/strong><\/h2>\n<p>Kho\u1ea3ng c\u00e1ch gi\u1eefa c\u00e1c c\u00e2y: Th\u00f4ng th\u01b0\u1eddng, kho\u1ea3ng c\u00e1ch gi\u1eefa c\u00e1c c\u00e2y v\u00fa s\u1eefa n\u00ean kho\u1ea3ng t\u1eeb 5 \u0111\u1ebfn 8 m\u00e9t. Kho\u1ea3ng c\u00e1ch n\u00e0y ph\u00f9 h\u1ee3p \u0111\u1ec3 t\u1ed1i \u01b0u h\u00f3a vi\u1ec7c ph\u00e1t tri\u1ec3n t\u00e1n l\u00e1 v\u00e0 h\u1ec7 th\u1ed1ng r\u1ec5 c\u1ee7a c\u00e2y, \u0111\u1ed3ng th\u1eddi gi\u00fap tr\u00e1nh s\u1ef1 l\u00e2y lan c\u1ee7a b\u1ec7nh t\u1eeb c\u00e2y n\u00e0y sang c\u00e2y kh\u00e1c.<\/p>\n<p>Kho\u1ea3ng c\u00e1ch gi\u1eefa c\u00e1c h\u00e0ng: Kho\u1ea3ng c\u00e1ch gi\u1eefa c\u00e1c h\u00e0ng c\u00e2y c\u0169ng n\u00ean \u0111\u01b0\u1ee3c gi\u1eef \u1edf m\u1ee9c t\u1eeb 5 \u0111\u1ebfn 8 m\u00e9t. \u0110i\u1ec1u n\u00e0y kh\u00f4ng ch\u1ec9 gi\u00fap cho vi\u1ec7c ch\u0103m s\u00f3c c\u00e2y d\u1ec5 d\u00e0ng h\u01a1n m\u00e0 c\u00f2n t\u1ea1o \u0111i\u1ec1u ki\u1ec7n thu\u1eadn l\u1ee3i cho vi\u1ec7c thu ho\u1ea1ch v\u00e0 th\u1ef1c hi\u1ec7n c\u00e1c bi\u1ec7n ph\u00e1p b\u1ea3o v\u1ec7 th\u1ef1c v\u1eadt.<\/p>\n<h2><strong><b>Gi\u00e1 c\u00e2y gi\u1ed1ng <\/b><\/strong><strong><b>v\u00fa s\u1eefa mica<\/b><\/strong><\/h2>\n<p>Gi\u00e1 c\u00e2y gi\u1ed1ng v\u00fa s\u1eefa mica t\u1ea1i v\u01b0\u1eddn Ph\u00fac An dao \u0111\u1ed9ng t\u1eeb 40.000 &#8211; 55.000\/ c\u00e2y. T\u00f9y theo l\u00f4 c\u00e2y, s\u1ed1 l\u01b0\u1ee3ng \u0111\u1eb7t s\u1ebd c\u00f3 m\u1ee9c gi\u00e1 kh\u00e1c nhau. Ch\u00fang t\u00f4i cam k\u1ebft lu\u00f4n gi\u1eef m\u1ee9c gi\u00e1 v\u1eeba t\u00fai ti\u1ec1n \u0111\u1ec3 m\u1ecdi kh\u00e1ch h\u00e0ng \u0111\u1ec1u c\u00f3 th\u1ec3 ch\u1ecdn mua nh\u1eefng c\u00e2y gi\u1ed1ng th\u1eadt t\u1ed1t cho khu v\u01b0\u1eddn c\u1ee7a m\u00ecnh.<\/p>\n<h2><strong><b>Mua c\u00e2y gi\u1ed1ng <\/b><\/strong><strong><b>v\u00fa s\u1eefa mica<\/b><\/strong><strong><b> \u1edf \u0111\u00e2u uy t\u00edn?<\/b><\/strong><\/h2>\n<p>C\u00e2y gi\u1ed1ng Ph\u00fac An cung c\u1ea5p c\u00e2y gi\u1ed1ng v\u00fa s\u1eefa mica ch\u1ea5t l\u01b0\u1ee3ng, \u0111\u01b0\u1ee3c b\u1ea3o h\u00e0nh \u0111\u00fang gi\u1ed1ng cho t\u1edbi khi c\u00f3 tr\u00e1, l\u00e0m h\u1ee3p \u0111\u1ed3ng \u0111\u1ea3m b\u1ea3o gi\u1ed1ng cho ch\u1ee7 v\u01b0\u1eddn tr\u1ed3ng.<\/p>\n<figure id=\"attachment_1560\" aria-describedby=\"caption-attachment-1560\" style=\"width: 375px\" class=\"wp-caption aligncenter\"><img loading=\"lazy\" decoding=\"async\" class=\"wp-image-1560\" src=\"http:\/\/localhost\/phucan713\/wp-content\/uploads\/2024\/04\/z5203924042589_707d04912d9e11f647bf2bbbbc10c366-1-768x1024.jpg\" alt=\"C\u00e2y gi\u1ed1ng v\u00fa s\u1eefa mica cung c\u1ea5p b\u1edfi Ph\u00fac An\" width=\"375\" height=\"500\" \/><figcaption id=\"caption-attachment-1560\" class=\"wp-caption-text\">C\u00e2y gi\u1ed1ng v\u00fa s\u1eefa mica cung c\u1ea5p b\u1edfi Ph\u00fac An<\/figcaption><\/figure>\n<figure id=\"attachment_3498\" aria-describedby=\"caption-attachment-3498\" style=\"width: 397px\" class=\"wp-caption aligncenter\"><img loading=\"lazy\" decoding=\"async\" class=\"wp-image-3498\" src=\"http:\/\/localhost\/phucan713\/wp-content\/uploads\/2024\/04\/z6298871720893_27c532231053754af53820a57de470cb-238x300.jpg\" alt=\"C\u00e2y gi\u1ed1ng v\u00fa s\u1eefa mica \u0111\u01b0\u1ee3c s\u1ea3n xu\u1ea5t v\u00e0 cung c\u1ea5p b\u1edfi Ph\u00fac An\" width=\"397\" height=\"500\" srcset=\"https:\/\/ktech4.k-tech-services.com\/phucan713\/wp-content\/uploads\/2024\/04\/z6298871720893_27c532231053754af53820a57de470cb-238x300.jpg 238w, https:\/\/ktech4.k-tech-services.com\/phucan713\/wp-content\/uploads\/2024\/04\/z6298871720893_27c532231053754af53820a57de470cb-814x1024.jpg 814w, https:\/\/ktech4.k-tech-services.com\/phucan713\/wp-content\/uploads\/2024\/04\/z6298871720893_27c532231053754af53820a57de470cb-768x967.jpg 768w, https:\/\/ktech4.k-tech-services.com\/phucan713\/wp-content\/uploads\/2024\/04\/z6298871720893_27c532231053754af53820a57de470cb-510x642.jpg 510w, https:\/\/ktech4.k-tech-services.com\/phucan713\/wp-content\/uploads\/2024\/04\/z6298871720893_27c532231053754af53820a57de470cb.jpg 959w\" sizes=\"auto, (max-width: 397px) 100vw, 397px\" \/><figcaption id=\"caption-attachment-3498\" class=\"wp-caption-text\">C\u00e2y gi\u1ed1ng v\u00fa s\u1eefa mica \u0111\u01b0\u1ee3c s\u1ea3n xu\u1ea5t v\u00e0 cung c\u1ea5p b\u1edfi Ph\u00fac An<\/figcaption><\/figure>\n<p><strong><b>Ti\u00eau chu\u1ea9n<\/b><\/strong><strong><b>\u00a0<\/b><\/strong><strong><b>c<\/b><\/strong><strong><b>\u00e2y <\/b><\/strong><strong><b>gi\u1ed1ng v\u00fa s\u1eefa mica<\/b><\/strong><strong><b>\u00a0\u0111\u01b0\u1ee3c cung c\u1ea5p b\u1edfi v\u01b0\u1eddn Ph\u00fac An:<\/b><\/strong><\/p>\n<ul>\n<li>C\u00e2y gh\u00e9p. Chi\u1ec1u cao c\u00e2y gi\u1ed1ng t\u1eeb 50-70cm<\/li>\n<li>C\u00e2y nu\u00f4i \u0111\u1ee7 th\u1eddi gian, b\u1ea7u r\u1ec5 \u1ed5n \u0111\u1ecbnh, c\u00e2y \u0111\u00e3 x\u1ea3 n\u1eafng\u00a0c\u1ee9ng c\u00e1p<\/li>\n<li>Kh\u00f4ng c\u00f3 d\u1ea5u hi\u1ec7u s\u00e2u b\u1ec7nh, b\u1ed9 l\u00e1 xanh t\u1ed1t d\u00e0y d\u1eb7n, c\u00e2y \u0111\u1ee7 chu\u1ea9n xu\u1ea5t v\u01b0\u1eddn<\/li>\n<\/ul>\n<p>C\u00e2y tr\u1ea3i qua quy tr\u00ecnh nh\u00e2n gi\u1ed1ng, d\u01b0\u1ee1ng c\u00e2y con, x\u1ea3 n\u1eafng ho\u00e0n ch\u1ec9nh. \u0110\u1ebfn tay c\u00f4 b\u00e1c s\u1ebd l\u00e0 t\u1eebng c\u00e2y \u0111\u00e3 c\u1ee9ng c\u00e1p \u0111\u00e3 ra c\u01a1i ch\u1ed3i m\u1edbi.<br \/>\nQu\u00fd c\u00f4 b\u00e1c c\u00f3 th\u1ec3 li\u00ean h\u1ec7 tr\u1ef1c ti\u1ebfp qua SDT\/ Zalo 0962.888.014 (<a href=\"http:\/\/localhost\/phucan713\/\" target=\"_blank\" rel=\"noopener\">C\u00e2y Gi\u1ed1ng Ph\u00fac An<\/a>) \u0111\u1ec3 ch\u00fang t\u00f4i t\u01b0 v\u1ea5n v\u00e0 b\u00e1o gi\u00e1 c\u1ee5 th\u1ec3. Xin c\u1ea3m \u01a1n qu\u00fd c\u00f4 b\u00e1c \u0111\u00e3 \u0111\u1eb7t ni\u1ec1m tin v\u1edbi nh\u00e0 v\u01b0\u1eddn.<\/p>\n<p>&gt;&gt; M\u1eddi b\u1ea1n \u0111\u1ecdc th\u00eam: <a href=\"https:\/\/baolongan.vn\/trien-vong-kinh-te-tu-cay-vu-sua-tim-mica-a193907.html\" target=\"_blank\" rel=\"noopener\"><span style=\"color: #000080;\"><em><strong>Tri\u1ec3n v\u1ecdng kinh t\u1ebf t\u1eeb c\u00e2y v\u00fa s\u1eefa t\u00edm Mica<\/strong><\/em><\/span><\/a><\/p>\n","protected":false},"excerpt":{"rendered":"<p>* Gi\u00e1 tham kh\u1ea3o cho s\u1ed1 l\u01b0\u1ee3ng t\u1eeb 30 c\u00e2y, c\u00f3 th\u1ec3 thay \u0111\u1ed5i theo th\u1eddi \u0111i\u1ec3m<br \/>\n* Ch\u01b0a bao g\u1ed3m ph\u00ed v\u1eadn chuy\u1ec3n (t\u00f9y theo s\u1ed1 l\u01b0\u1ee3ng c\u00e2y v\u00e0 \u0111\u1ecba \u0111i\u1ec3m giao h\u00e0ng)<\/p>\n","protected":false},"featured_media":3503,"comment_status":"open","ping_status":"closed","template":"","meta":[],"product_brand":[],"product_cat":[103],"product_tag":[],"class_list":{"0":"post-1559","1":"product","2":"type-product","3":"status-publish","4":"has-post-thumbnail","6":"product_cat-giong-vu-sua","8":"first","9":"instock","10":"shipping-taxable","11":"purchasable","12":"product-type-simple"},"_links":{"self":[{"href":"https:\/\/ktech4.k-tech-services.com\/phucan713\/wp-json\/wp\/v2\/product\/1559","targetHints":{"allow":["GET"]}}],"collection":[{"href":"https:\/\/ktech4.k-tech-services.com\/phucan713\/wp-json\/wp\/v2\/product"}],"about":[{"href":"https:\/\/ktech4.k-tech-services.com\/phucan713\/wp-json\/wp\/v2\/types\/product"}],"replies":[{"embeddable":true,"href":"https:\/\/ktech4.k-tech-services.com\/phucan713\/wp-json\/wp\/v2\/comments?post=1559"}],"wp:featuredmedia":[{"embeddable":true,"href":"https:\/\/ktech4.k-tech-services.com\/phucan713\/wp-json\/wp\/v2\/media\/3503"}],"wp:attachment":[{"href":"https:\/\/ktech4.k-tech-services.com\/phucan713\/wp-json\/wp\/v2\/media?parent=1559"}],"wp:term":[{"taxonomy":"product_brand","embeddable":true,"href":"https:\/\/ktech4.k-tech-services.com\/phucan713\/wp-json\/wp\/v2\/product_brand?post=1559"},{"taxonomy":"product_cat","embeddable":true,"href":"https:\/\/ktech4.k-tech-services.com\/phucan713\/wp-json\/wp\/v2\/product_cat?post=1559"},{"taxonomy":"product_tag","embeddable":true,"href":"https:\/\/ktech4.k-tech-services.com\/phucan713\/wp-json\/wp\/v2\/product_tag?post=1559"}],"curies":[{"name":"wp","href":"https:\/\/api.w.org\/{rel}","templated":true}]}}