{"id":1662,"date":"2024-05-12T05:42:53","date_gmt":"2024-05-12T05:42:53","guid":{"rendered":"https:\/\/caygiongphucan.com\/?post_type=product&amp;p=1662"},"modified":"2024-05-12T05:42:53","modified_gmt":"2024-05-12T05:42:53","slug":"cay-giong-chanh-giay","status":"publish","type":"product","link":"https:\/\/ktech4.k-tech-services.com\/phucan713\/san-pham\/cay-giong-chanh-giay\/","title":{"rendered":"C\u00e2y gi\u1ed1ng chanh gi\u1ea5y"},"content":{"rendered":"<p>B\u1ea1n \u0111ang mu\u1ed1n t\u00ecm hi\u1ec3u v\u1ec1 gi\u1ed1ng chanh gi\u1ea5y \u0111\u1ec3 c\u00f3 th\u1ec3 tr\u1ed3ng trong v\u01b0\u1eddn c\u1ee7a m\u00ecnh? H\u00e3y c\u00f9ng ch\u00fang t\u00f4i kh\u00e1m ph\u00e1 v\u1ec1 ngu\u1ed3n g\u1ed1c, n\u0103ng su\u1ea5t v\u00e0 c\u00e1ch ch\u1ecdn c\u00e2y gi\u1ed1ng nh\u00e9.<\/p>\n<h2>Ngu\u1ed3n g\u1ed1c v\u00e0 \u0111\u1eb7c \u0111i\u1ec3m c\u1ee7a c\u00e2y chanh gi\u1ea5y<\/h2>\n<p>Chanh gi\u1ea5y c\u00f3 ngu\u1ed3n g\u1ed1c t\u1eeb mi\u1ec1n T\u00e2y Nam B\u1ed9 Vi\u1ec7t Nam, \u0111\u01b0\u1ee3c tr\u1ed3ng r\u1ed9ng r\u00e3i v\u00e0 ph\u1ed5 bi\u1ebfn trong c\u00e1c v\u01b0\u1eddn nh\u00e0 d\u00e2n. C\u00e2y c\u00f3 l\u1edbp v\u1ecf m\u1ecfng, s\u1ea7n s\u00f9i, h\u01a1i nh\u00e1m v\u00e0 m\u00e0u xanh nh\u1ea1t, c\u00e2y c\u00f3 nhi\u1ec1u gai nh\u1ecf. Chi\u1ec1u cao c\u00e2y t\u1eeb 3m-6m.<\/p>\n<figure id=\"attachment_1672\" aria-describedby=\"caption-attachment-1672\" style=\"width: 375px\" class=\"wp-caption aligncenter\"><img loading=\"lazy\" decoding=\"async\" class=\"wp-image-1672\" src=\"http:\/\/localhost\/phucan713\/wp-content\/uploads\/2024\/05\/257186717_3103333076659832_7121474508944368237_n-225x300.jpg\" alt=\"C\u00e2y chanh gi\u1ea5y - Ph\u00fac An\" width=\"375\" height=\"500\" \/><figcaption id=\"caption-attachment-1672\" class=\"wp-caption-text\">C\u00e2y chanh gi\u1ea5y &#8211; Ph\u00fac An<\/figcaption><\/figure>\n<p>Gi\u1ed1ng chanh gi\u1ea5y c\u00f3 kh\u1ea3 n\u0103ng sinh tr\u01b0\u1edfng m\u1ea1nh m\u1ebd k\u1ec3 c\u1ea3 nh\u1eefng n\u01a1i \u0111\u1ea5t k\u00e9m. Ch\u1ed1ng ch\u1ecbu s\u00e2u b\u1ec7nh r\u1ea5t t\u1ed1t, \u00edt khi b\u1ecb s\u00e2u v\u1ebd b\u00f9a t\u1ea5n c\u00f4ng, b\u1ec7nh gh\u1ebb ho\u1eb7c lo\u00e9t tr\u00ean chanh. C\u00f3 th\u1ec3 \u0111\u00e1nh gi\u00e1 \u0111\u00e2y l\u00e0 gi\u1ed1ng chanh m\u1ea1nh m\u1ebd nh\u1ea5t trong c\u00e1c gi\u1ed1ng \u1edf Vi\u1ec7t Nam.<\/p>\n<h2>\u0110\u1eb7c \u0111i\u1ec3m tr\u00e1i chanh gi\u1ea5y<\/h2>\n<p>V\u1edbi nh\u1eefng ng\u01b0\u1eddi y\u00eau th\u00edch h\u01b0\u01a1ng v\u1ecb c\u1ee7a chanh, ch\u1ec9 c\u1ea7n nh\u1eafc \u0111\u1ebfn &#8220;Chanh gi\u1ea5y&#8221; l\u00e0 \u0111\u00e3 \u0111\u1ee7 \u0111\u1ec3 li\u00ean t\u01b0\u1edfng \u0111\u1ebfn lo\u1ea1i tr\u00e1i c\u00e2y n\u00e0y.<\/p>\n<figure id=\"attachment_1664\" aria-describedby=\"caption-attachment-1664\" style=\"width: 500px\" class=\"wp-caption aligncenter\"><img loading=\"lazy\" decoding=\"async\" class=\"wp-image-1664\" src=\"http:\/\/localhost\/phucan713\/wp-content\/uploads\/2024\/05\/366684284_968187154466397_5911344639684260915_n-300x225.jpg\" alt=\"Chanh gi\u1ea5y - Ph\u00fac An\" width=\"500\" height=\"375\" \/><figcaption id=\"caption-attachment-1664\" class=\"wp-caption-text\">Chanh gi\u1ea5y &#8211; Ph\u00fac An<\/figcaption><\/figure>\n<p>M\u00f9i th\u01a1m t\u1eeb v\u1ecf chanh v\u1eabn c\u00f2n \u0111\u1ecdng l\u1ea1i tr\u00ean \u0111\u1ea7u ng\u00f3n tay, v\u00e0 n\u01b0\u1edbc chanh t\u1eeb tr\u00e1i chanh gi\u1ea5y v\u1eabn gi\u1eef nguy\u00ean v\u1ecb chua thanh v\u00e0 d\u1ec5 ch\u1ecbu.<\/p>\n<p>Chanh gi\u1ea5y t\u1eebng \u0111\u01b0\u1ee3c xem l\u00e0 m\u1ed9t gi\u1ed1ng chanh truy\u1ec1n th\u1ed1ng v\u00e0 \u0111\u1eb7c bi\u1ec7t t\u1eeb mi\u1ec1n t\u00e2y. V\u1edbi l\u1edbp v\u1ecf m\u1ecfng, b\u00f3ng, m\u00f9i r\u1ea5t th\u01a1m, nhi\u1ec1u n\u01b0\u1edbc. Chanh gi\u1ea5y chua nh\u01b0ng kh\u00f4ng qu\u00e1 g\u1eaft, s\u1ef1 th\u01a1m m\u00e1t c\u1ee7a chanh gi\u1ea5y r\u1ea5t \u1ea5n t\u01b0\u1ee3ng, \u00a0kh\u00f4ng gi\u1ed1ng b\u1ea5t k\u1ef3 lo\u1ea1i chanh n\u00e0o kh\u00e1c.<\/p>\n<figure id=\"attachment_1666\" aria-describedby=\"caption-attachment-1666\" style=\"width: 500px\" class=\"wp-caption aligncenter\"><img loading=\"lazy\" decoding=\"async\" class=\"wp-image-1666\" src=\"http:\/\/localhost\/phucan713\/wp-content\/uploads\/2024\/05\/Trai-chanh-giay-Phuc-An-300x272.jpg\" alt=\"Tr\u00e1i chanh gi\u1ea5y - Ph\u00fac An\" width=\"500\" height=\"453\" \/><figcaption id=\"caption-attachment-1666\" class=\"wp-caption-text\">Tr\u00e1i chanh gi\u1ea5y &#8211; Ph\u00fac An<\/figcaption><\/figure>\n<h2>Th\u1eddi gian tr\u1ed3ng v\u00e0 thu ho\u1ea1ch c\u00e2y chanh gi\u1ea5y<\/h2>\n<p>Gi\u1ed1ng c\u00e2y chanh gi\u1ea5y th\u01b0\u1eddng tr\u1ed3ng t\u1eeb c\u00e2y gh\u00e9p bo ho\u1eb7c c\u00e2y chi\u1ebft c\u00e0nh. T\u1ea7m 4-5 th\u00e1ng c\u00e2y s\u1ebd cho hoa tr\u00e1i, ta n\u00ean b\u1ecf hoa tr\u00e1i trong giai \u0111o\u1ea1n n\u00e0y \u0111\u1ec3 t\u1eadp trung dinh d\u01b0\u1ee1ng nu\u00f4i c\u00e2y.<\/p>\n<p>2 n\u0103m l\u00e0 th\u1eddi gian \u0111\u1ee7 \u0111\u1ec3 cho c\u00e2y chanh gi\u1ea5y mang tr\u00e1i thu ho\u1ea1ch. C\u00e2y \u0111\u1ee7 s\u1ee9c nu\u00f4i hoa tr\u00e1i v\u00e0 \u0111\u1ea1t n\u0103ng su\u1ea5t cao.<\/p>\n<p>Th\u1eddi gian t\u1eeb khi c\u00e2y ra hoa \u0111\u1ebfn khi thu ho\u1ea1ch tr\u00e1i dao \u0111\u1ed9ng kho\u1ea3ng 5-6 th\u00e1ng t\u00f9y thu\u1ed9c v\u00e0o \u0111i\u1ec1u ki\u1ec7n th\u1eddi ti\u1ebft v\u00e0 ch\u0103m s\u00f3c c\u00e2y.<\/p>\n<figure id=\"attachment_1674\" aria-describedby=\"caption-attachment-1674\" style=\"width: 375px\" class=\"wp-caption aligncenter\"><img loading=\"lazy\" decoding=\"async\" class=\"wp-image-1674\" src=\"http:\/\/localhost\/phucan713\/wp-content\/uploads\/2024\/05\/256811775_3103333036659836_8438385616786055914_n-225x300.jpg\" alt=\"C\u00e2y chanh gi\u1ea5y cho tr\u00e1i thu ho\u1ea1ch - Ph\u00fac An\" width=\"375\" height=\"500\" \/><figcaption id=\"caption-attachment-1674\" class=\"wp-caption-text\">C\u00e2y chanh gi\u1ea5y cho tr\u00e1i thu ho\u1ea1ch &#8211; Ph\u00fac An<\/figcaption><\/figure>\n<h2>N\u0103ng su\u1ea5t c\u1ee7a gi\u1ed1ng chanh gi\u1ea5y<\/h2>\n<h3 data-path-to-node=\"3\">N\u0103ng su\u1ea5t theo \u0111\u1ed9 tu\u1ed5i c\u00e2y (T\u00ednh tr\u00ean m\u1ed7i g\u1ed1c)<\/h3>\n<p data-path-to-node=\"4\">Chanh gi\u1ea5y l\u00e0 d\u00f2ng c\u00e2y nhanh cho thu ho\u1ea1ch, n\u1ebfu b\u1ed9 r\u1ec5 \u0111\u01b0\u1ee3c ch\u0103m s\u00f3c k\u1ef9 b\u1eb1ng h\u1eefu c\u01a1, n\u0103ng su\u1ea5t s\u1ebd t\u0103ng d\u1ea7n qua c\u00e1c n\u0103m:<\/p>\n<ul data-path-to-node=\"5\">\n<li>\n<p data-path-to-node=\"5,0,0\">N\u0103m th\u1ee9 nh\u1ea5t (Tr\u00e1i b\u00f3i): Kho\u1ea3ng 10 &#8211; 20kg\/c\u00e2y. Giai \u0111o\u1ea1n n\u00e0y Ph\u00fac An lu\u00f4n khuy\u00ean b\u00e0 con ch\u1ec9 \u0111\u1ec3 tr\u00e1i lai rai \u0111\u1ec3 d\u01b0\u1ee1ng c\u00e2y, t\u1eadp trung cho r\u1ec5 bung m\u1ea1nh.<\/p>\n<\/li>\n<li>\n<p data-path-to-node=\"5,1,0\">N\u0103m th\u1ee9 2 &#8211; 3: C\u00e2y b\u1eaft \u0111\u1ea7u v\u00e0o giai \u0111o\u1ea1n kinh doanh, n\u0103ng su\u1ea5t \u0111\u1ea1t t\u1eeb 40 &#8211; 70kg\/c\u00e2y\/n\u0103m.<\/p>\n<\/li>\n<li>\n<p data-path-to-node=\"5,2,0\">T\u1eeb n\u0103m th\u1ee9 4 tr\u1edf \u0111i (C\u00e2y tr\u01b0\u1edfng th\u00e0nh): Khi t\u00e1n \u0111\u00e3 kh\u00e9p v\u00e0 th\u00e2n \u0111\u00e3 m\u1eadp c\u00e0nh, m\u1ed9t g\u1ed1c chanh gi\u1ea5y c\u00f3 th\u1ec3 cho thu ho\u1ea1ch t\u1eeb 100kg &#8211; 150kg\/n\u0103m.<\/p>\n<\/li>\n<\/ul>\n<h3 data-path-to-node=\"6\">S\u1ea3n l\u01b0\u1ee3ng t\u00ednh tr\u00ean di\u1ec7n t\u00edch (1 C\u00f4ng\/1000m\u00b2)<\/h3>\n<p data-path-to-node=\"7\">V\u1edbi kho\u1ea3ng c\u00e1ch tr\u1ed3ng ph\u1ed5 bi\u1ebfn (kho\u1ea3ng 3m x 3m), m\u1ed9t c\u00f4ng \u0111\u1ea5t b\u00e0 con tr\u1ed3ng \u0111\u01b0\u1ee3c t\u1ea7m 100 &#8211; 120 c\u00e2y:<\/p>\n<ul data-path-to-node=\"8\">\n<li>\n<p data-path-to-node=\"8,0,0\">S\u1ea3n l\u01b0\u1ee3ng b\u00ecnh qu\u00e2n: Dao \u0111\u1ed9ng t\u1eeb 3 &#8211; 4 t\u1ea5n\/c\u00f4ng\/n\u0103m.<\/p>\n<\/li>\n<li>\n<p data-path-to-node=\"8,1,0\">\u0110\u1eb7c t\u00ednh thu ho\u1ea1ch: Chanh gi\u1ea5y c\u00f3 \u01b0u \u0111i\u1ec3m l\u00e0 cho tr\u00e1i r\u1ea3i r\u00e1c quanh n\u0103m (chanh chuy\u1ec1n). N\u1ebfu b\u00e0 con bi\u1ebft k\u1ef9 thu\u1eadt x\u1eed l\u00fd cho tr\u00e1i ngh\u1ecbch m\u00f9a (v\u00e0o m\u00f9a n\u1eafng), gi\u00e1 b\u00e1n s\u1ebd c\u1ef1c k\u1ef3 cao, mang l\u1ea1i l\u1ee3i nhu\u1eadn r\u1ea5t &#8220;kh\u1eafm kh\u00e1&#8221;.<\/p>\n<\/li>\n<\/ul>\n<div class=\"mceTemp\"><\/div>\n<figure id=\"attachment_1668\" aria-describedby=\"caption-attachment-1668\" style=\"width: 375px\" class=\"wp-caption aligncenter\"><img loading=\"lazy\" decoding=\"async\" class=\"wp-image-1668\" src=\"http:\/\/localhost\/phucan713\/wp-content\/uploads\/2024\/05\/281189681_723361032119804_2501846321475574916_n-225x300.jpg\" alt=\"Nh\u00e0 v\u01b0\u1eddn thu ho\u1ea1ch chanh gi\u1ea5y\" width=\"375\" height=\"500\" \/><figcaption id=\"caption-attachment-1668\" class=\"wp-caption-text\">Nh\u00e0 v\u01b0\u1eddn thu ho\u1ea1ch chanh gi\u1ea5y<\/figcaption><\/figure>\n<h2>\u0110i\u1ec1u ki\u1ec7n kh\u00ed h\u1eadu v\u00e0 \u0111\u1ea5t tr\u1ed3ng th\u00edch h\u1ee3p<\/h2>\n<p>Chanh gi\u1ea5y th\u00edch nghi t\u1ed1t v\u1edbi c\u00e1c \u0111i\u1ec1u ki\u1ec7n kh\u00ed h\u1eadu \u1ea5m \u00e1p, nhi\u1ec7t \u0111\u1edbi \u0111\u1eb7c bi\u1ec7t l\u00e0 v\u00f9ng \u0111\u1ea5t c\u00f3 \u0111\u1ed9 \u1ea9m cao. \u0110\u1ea5t tr\u1ed3ng n\u00ean c\u00f3 \u0111\u1ed9 pH t\u1eeb 5.5 \u0111\u1ebfn 6.5, tho\u00e1t n\u01b0\u1edbc t\u1ed1t v\u00e0 gi\u00e0u dinh d\u01b0\u1ee1ng \u0111\u1ec3 t\u1ea1o \u0111i\u1ec1u ki\u1ec7n t\u1ed1t nh\u1ea5t cho s\u1ef1 ph\u00e1t tri\u1ec3n c\u1ee7a c\u00e2y.<\/p>\n<h2>Kho\u1ea3ng c\u00e1ch tr\u1ed3ng chanh gi\u1ea5y<\/h2>\n<ul>\n<li>\n<p data-path-to-node=\"6,0,0\">Kho\u1ea3ng c\u00e1ch l\u00fd t\u01b0\u1edfng: 3m x 3m ho\u1eb7c 3m x 4m.<\/p>\n<\/li>\n<li>\n<p data-path-to-node=\"6,1,0\">M\u1eadt \u0111\u1ed9: Dao \u0111\u1ed9ng t\u1eeb 80 &#8211; 110 c\u00e2y\/1.000m\u00b2 (1 c\u00f4ng).<\/p>\n<\/li>\n<li>\n<p data-path-to-node=\"6,2,0\">\u01afu \u0111i\u1ec3m: \u0110\u00e2y l\u00e0 kho\u1ea3ng c\u00e1ch &#8220;v\u00e0ng&#8221; gi\u00fap c\u00e2y chanh gi\u1ea5y c\u00f3 \u0111\u1ee7 kh\u00f4ng gian \u0111\u1ec3 x\u00f2e t\u00e1n. Khi v\u01b0\u1eddn th\u00f4ng tho\u00e1ng, \u00e1nh s\u00e1ng l\u1ecdt v\u00e0o th\u00e2n s\u1ebd k\u00edch th\u00edch c\u00e2y ra b\u00f4ng \u0111\u1ec1u, tr\u00e1i n\u1eb7ng k\u00fd v\u00e0 h\u1ea1n ch\u1ebf t\u1ed1i \u0111a c\u00e1c b\u1ec7nh gh\u1ebb nh\u00e1m, lo\u00e9t da tr\u00e1i.<\/p>\n<\/li>\n<\/ul>\n<figure id=\"attachment_1665\" aria-describedby=\"caption-attachment-1665\" style=\"width: 375px\" class=\"wp-caption aligncenter\"><img loading=\"lazy\" decoding=\"async\" class=\"wp-image-1665\" src=\"http:\/\/localhost\/phucan713\/wp-content\/uploads\/2024\/05\/435172757_328179650276537_5181881654912849407_n-225x300.jpg\" alt=\"C\u00e2y chanh gi\u1ea5y - Ph\u00fac An\" width=\"375\" height=\"500\" \/><figcaption id=\"caption-attachment-1665\" class=\"wp-caption-text\">C\u00e2y chanh gi\u1ea5y &#8211; Ph\u00fac An<\/figcaption><\/figure>\n<h2>Gi\u00e1 c\u00e2y gi\u1ed1ng chanh gi\u1ea5y<\/h2>\n<p>Ph\u00fac An c\u00f3 2 ph\u00e2n lo\u1ea1i c\u00e2y v\u1edbi c\u00e1c m\u1ee9c gi\u00e1 kh\u00e1c nhau:<\/p>\n<ul>\n<li>C\u00e2y gi\u1ed1ng chanh gi\u1ea5y, gh\u00e9p, nu\u00f4i b\u1ea7u: 28.000 30.000\/c\u00e2y. T\u00f9y theo s\u1ed1 l\u01b0\u1ee3ng s\u1ebd c\u00f3 m\u1ee9c gi\u00e1 t\u01b0\u01a1ng \u1ee9ng.<\/li>\n<li>C\u00e2y gi\u1ed1ng chanh gi\u1ea5y, gh\u00e9p, h\u00e0ng \u1ed1p b\u1eb9 (b\u1ee9ng t\u1eeb 100 c\u00e2y, \u1ed1p b\u1eb9 chu\u1ed1i b\u00ean ngo\u00e0i b\u1ea7u \u0111\u1ea5t, kh\u00e1ch c\u1ea7n tr\u1ed3ng li\u1ec1n trong 2 ng\u00e0y sau khi nh\u1eadn c\u00e2y): 18.000 &#8211; 20.000\/c\u00e2y<\/li>\n<\/ul>\n<p>Ch\u00fang t\u00f4i lu\u00f4n gi\u1eef m\u1ee9c gi\u00e1 ph\u1ea3i ch\u0103ng \u0111\u1ec3 m\u1ecdi kh\u00e1ch h\u00e0ng \u0111\u1ec1u c\u00f3 th\u1ec3 ch\u1ecdn mua nh\u1eefng c\u00e2y gi\u1ed1ng ch\u1ea5t l\u01b0\u1ee3ng cho khu v\u01b0\u1eddn c\u1ee7a m\u00ecnh.<\/p>\n<figure id=\"attachment_3552\" aria-describedby=\"caption-attachment-3552\" style=\"width: 375px\" class=\"wp-caption aligncenter\"><img loading=\"lazy\" decoding=\"async\" class=\"wp-image-3552\" src=\"http:\/\/localhost\/phucan713\/wp-content\/uploads\/2024\/05\/z6297820389359_50325c1f6d0fc542e786483ca066fa78-225x300.jpg\" alt=\"C\u00e2y gi\u1ed1ng chanh gi\u1ea5y gh\u00e9p, h\u00e0ng \u1ed1p b\u1eb9 b\u1ee9ng t\u1eeb 100 c\u00e2y - C\u00e2y Gi\u1ed1ng Ph\u00fac An cung c\u1ea5p\" width=\"375\" height=\"500\" srcset=\"https:\/\/ktech4.k-tech-services.com\/phucan713\/wp-content\/uploads\/2024\/05\/z6297820389359_50325c1f6d0fc542e786483ca066fa78-225x300.jpg 225w, https:\/\/ktech4.k-tech-services.com\/phucan713\/wp-content\/uploads\/2024\/05\/z6297820389359_50325c1f6d0fc542e786483ca066fa78-768x1024.jpg 768w, https:\/\/ktech4.k-tech-services.com\/phucan713\/wp-content\/uploads\/2024\/05\/z6297820389359_50325c1f6d0fc542e786483ca066fa78-510x680.jpg 510w, https:\/\/ktech4.k-tech-services.com\/phucan713\/wp-content\/uploads\/2024\/05\/z6297820389359_50325c1f6d0fc542e786483ca066fa78.jpg 960w\" sizes=\"auto, (max-width: 375px) 100vw, 375px\" \/><figcaption id=\"caption-attachment-3552\" class=\"wp-caption-text\">C\u00e2y gi\u1ed1ng chanh gi\u1ea5y gh\u00e9p, h\u00e0ng \u1ed1p b\u1eb9 b\u1ee9ng t\u1eeb 100 c\u00e2y &#8211; C\u00e2y Gi\u1ed1ng Ph\u00fac An cung c\u1ea5p<\/figcaption><\/figure>\n<figure id=\"attachment_3555\" aria-describedby=\"caption-attachment-3555\" style=\"width: 375px\" class=\"wp-caption aligncenter\"><img loading=\"lazy\" decoding=\"async\" class=\"wp-image-3555\" src=\"http:\/\/localhost\/phucan713\/wp-content\/uploads\/2024\/05\/chanh-khong-hat-225x300.jpg\" alt=\"M\u1eabu c\u00e2y chanh gh\u00e9p, h\u00e0ng \u1ed1p b\u1eb9\" width=\"375\" height=\"500\" srcset=\"https:\/\/ktech4.k-tech-services.com\/phucan713\/wp-content\/uploads\/2024\/05\/chanh-khong-hat-225x300.jpg 225w, https:\/\/ktech4.k-tech-services.com\/phucan713\/wp-content\/uploads\/2024\/05\/chanh-khong-hat-768x1024.jpg 768w, https:\/\/ktech4.k-tech-services.com\/phucan713\/wp-content\/uploads\/2024\/05\/chanh-khong-hat-510x680.jpg 510w, https:\/\/ktech4.k-tech-services.com\/phucan713\/wp-content\/uploads\/2024\/05\/chanh-khong-hat.jpg 960w\" sizes=\"auto, (max-width: 375px) 100vw, 375px\" \/><figcaption id=\"caption-attachment-3555\" class=\"wp-caption-text\">M\u1eabu c\u00e2y chanh gh\u00e9p, h\u00e0ng \u1ed1p b\u1eb9<\/figcaption><\/figure>\n<figure id=\"attachment_1671\" aria-describedby=\"caption-attachment-1671\" style=\"width: 500px\" class=\"wp-caption aligncenter\"><img loading=\"lazy\" decoding=\"async\" class=\"wp-image-1671\" src=\"http:\/\/localhost\/phucan713\/wp-content\/uploads\/2024\/05\/Chanh-giay-2-300x225.jpg\" alt=\"C\u00e2y gi\u1ed1ng chanh gi\u1ea5y gh\u00e9p, h\u00e0ng nu\u00f4i b\u1ea7u\" width=\"500\" height=\"375\" \/><figcaption id=\"caption-attachment-1671\" class=\"wp-caption-text\">C\u00e2y gi\u1ed1ng chanh gi\u1ea5y gh\u00e9p, h\u00e0ng nu\u00f4i b\u1ea7u<\/figcaption><\/figure>\n<h2>Mua c\u00e2y gi\u1ed1ng chanh gi\u1ea5y \u1edf \u0111\u00e2u ch\u1ea5t l\u01b0\u1ee3ng?<\/h2>\n<p>C\u00e2y tr\u1ea3i qua quy tr\u00ecnh nh\u00e2n gi\u1ed1ng, d\u01b0\u1ee1ng c\u00e2y con, x\u1ea3 n\u1eafng ho\u00e0n ch\u1ec9nh. \u0110\u1ebfn tay c\u00f4 b\u00e1c s\u1ebd l\u00e0 t\u1eebng c\u00e2y \u0111\u00e3 c\u1ee9ng c\u00e1p \u0111\u00e3 ra c\u01a1i ch\u1ed3i m\u1edbi.<br \/>\nQu\u00fd c\u00f4 b\u00e1c c\u00f3 th\u1ec3 li\u00ean h\u1ec7 tr\u1ef1c ti\u1ebfp qua <span style=\"color: #008000; font-size: 120%;\"><strong>SDT\/ Zalo 0962.888.014<\/strong><\/span> (<a href=\"http:\/\/localhost\/phucan713\/\" target=\"_blank\" rel=\"noopener\">C\u00e2y Gi\u1ed1ng Ph\u00fac An<\/a>) \u0111\u1ec3 ch\u00fang t\u00f4i t\u01b0 v\u1ea5n v\u00e0 b\u00e1o gi\u00e1 c\u1ee5 th\u1ec3. Xin c\u1ea3m \u01a1n qu\u00fd c\u00f4 b\u00e1c \u0111\u00e3 \u0111\u1eb7t ni\u1ec1m tin v\u1edbi nh\u00e0 v\u01b0\u1eddn.<\/p>\n<p>&gt;&gt; M\u1eddi b\u1ea1n \u0111\u1ecdc th\u00eam: <span style=\"color: #000080;\"><em><a style=\"color: #000080;\" href=\"https:\/\/baobinhduong.vn\/trong-chanh-giay-kiem-tien-trieu-moi-ngay-a164344.html\" target=\"_blank\" rel=\"noopener\">Tr\u1ed3ng chanh gi\u1ea5y ki\u1ebfm ti\u1ec1n tri\u1ec7u m\u1ed7i ng\u00e0y<\/a><\/em><\/span><\/p>\n","protected":false},"excerpt":{"rendered":"<p>* Gi\u00e1 tham kh\u1ea3o cho s\u1ed1 l\u01b0\u1ee3ng t\u1eeb 30 c\u00e2y, c\u00f3 th\u1ec3 thay \u0111\u1ed5i theo th\u1eddi \u0111i\u1ec3m<br \/>\n* Ch\u01b0a bao g\u1ed3m ph\u00ed v\u1eadn chuy\u1ec3n (t\u00f9y theo s\u1ed1 l\u01b0\u1ee3ng c\u00e2y v\u00e0 \u0111\u1ecba \u0111i\u1ec3m giao h\u00e0ng)<\/p>\n","protected":false},"featured_media":3552,"comment_status":"closed","ping_status":"closed","template":"","meta":[],"product_brand":[],"product_cat":[35,50],"product_tag":[54],"class_list":{"0":"post-1662","1":"product","2":"type-product","3":"status-publish","4":"has-post-thumbnail","6":"product_cat-san-pham-giong-cay-an-trai","7":"product_cat-giong-chanh","8":"product_tag-giong-chanh-giay","10":"first","11":"instock","12":"shipping-taxable","13":"purchasable","14":"product-type-simple"},"_links":{"self":[{"href":"https:\/\/ktech4.k-tech-services.com\/phucan713\/wp-json\/wp\/v2\/product\/1662","targetHints":{"allow":["GET"]}}],"collection":[{"href":"https:\/\/ktech4.k-tech-services.com\/phucan713\/wp-json\/wp\/v2\/product"}],"about":[{"href":"https:\/\/ktech4.k-tech-services.com\/phucan713\/wp-json\/wp\/v2\/types\/product"}],"replies":[{"embeddable":true,"href":"https:\/\/ktech4.k-tech-services.com\/phucan713\/wp-json\/wp\/v2\/comments?post=1662"}],"wp:featuredmedia":[{"embeddable":true,"href":"https:\/\/ktech4.k-tech-services.com\/phucan713\/wp-json\/wp\/v2\/media\/3552"}],"wp:attachment":[{"href":"https:\/\/ktech4.k-tech-services.com\/phucan713\/wp-json\/wp\/v2\/media?parent=1662"}],"wp:term":[{"taxonomy":"product_brand","embeddable":true,"href":"https:\/\/ktech4.k-tech-services.com\/phucan713\/wp-json\/wp\/v2\/product_brand?post=1662"},{"taxonomy":"product_cat","embeddable":true,"href":"https:\/\/ktech4.k-tech-services.com\/phucan713\/wp-json\/wp\/v2\/product_cat?post=1662"},{"taxonomy":"product_tag","embeddable":true,"href":"https:\/\/ktech4.k-tech-services.com\/phucan713\/wp-json\/wp\/v2\/product_tag?post=1662"}],"curies":[{"name":"wp","href":"https:\/\/api.w.org\/{rel}","templated":true}]}}