{"id":1712,"date":"2024-05-16T11:08:17","date_gmt":"2024-05-16T11:08:17","guid":{"rendered":"https:\/\/caygiongphucan.com\/?post_type=product&amp;p=1712"},"modified":"2024-05-16T11:08:17","modified_gmt":"2024-05-16T11:08:17","slug":"cay-giong-man-xanh-duong-soc-trang","status":"publish","type":"product","link":"https:\/\/ktech4.k-tech-services.com\/phucan713\/san-pham\/cay-giong-man-xanh-duong-soc-trang\/","title":{"rendered":"C\u00e2y gi\u1ed1ng m\u1eadn xanh \u0111\u01b0\u1eddng S\u00f3c Tr\u0103ng"},"content":{"rendered":"<p>Gi\u1ed1ng m\u1eadn xanh \u0111\u01b0\u1eddng S\u00f3c Tr\u0103ng l\u00e0 \u0111\u1eb7c s\u1ea3n tr\u1ee9 danh v\u00f9ng \u0110\u1ed3ng b\u1eb1ng s\u00f4ng C\u1eedu Long, n\u1ed5i ti\u1ebfng v\u1edbi h\u01b0\u01a1ng v\u1ecb ng\u1ecdt ng\u00e0o, gi\u00f2n r\u1ee5m v\u00e0 h\u01b0\u01a1ng th\u01a1m v\u00f4 c\u00f9ng thanh m\u00e1t. Gi\u1ed1ng m\u1eadn x\u01b0a n\u00e0y hi\u1ec7n t\u1ea1i \u0111\u00e3 \u0111\u01b0\u1ee3c nh\u00e2n gi\u1ed1ng r\u1ed9ng r\u00e3i h\u01a1n tr\u01b0\u1edbc.<\/p>\n<h2><strong><b>Ngu\u1ed3n g\u1ed1c v\u00e0 \u0111\u1eb7c \u0111i\u1ec3m gi\u1ed1ng m\u1eadn xanh \u0111\u01b0\u1eddng S\u00f3c Tr\u0103ng<\/b><\/strong><\/h2>\n<figure id=\"attachment_2026\" aria-describedby=\"caption-attachment-2026\" style=\"width: 375px\" class=\"wp-caption aligncenter\"><img loading=\"lazy\" decoding=\"async\" class=\"wp-image-2026\" src=\"http:\/\/localhost\/phucan713\/wp-content\/uploads\/2024\/05\/318789779_224559923232793_3817267782410545788_n-225x300.jpg\" alt=\"C\u00e2y m\u1eadn xanh \u0111\u01b0\u1eddng S\u00f3c Tr\u0103ng tr\u01b0\u1edfng th\u00e0nh\" width=\"375\" height=\"500\" \/><figcaption id=\"caption-attachment-2026\" class=\"wp-caption-text\">C\u00e2y m\u1eadn xanh \u0111\u01b0\u1eddng S\u00f3c Tr\u0103ng tr\u01b0\u1edfng th\u00e0nh<\/figcaption><\/figure>\n<p>C\u00e2y m\u1eadn xanh \u0111\u01b0\u1eddng S\u00f3c Tr\u0103ng c\u00f3 ngu\u1ed3n g\u1ed1c t\u1eeb S\u00f3c Tr\u0103ng\u00a0\u0111\u00e3 v\u00e0i ch\u1ee5c n\u0103m nay, \u0111\u01b0\u1ee3c xem l\u00e0 gi\u1ed1ng m\u1eadn c\u1ed5 v\u00e0 ngon b\u1eadc nh\u1ea5t\u00a0Vi\u1ec7t Nam. Lo\u1ea1i m\u1eadn n\u00e0y \u0111\u01b0\u1ee3c \u01b0a chu\u1ed9ng b\u1edfi \u0111\u1eb7c \u0111i\u1ec3m n\u1ed5i b\u1eadt:<\/p>\n<ul>\n<li>Th\u00e2n c\u00e2y:\u00a0M\u1ea1nh m\u1ebd, t\u00e1n r\u1ed9ng, cao trung b\u00ecnh 3-5m.<\/li>\n<li>L\u00e1: D\u00e0i, thu\u00f4n nh\u1ecdn, m\u00e0u xanh \u0111\u1eadm d\u00e0y c\u00f3 \u0111\u1ed9 b\u00f3ng nh\u1eb9<\/li>\n<li>Hoa:\u00a0M\u00e0u tr\u1eafng, n\u1edf th\u00e0nh ch\u00f9m.<\/li>\n<li>Tr\u00e1i: Khi ch\u00edn c\u00f3 m\u00e0u xanh b\u00f3ng, tr\u00e1i m\u1eadn nh\u1ecf xinh, \u0111\u1eb7c ru\u1ed9t, \u1edf \u0111\u00e0i tr\u00e1i m\u1eadn\u00a0c\u00f3 m\u00e0u ph\u1edbt h\u1ed3ng n\u00ean c\u00f2n \u0111\u01b0\u1ee3c g\u1ecdi l\u00e0 m\u1eadn \u0111\u01b0\u1eddng b\u00f4ng.<\/li>\n<li>H\u01b0\u01a1ng v\u1ecb tr\u00e1i m\u1eadn xanh \u0111\u01b0\u1eddng S\u00f3c Tr\u0103ng: Tuy tr\u00e1i b\u00e9 xinh nh\u01b0ng \u0103n ch\u1ea5t l\u01b0\u1ee3ng, th\u1ecbt m\u1eadn ch\u1eafc gi\u00f2n, v\u1ecb ng\u1ecdt ng\u00e0o thanh m\u00e1t lan t\u1ecfa khi th\u01b0\u1edfng th\u1ee9c.<\/li>\n<\/ul>\n<figure id=\"attachment_2023\" aria-describedby=\"caption-attachment-2023\" style=\"width: 467px\" class=\"wp-caption aligncenter\"><img loading=\"lazy\" decoding=\"async\" class=\"wp-image-2023\" src=\"http:\/\/localhost\/phucan713\/wp-content\/uploads\/2024\/05\/313921769_3272080936367718_1357651112535291960_n-280x300.jpg\" alt=\"C\u1eadn c\u1ea3nh tr\u00e1i m\u1eadn xanh \u0111\u01b0\u1eddng S\u00f3c Tr\u0103ng\" width=\"467\" height=\"500\" \/><figcaption id=\"caption-attachment-2023\" class=\"wp-caption-text\">C\u1eadn c\u1ea3nh tr\u00e1i m\u1eadn xanh \u0111\u01b0\u1eddng S\u00f3c Tr\u0103ng<\/figcaption><\/figure>\n<figure id=\"attachment_2357\" aria-describedby=\"caption-attachment-2357\" style=\"width: 485px\" class=\"wp-caption aligncenter\"><img loading=\"lazy\" decoding=\"async\" class=\"wp-image-2357\" src=\"http:\/\/localhost\/phucan713\/wp-content\/uploads\/2024\/05\/320505791_992364668594384_9090709021892750977_n-243x300.jpg\" alt=\"Tr\u00e1i m\u1eadn xanh \u0111\u01b0\u1eddng S\u00f3c Tr\u0103ng b\u00e9 b\u00e9 nh\u01b0ng r\u1ea5t ch\u1eafc th\u1ecbt\" width=\"485\" height=\"600\" srcset=\"https:\/\/ktech4.k-tech-services.com\/phucan713\/wp-content\/uploads\/2024\/05\/320505791_992364668594384_9090709021892750977_n-243x300.jpg 243w, https:\/\/ktech4.k-tech-services.com\/phucan713\/wp-content\/uploads\/2024\/05\/320505791_992364668594384_9090709021892750977_n-828x1024.jpg 828w, https:\/\/ktech4.k-tech-services.com\/phucan713\/wp-content\/uploads\/2024\/05\/320505791_992364668594384_9090709021892750977_n-768x950.jpg 768w, https:\/\/ktech4.k-tech-services.com\/phucan713\/wp-content\/uploads\/2024\/05\/320505791_992364668594384_9090709021892750977_n-510x631.jpg 510w, https:\/\/ktech4.k-tech-services.com\/phucan713\/wp-content\/uploads\/2024\/05\/320505791_992364668594384_9090709021892750977_n.jpg 1053w\" sizes=\"auto, (max-width: 485px) 100vw, 485px\" \/><figcaption id=\"caption-attachment-2357\" class=\"wp-caption-text\">Tr\u00e1i m\u1eadn xanh \u0111\u01b0\u1eddng S\u00f3c Tr\u0103ng b\u00e9 b\u00e9 nh\u01b0ng r\u1ea5t ch\u1eafc th\u1ecbt<\/figcaption><\/figure>\n<h2><strong><b>Gi\u1ed1ng c\u00e2y m\u1eadn xanh \u0111\u01b0\u1eddng S\u00f3c Tr\u0103ng tr\u1ed3ng bao l\u00e2u c\u00f3 tr\u00e1i?<\/b><\/strong><\/h2>\n<p>Khi tr\u1ed3ng t\u1eeb c\u00e2y gh\u00e9p, ch\u1ec9 kho\u1ea3ng 5 th\u00e1ng c\u00e2y \u0111\u00e3 cho tr\u00e1i b\u00f3i. Tuy nhi\u00ean, \u0111\u1ec3 \u0111\u00fang \u0111\u1ed9 tu\u1ed5i thu ho\u1ea1ch th\u00ec ta c\u1ea7n kho\u1ea3ng 3 n\u0103m, c\u00f3 khi s\u1edbm h\u01a1n n\u1ebfu c\u00e2y \u0111\u01b0\u1ee3c ch\u0103m s\u00f3c t\u1ed1t. B\u1ea1n kh\u00f4ng n\u00ean \u0111\u1ec3 c\u00e2y m\u1eadn mang tr\u00e1i qu\u00e1 s\u1edbm v\u00ec s\u1ebd l\u00e0m suy c\u00e2y, kh\u00f4ng khai th\u00e1c n\u0103ng su\u1ea5t \u0111\u01b0\u1ee3c l\u00e2u d\u00e0i.<\/p>\n<h2><strong>\u01afu \u0111i\u1ec3m tuy\u1ec7t v\u1eddi khi tr\u1ed3ng m\u1eadn xanh \u0111\u01b0\u1eddng S\u00f3c Tr\u0103ng<\/strong><\/h2>\n<p>S\u1ee9c s\u1ed1ng m\u00e3nh li\u1ec7t l\u00e0 \u01b0u \u0111i\u1ec3m n\u1ed5i tr\u1ed9i nh\u1ea5t c\u1ee7a gi\u1ed1ng m\u1eadn \u0111\u1eb7c s\u1ea3n n\u00e0y. \u1ede nh\u1eefng v\u01b0\u1eddn l\u00e2u n\u0103m, c\u00e2y m\u1eadn xanh \u0111\u01b0\u1eddng S\u00f3c Tr\u0103ng l\u1edbn \u0111\u1ebfn h\u01a1n 10 n\u0103m tu\u1ed5i v\u1eabn ph\u00e1t tri\u1ec3n t\u1ed1t v\u00e0 cho n\u0103ng su\u1ea5t cao.<\/p>\n<p>Quan tr\u1ecdng l\u00e0 ch\u00fang r\u1ea5t \u00edt b\u1ecb t\u1ea5n c\u00f4ng b\u1edfi s\u00e2u b\u1ec7nh, d\u00f9 c\u00f3 g\u1eb7p \u0111i\u1ec1u ki\u1ec7n b\u1ea5t thu\u1eadn t\u1eeb m\u00f4i tr\u01b0\u1eddng v\u1eabn t\u1ef1 ch\u1ed1ng ch\u1ecbu t\u1ed1t. Nh\u1edd v\u1eady ch\u1ee7 v\u01b0\u1eddn tr\u1ed3ng m\u1eadn s\u1ebd \u0111\u1ee1 c\u00f4ng ch\u0103m s\u00f3c, ti\u1ebft ki\u1ec7m chi ph\u00ed ph\u00e2n thu\u1ed1c, t\u1ed1i \u01b0u l\u1ee3i nhu\u1eadn khi tr\u1ed3ng.<\/p>\n<p>Ng\u1ea1c nhi\u00ean \u1edf ch\u1ed7, gi\u1ed1ng m\u1eadn n\u00e0y c\u00e2y c\u00e0ng gi\u00e0 tr\u00e1i l\u1ea1i c\u00e0ng ngon ng\u1ecdt, c\u00e2y cho tr\u00e1i n\u0103ng su\u1ea5t r\u1ea5t cao m\u00e0 kh\u00f4ng b\u1ecb suy tho\u00e1i.<\/p>\n<figure id=\"attachment_2037\" aria-describedby=\"caption-attachment-2037\" style=\"width: 305px\" class=\"wp-caption aligncenter\"><img loading=\"lazy\" decoding=\"async\" class=\"wp-image-2037\" src=\"http:\/\/localhost\/phucan713\/wp-content\/uploads\/2024\/05\/z4678258933606_0e21c9e8d39e75bc817336d8f01cb133-183x300.jpg\" alt=\"Ch\u00f9m m\u1eadn xanh \u0111\u01b0\u1eddng S\u00f3c Tr\u0103ng\" width=\"305\" height=\"500\" \/><figcaption id=\"caption-attachment-2037\" class=\"wp-caption-text\">Ch\u00f9m m\u1eadn xanh \u0111\u01b0\u1eddng S\u00f3c Tr\u0103ng<\/figcaption><\/figure>\n<h2><strong><b>Th\u1eddi gian ra hoa \u0111\u1ebfn khi thu ho\u1ea1ch kho\u1ea3ng bao l\u00e2u?<\/b><\/strong><\/h2>\n<p>T\u1eeb\u00a0khi ra hoa \u0111\u1ebfn khi thu ho\u1ea1ch m\u1eadn xanh \u0111\u01b0\u1eddng S\u00f3c Tr\u0103ng m\u1ea5t kho\u1ea3ng 2-3 th\u00e1ng.<\/p>\n<h2><strong><b>M\u00f9a v\u1ee5 thu ho\u1ea1ch m\u1eadn xanh \u0111\u01b0\u1eddng S\u00f3c Tr\u0103ng<\/b><\/strong><\/h2>\n<p>Th\u1eddi gian thu ho\u1ea1ch m\u1eadn t\u1eeb \u0111\u1ea7u th\u00e1ng 11 \u0111\u1ebfn th\u00e1ng 4 \u00e2m l\u1ecbch n\u0103m sau. M\u1ed7i n\u0103m thu ho\u1ea1ch t\u1eeb 4-6 \u0111\u1ee3t, m\u1ed7i \u0111\u1ee3t \u0111\u01b0\u1ee3c kho\u1ea3ng 2 t\u1ea5n tr\u00e1i. S\u1ea3n l\u01b0\u1ee3ng n\u00e0y \u0111\u01b0\u1ee3c t\u00ednh tr\u00ean 1 hecta tr\u1ed3ng m\u1eadn (kho\u1ea3ng 300 c\u00e2y).<\/p>\n<figure id=\"attachment_2024\" aria-describedby=\"caption-attachment-2024\" style=\"width: 519px\" class=\"wp-caption aligncenter\"><img loading=\"lazy\" decoding=\"async\" class=\"wp-image-2024\" src=\"http:\/\/localhost\/phucan713\/wp-content\/uploads\/2024\/05\/314343448_3272081073034371_6334641919533799893_n-260x300.jpg\" alt=\"Thu ho\u1ea1ch m\u1eadn xanh \u0111\u01b0\u1eddng S\u00f3c Tr\u0103ng\" width=\"519\" height=\"600\" \/><figcaption id=\"caption-attachment-2024\" class=\"wp-caption-text\">Thu ho\u1ea1ch m\u1eadn xanh \u0111\u01b0\u1eddng S\u00f3c Tr\u0103ng<\/figcaption><\/figure>\n<p>Gi\u1ed1ng m\u1eadn xanh \u0111\u01b0\u1eddng S\u00f3c Tr\u0103ng cho tr\u00e1i quanh n\u0103m, nh\u01b0ng ta ch\u1ec9 n\u00ean gi\u1eef tr\u00e1i thu ho\u1ea1ch trong 6 th\u00e1ng m\u00f9a kh\u00f4. C\u00f2n 6 th\u00e1ng m\u00f9a m\u01b0a t\u1eadp trung d\u01b0\u1ee1ng c\u00e2y, n\u1ebfu c\u00f3 ra tr\u00e1i th\u00ec l\u1eb7t b\u1ecf. V\u00ec m\u00f9a m\u01b0a tr\u00e1i kh\u00f4ng ngon, v\u1ecb nh\u1ea1t, v\u00e0 quan tr\u1ecdng l\u00e0 \u0111\u1ec3 t\u1eadp trung dinh d\u01b0\u1ee1ng cho c\u00e2y. M\u00f9a n\u1eafng \u0111\u1ee3t sau s\u1ebd cho s\u1ea3n l\u01b0\u1ee3ng t\u1ed1t h\u01a1n.<\/p>\n<h2><strong><b>N\u0103ng su\u1ea5t gi\u1ed1ng m\u1eadn xanh \u0111\u01b0\u1eddng S\u00f3c Tr\u0103ng<\/b><\/strong><\/h2>\n<p>N\u0103ng su\u1ea5t trung b\u00ecnh c\u1ee7a m\u1eadn xanh \u0111\u01b0\u1eddng S\u00f3c Tr\u0103ng \u0111\u1ea1t 50-70kg\/ c\u00e2y\/ n\u0103m. Khi \u0111\u01b0\u1ee3c ch\u0103m s\u00f3c t\u1ed1t v\u00e0 \u0111\u1ee7 s\u1ee9c, n\u0103ng su\u1ea5t c\u00f3 th\u1ec3 l\u00ean \u0111\u1ebfn 100-150kg \/c\u00e2y\/ n\u0103m.<\/p>\n<figure id=\"attachment_2037\" aria-describedby=\"caption-attachment-2037\" style=\"width: 366px\" class=\"wp-caption aligncenter\"><img loading=\"lazy\" decoding=\"async\" class=\"wp-image-2037\" src=\"http:\/\/localhost\/phucan713\/wp-content\/uploads\/2024\/05\/z4678258933606_0e21c9e8d39e75bc817336d8f01cb133-183x300.jpg\" alt=\"Gi\u1ed1ng m\u1eadn n\u00e0y c\u00f3 n\u0103ng su\u1ea5t r\u1ea5t cao\" width=\"366\" height=\"600\" \/><figcaption id=\"caption-attachment-2037\" class=\"wp-caption-text\">Gi\u1ed1ng m\u1eadn n\u00e0y c\u00f3 n\u0103ng su\u1ea5t r\u1ea5t cao<\/figcaption><\/figure>\n<h2><strong><b>Kh\u00ed h\u1eadu v\u00e0 \u0111\u1ea5t tr\u1ed3ng th\u00edch h\u1ee3p v\u1edbi gi\u1ed1ng m\u1eadn xanh \u0111\u01b0\u1eddng S\u00f3c Tr\u0103ng<\/b><\/strong><\/h2>\n<p>M\u1eadn xanh \u0111\u01b0\u1eddng S\u00f3c Tr\u0103ng th\u00edch nghi t\u1ed1t v\u1edbi nhi\u1ec1u \u0111i\u1ec1u ki\u1ec7n kh\u00ed h\u1eadu, \u0111\u1eb7c bi\u1ec7t l\u00e0 kh\u00ed h\u1eadu nhi\u1ec7t \u0111\u1edbi gi\u00f3 m\u00f9a, n\u00f3ng \u1ea9m, nhi\u1ec1u n\u1eafng.<\/p>\n<p>C\u00e2y c\u00f3 th\u1ec3 ph\u00e1t tri\u1ec3n tr\u00ean nhi\u1ec1u lo\u1ea1i \u0111\u1ea5t kh\u00e1c nhau, t\u1ed1t nh\u1ea5t l\u00e0 \u0111\u1ea5t th\u1ecbt pha c\u00e1t, t\u01a1i x\u1ed1p, gi\u00e0u dinh d\u01b0\u1ee1ng, tho\u00e1t n\u01b0\u1edbc t\u1ed1t. K\u1ec3 c\u1ea3 nh\u1eefng v\u00f9ng \u0111\u1ea5t b\u1ecb nhi\u1ec5m ph\u00e8n, c\u00e2y m\u1eadn xanh \u0111\u01b0\u1eddng S\u00f3c Tr\u0103ng v\u1eabn c\u00f3 th\u1ec3 s\u1ed1ng s\u00f3t v\u00e0 ph\u00e1t tri\u1ec3n \u0111\u01b0\u1ee3c.<\/p>\n<figure id=\"attachment_2036\" aria-describedby=\"caption-attachment-2036\" style=\"width: 343px\" class=\"wp-caption aligncenter\"><img loading=\"lazy\" decoding=\"async\" class=\"wp-image-2036\" src=\"http:\/\/localhost\/phucan713\/wp-content\/uploads\/2024\/05\/z4678258930585_e2763deb963d97b7772aa1d307316c14-172x300.jpg\" alt=\"C\u00e2y m\u1eadn xanh \u0111\u01b0\u1eddng S\u00f3c Tr\u0103ng th\u00edch nghi t\u1ed1t v\u1edbi nhi\u1ec1u v\u00f9ng \u0111\u1ea5t kh\u00e1c nhau\" width=\"343\" height=\"600\" \/><figcaption id=\"caption-attachment-2036\" class=\"wp-caption-text\">C\u00e2y m\u1eadn xanh \u0111\u01b0\u1eddng S\u00f3c Tr\u0103ng th\u00edch nghi t\u1ed1t v\u1edbi nhi\u1ec1u v\u00f9ng \u0111\u1ea5t kh\u00e1c nhau<\/figcaption><\/figure>\n<p>K\u1ef9 thu\u1eadt tr\u1ed3ng v\u00e0 ch\u0103m s\u00f3c m\u1eadn xanh \u0111\u01b0\u1eddng S\u00f3c Tr\u0103ng t\u01b0\u01a1ng \u0111\u1ed1i \u0111\u01a1n gi\u1ea3n, kh\u00f4ng \u0111\u00f2i h\u1ecfi nhi\u1ec1u k\u1ef9 thu\u1eadt ph\u1ee9c t\u1ea1p.<\/p>\n<p>C\u00e2y \u00edt s\u00e2u b\u1ec7nh, d\u1ec5 th\u00edch nghi v\u1edbi \u0111i\u1ec1u ki\u1ec7n ch\u0103m s\u00f3c c\u01a1 b\u1ea3n.<\/p>\n<h2><strong><b>Kho\u1ea3ng c\u00e1ch tr\u1ed3ng m\u1eadn xanh \u0111\u01b0\u1eddng S\u00f3c Tr\u0103ng<\/b><\/strong><\/h2>\n<p>Kho\u1ea3ng c\u00e1ch tr\u1ed3ng m\u1eadn xanh \u0111\u01b0\u1eddng S\u00f3c Tr\u0103ng th\u01b0\u1eddng l\u00e0 6x6m \u0111\u1ec3 \u0111\u1ea3m b\u1ea3o \u0111\u1ee7 kh\u00f4ng gian cho c\u00e2y ph\u00e1t tri\u1ec3n v\u00e0 thu ho\u1ea1ch.<\/p>\n<figure id=\"attachment_2356\" aria-describedby=\"caption-attachment-2356\" style=\"width: 528px\" class=\"wp-caption aligncenter\"><img loading=\"lazy\" decoding=\"async\" class=\"wp-image-2356\" src=\"http:\/\/localhost\/phucan713\/wp-content\/uploads\/2024\/05\/man-xanh-duong-fgwere-264x300.jpg\" alt=\"C\u00e2y m\u1eadn xanh \u0111\u01b0\u1eddng S\u00f3c Tr\u0103ng say tr\u0129u qu\u1ea3\" width=\"528\" height=\"600\" srcset=\"https:\/\/ktech4.k-tech-services.com\/phucan713\/wp-content\/uploads\/2024\/05\/man-xanh-duong-fgwere-264x300.jpg 264w, https:\/\/ktech4.k-tech-services.com\/phucan713\/wp-content\/uploads\/2024\/05\/man-xanh-duong-fgwere-900x1024.jpg 900w, https:\/\/ktech4.k-tech-services.com\/phucan713\/wp-content\/uploads\/2024\/05\/man-xanh-duong-fgwere-768x874.jpg 768w, https:\/\/ktech4.k-tech-services.com\/phucan713\/wp-content\/uploads\/2024\/05\/man-xanh-duong-fgwere-1350x1536.jpg 1350w, https:\/\/ktech4.k-tech-services.com\/phucan713\/wp-content\/uploads\/2024\/05\/man-xanh-duong-fgwere-510x580.jpg 510w, https:\/\/ktech4.k-tech-services.com\/phucan713\/wp-content\/uploads\/2024\/05\/man-xanh-duong-fgwere.jpg 1536w\" sizes=\"auto, (max-width: 528px) 100vw, 528px\" \/><figcaption id=\"caption-attachment-2356\" class=\"wp-caption-text\">C\u00e2y m\u1eadn xanh \u0111\u01b0\u1eddng S\u00f3c Tr\u0103ng say tr\u0129u qu\u1ea3<\/figcaption><\/figure>\n<h2><strong><b>Gi\u00e1 c\u00e2y gi\u1ed1ng <\/b><\/strong><strong><b>m\u1eadn xanh \u0111\u01b0\u1eddng S\u00f3c Tr\u0103ng<\/b><\/strong><\/h2>\n<p>Gi\u00e1 c\u00e2y gi\u1ed1ng m\u1eadn xanh \u0111\u01b0\u1eddng S\u00f3c Tr\u0103ng t\u1ea1i v\u01b0\u1eddn Ph\u00fac An dao \u0111\u1ed9ng t\u1eeb 110.000 &#8211; 150.000\/ c\u00e2y. T\u00f9y theo l\u00f4 c\u00e2y, s\u1ed1 l\u01b0\u1ee3ng \u0111\u1eb7t s\u1ebd c\u00f3 m\u1ee9c gi\u00e1 kh\u00e1c nhau. Ch\u00fang t\u00f4i cam k\u1ebft lu\u00f4n gi\u1eef m\u1ee9c gi\u00e1 v\u1eeba t\u00fai ti\u1ec1n \u0111\u1ec3 m\u1ecdi kh\u00e1ch h\u00e0ng \u0111\u1ec1u c\u00f3 th\u1ec3 ch\u1ecdn mua nh\u1eefng c\u00e2y gi\u1ed1ng th\u1eadt t\u1ed1t cho khu v\u01b0\u1eddn c\u1ee7a m\u00ecnh.<\/p>\n<figure id=\"attachment_2030\" aria-describedby=\"caption-attachment-2030\" style=\"width: 500px\" class=\"wp-caption aligncenter\"><img loading=\"lazy\" decoding=\"async\" class=\"wp-image-2030\" src=\"http:\/\/localhost\/phucan713\/wp-content\/uploads\/2024\/05\/man-xanh-duong-4-300x225.jpg\" alt=\"C\u00e2y gi\u1ed1ng m\u1eadn xanh \u0111\u01b0\u1eddng S\u00f3c Tr\u0103ng - Ph\u00fac An cung c\u1ea5p\" width=\"500\" height=\"375\" \/><figcaption id=\"caption-attachment-2030\" class=\"wp-caption-text\">C\u00e2y gi\u1ed1ng m\u1eadn xanh \u0111\u01b0\u1eddng S\u00f3c Tr\u0103ng &#8211; Ph\u00fac An cung c\u1ea5p<\/figcaption><\/figure>\n<h2><strong><b>Mua c\u00e2y gi\u1ed1ng <\/b><\/strong><strong><b>m\u1eadn xanh \u0111\u01b0\u1eddng S\u00f3c Tr\u0103ng<\/b><\/strong><strong><b>\u00a0\u1edf \u0111\u00e2u ch\u1ea5t l\u01b0\u1ee3ng?<\/b><\/strong><\/h2>\n<p>C\u00e2y gi\u1ed1ng Ph\u00fac An cung c\u1ea5p c\u00e2y gi\u1ed1ng m\u1eadn xanh \u0111\u01b0\u1eddng S\u00f3c Tr\u0103ng ch\u1ea5t l\u01b0\u1ee3ng, \u0111\u01b0\u1ee3c b\u1ea3o h\u00e0nh \u0111\u00fang gi\u1ed1ng cho t\u1edbi khi c\u00f3 tr\u00e1i.<\/p>\n<figure id=\"attachment_2146\" aria-describedby=\"caption-attachment-2146\" style=\"width: 450px\" class=\"wp-caption aligncenter\"><img loading=\"lazy\" decoding=\"async\" class=\"wp-image-2146\" src=\"http:\/\/localhost\/phucan713\/wp-content\/uploads\/2024\/05\/ghep-canh-man-xanh-duong-soc-trang-225x300.jpg\" alt=\"Gh\u00e9p chui c\u00e0nh m\u1eadn xanh \u0111\u01b0\u1eddng S\u00f3c Tr\u0103ng - Ph\u00fac An cung c\u1ea5p\" width=\"450\" height=\"600\" srcset=\"https:\/\/ktech4.k-tech-services.com\/phucan713\/wp-content\/uploads\/2024\/05\/ghep-canh-man-xanh-duong-soc-trang-225x300.jpg 225w, https:\/\/ktech4.k-tech-services.com\/phucan713\/wp-content\/uploads\/2024\/05\/ghep-canh-man-xanh-duong-soc-trang-768x1024.jpg 768w, https:\/\/ktech4.k-tech-services.com\/phucan713\/wp-content\/uploads\/2024\/05\/ghep-canh-man-xanh-duong-soc-trang-1152x1536.jpg 1152w, https:\/\/ktech4.k-tech-services.com\/phucan713\/wp-content\/uploads\/2024\/05\/ghep-canh-man-xanh-duong-soc-trang-510x680.jpg 510w, https:\/\/ktech4.k-tech-services.com\/phucan713\/wp-content\/uploads\/2024\/05\/ghep-canh-man-xanh-duong-soc-trang.jpg 1536w\" sizes=\"auto, (max-width: 450px) 100vw, 450px\" \/><figcaption id=\"caption-attachment-2146\" class=\"wp-caption-text\">Gh\u00e9p chui c\u00e0nh m\u1eadn xanh \u0111\u01b0\u1eddng S\u00f3c Tr\u0103ng &#8211; Ph\u00fac An cung c\u1ea5p<\/figcaption><\/figure>\n<p>V\u01b0\u1eddn nh\u00e2n gi\u1ed1ng c\u1ee7a Ph\u00fac An \u0111\u01b0\u1ee3c ch\u1ecdn l\u1ef1a k\u1ef9 l\u01b0\u1ee1ng, l\u00e0 v\u01b0\u1eddn \u0111\u00e3 cho tr\u00e1i chu\u1ea9n v\u00e0 \u1ed5n \u0111\u1ecbnh. C\u00e0nh gh\u00e9p \u0111\u01b0\u1ee3c tuy\u1ec3n ch\u1ecdn kh\u1ecfe m\u1ea1nh xanh t\u1ed1t.<\/p>\n<figure id=\"attachment_2147\" aria-describedby=\"caption-attachment-2147\" style=\"width: 450px\" class=\"wp-caption aligncenter\"><img loading=\"lazy\" decoding=\"async\" class=\"wp-image-2147\" src=\"http:\/\/localhost\/phucan713\/wp-content\/uploads\/2024\/05\/man-xanh-duong-soc-trang-cay-lam-giong-225x300.jpg\" alt=\"L\u1ef1a ch\u1ecdn nh\u1eefng nh\u00e1nh m\u1eadn t\u01a1 \u0111\u1ec3 nh\u00e2n gi\u1ed1ng m\u1eadn xanh \u0111\u01b0\u1eddng S\u00f3c Tr\u0103ng\" width=\"450\" height=\"600\" srcset=\"https:\/\/ktech4.k-tech-services.com\/phucan713\/wp-content\/uploads\/2024\/05\/man-xanh-duong-soc-trang-cay-lam-giong-225x300.jpg 225w, https:\/\/ktech4.k-tech-services.com\/phucan713\/wp-content\/uploads\/2024\/05\/man-xanh-duong-soc-trang-cay-lam-giong-768x1024.jpg 768w, https:\/\/ktech4.k-tech-services.com\/phucan713\/wp-content\/uploads\/2024\/05\/man-xanh-duong-soc-trang-cay-lam-giong-1152x1536.jpg 1152w, https:\/\/ktech4.k-tech-services.com\/phucan713\/wp-content\/uploads\/2024\/05\/man-xanh-duong-soc-trang-cay-lam-giong-510x680.jpg 510w, https:\/\/ktech4.k-tech-services.com\/phucan713\/wp-content\/uploads\/2024\/05\/man-xanh-duong-soc-trang-cay-lam-giong.jpg 1536w\" sizes=\"auto, (max-width: 450px) 100vw, 450px\" \/><figcaption id=\"caption-attachment-2147\" class=\"wp-caption-text\">L\u1ef1a ch\u1ecdn nh\u1eefng nh\u00e1nh m\u1eadn t\u01a1 \u0111\u1ec3 nh\u00e2n gi\u1ed1ng m\u1eadn xanh \u0111\u01b0\u1eddng S\u00f3c Tr\u0103ng<\/figcaption><\/figure>\n<figure id=\"attachment_2028\" aria-describedby=\"caption-attachment-2028\" style=\"width: 450px\" class=\"wp-caption aligncenter\"><img loading=\"lazy\" decoding=\"async\" class=\"wp-image-2028\" src=\"http:\/\/localhost\/phucan713\/wp-content\/uploads\/2024\/05\/366955622_857910972434219_9163561298230429970_n-225x300.jpg\" alt=\"Th\u00e0nh ph\u1ea9m c\u00e2y gi\u1ed1ng m\u1eadn xanh \u0111\u01b0\u1eddng S\u00f3c Tr\u0103ng t\u1ea1i Ph\u00fac An\" width=\"450\" height=\"600\" \/><figcaption id=\"caption-attachment-2028\" class=\"wp-caption-text\">Th\u00e0nh ph\u1ea9m c\u00e2y gi\u1ed1ng m\u1eadn xanh \u0111\u01b0\u1eddng S\u00f3c Tr\u0103ng t\u1ea1i Ph\u00fac An<\/figcaption><\/figure>\n<figure id=\"attachment_2148\" aria-describedby=\"caption-attachment-2148\" style=\"width: 450px\" class=\"wp-caption aligncenter\"><img loading=\"lazy\" decoding=\"async\" class=\"wp-image-2148\" src=\"http:\/\/localhost\/phucan713\/wp-content\/uploads\/2024\/05\/man-xanh-duong-st-ann80b110-1-225x300.jpg\" alt=\"Th\u00e0nh ph\u1ea9m c\u00e2y gi\u1ed1ng m\u1eadn xanh \u0111\u01b0\u1eddng S\u00f3c Tr\u0103ng t\u1ea1i Ph\u00fac An\" width=\"450\" height=\"600\" \/><figcaption id=\"caption-attachment-2148\" class=\"wp-caption-text\">Th\u00e0nh ph\u1ea9m c\u00e2y gi\u1ed1ng m\u1eadn xanh \u0111\u01b0\u1eddng S\u00f3c Tr\u0103ng t\u1ea1i Ph\u00fac An<\/figcaption><\/figure>\n<figure id=\"attachment_2031\" aria-describedby=\"caption-attachment-2031\" style=\"width: 375px\" class=\"wp-caption aligncenter\"><img loading=\"lazy\" decoding=\"async\" class=\"wp-image-2031\" src=\"http:\/\/localhost\/phucan713\/wp-content\/uploads\/2024\/05\/man-xanh-duong-soc-trang-12-225x300.jpg\" alt=\"C\u00e2y gi\u1ed1ng m\u1eadn xanh \u0111\u01b0\u1eddng S\u00f3c Tr\u0103ng - Ph\u00fac An giao h\u00e0ng cho kh\u00e1ch\" width=\"375\" height=\"500\" \/><figcaption id=\"caption-attachment-2031\" class=\"wp-caption-text\">C\u00e2y gi\u1ed1ng m\u1eadn xanh \u0111\u01b0\u1eddng S\u00f3c Tr\u0103ng &#8211; Ph\u00fac An giao h\u00e0ng cho kh\u00e1ch<\/figcaption><\/figure>\n<p><span style=\"font-size: 100%;\"><strong><span style=\"color: #008000;\">Ti\u00eau chu\u1ea9n C\u00e2y gi\u1ed1ng m\u1eadn xanh \u0111\u01b0\u1eddng S\u00f3c Tr\u0103ng \u0111\u01b0\u1ee3c cung c\u1ea5p b\u1edfi v\u01b0\u1eddn Ph\u00fac An:<\/span><\/strong><\/span><\/p>\n<p>&#8211; Chi\u1ec1u cao c\u00e2y gi\u1ed1ng t\u1eeb 60cm-70cm<\/p>\n<p>&#8211; C\u00e2y nu\u00f4i \u0111\u1ee7 th\u1eddi gian, b\u1ea7u r\u1ec5 \u1ed5n \u0111\u1ecbnh, c\u00e2y \u0111\u00e3 x\u1ea3 n\u1eafng\u00a0c\u1ee9ng c\u00e1p<\/p>\n<p>&#8211; Kh\u00f4ng c\u00f3 d\u1ea5u hi\u1ec7u s\u00e2u b\u1ec7nh, v\u1ebft gh\u00e9p ti\u1ebfp h\u1ee3p t\u1ed1t, b\u1ed9 l\u00e1 xanh t\u1ed1t d\u00e0y d\u1eb7n<\/p>\n<figure id=\"attachment_2027\" aria-describedby=\"caption-attachment-2027\" style=\"width: 375px\" class=\"wp-caption aligncenter\"><img loading=\"lazy\" decoding=\"async\" class=\"wp-image-2027\" src=\"http:\/\/localhost\/phucan713\/wp-content\/uploads\/2024\/05\/362245354_824377419291507_6629628018780537652_n-225x300.jpg\" alt=\"C\u00e2y gi\u1ed1ng m\u1eadn xanh \u0111\u01b0\u1eddng S\u00f3c Tr\u0103ng - C\u00e2y gi\u1ed1ng Ph\u00fac An\" width=\"375\" height=\"500\" \/><figcaption id=\"caption-attachment-2027\" class=\"wp-caption-text\">C\u00e2y gi\u1ed1ng m\u1eadn xanh \u0111\u01b0\u1eddng S\u00f3c Tr\u0103ng &#8211; C\u00e2y gi\u1ed1ng Ph\u00fac An<\/figcaption><\/figure>\n<figure id=\"attachment_2183\" aria-describedby=\"caption-attachment-2183\" style=\"width: 375px\" class=\"wp-caption aligncenter\"><img loading=\"lazy\" decoding=\"async\" class=\"wp-image-2183\" src=\"http:\/\/localhost\/phucan713\/wp-content\/uploads\/2024\/04\/cay-man-re-khoe-1-225x300.jpg\" alt=\"C\u00e2y m\u1eadn gi\u1ed1ng c\u00f3 r\u1ec5 kh\u1ecfe - Ph\u00fac An\" width=\"375\" height=\"500\" srcset=\"https:\/\/ktech4.k-tech-services.com\/phucan713\/wp-content\/uploads\/2024\/04\/cay-man-re-khoe-1-225x300.jpg 225w, https:\/\/ktech4.k-tech-services.com\/phucan713\/wp-content\/uploads\/2024\/04\/cay-man-re-khoe-1-768x1024.jpg 768w, https:\/\/ktech4.k-tech-services.com\/phucan713\/wp-content\/uploads\/2024\/04\/cay-man-re-khoe-1-1152x1536.jpg 1152w, https:\/\/ktech4.k-tech-services.com\/phucan713\/wp-content\/uploads\/2024\/04\/cay-man-re-khoe-1-510x680.jpg 510w, https:\/\/ktech4.k-tech-services.com\/phucan713\/wp-content\/uploads\/2024\/04\/cay-man-re-khoe-1.jpg 1536w\" sizes=\"auto, (max-width: 375px) 100vw, 375px\" \/><figcaption id=\"caption-attachment-2183\" class=\"wp-caption-text\">C\u00e2y m\u1eadn gi\u1ed1ng c\u00f3 r\u1ec5 kh\u1ecfe &#8211; Ph\u00fac An<\/figcaption><\/figure>\n<p>C\u00e2y tr\u1ea3i qua quy tr\u00ecnh nh\u00e2n gi\u1ed1ng, d\u01b0\u1ee1ng c\u00e2y con, x\u1ea3 n\u1eafng ho\u00e0n ch\u1ec9nh. \u0110\u1ebfn tay c\u00f4 b\u00e1c s\u1ebd l\u00e0 t\u1eebng c\u00e2y \u0111\u00e3 c\u1ee9ng c\u00e1p \u0111\u00e3 ra c\u01a1i ch\u1ed3i m\u1edbi.<br \/>\nQu\u00fd c\u00f4 b\u00e1c c\u00f3 th\u1ec3 li\u00ean h\u1ec7 tr\u1ef1c ti\u1ebfp qua SDT\/ Zalo 0962.888.014 (<a href=\"http:\/\/localhost\/phucan713\/\" target=\"_blank\" rel=\"noopener\">C\u00e2y Gi\u1ed1ng Ph\u00fac An<\/a>) \u0111\u1ec3 ch\u00fang t\u00f4i t\u01b0 v\u1ea5n v\u00e0 b\u00e1o gi\u00e1 c\u1ee5 th\u1ec3. Xin c\u1ea3m \u01a1n qu\u00fd c\u00f4 b\u00e1c \u0111\u00e3 \u0111\u1eb7t ni\u1ec1m tin v\u1edbi nh\u00e0 v\u01b0\u1eddn.<\/p>\n<p>&gt;&gt; M\u1eddi b\u1ea1n \u0111\u1ecdc th\u00eam: <a href=\"https:\/\/thanhnien.vn\/man-xanh-duong-hoi-sinh-nha-vuon-mien-tay-thu-nhap-hang-tram-trieu-dong-nam-185250629091450285.htm\" target=\"_blank\" rel=\"noopener\"><span style=\"color: #000080;\"><em><strong>M\u1eadn xanh \u0111\u01b0\u1eddng &#8216;h\u1ed3i sinh&#8217;, nh\u00e0 v\u01b0\u1eddn mi\u1ec1n T\u00e2y thu nh\u1eadp h\u00e0ng tr\u0103m tri\u1ec7u \u0111\u1ed3ng\/n\u0103m<\/strong><\/em><\/span><\/a><\/p>\n","protected":false},"excerpt":{"rendered":"<p>* Gi\u00e1 tham kh\u1ea3o cho s\u1ed1 l\u01b0\u1ee3ng t\u1eeb 30 c\u00e2y, c\u00f3 th\u1ec3 thay \u0111\u1ed5i theo th\u1eddi \u0111i\u1ec3m<br \/>\n* Ch\u01b0a bao g\u1ed3m ph\u00ed v\u1eadn chuy\u1ec3n (t\u00f9y theo s\u1ed1 l\u01b0\u1ee3ng c\u00e2y v\u00e0 \u0111\u1ecba \u0111i\u1ec3m giao h\u00e0ng)<\/p>\n","protected":false},"featured_media":2029,"comment_status":"closed","ping_status":"closed","template":"","meta":[],"product_brand":[],"product_cat":[68],"product_tag":[71],"class_list":{"0":"post-1712","1":"product","2":"type-product","3":"status-publish","4":"has-post-thumbnail","6":"product_cat-giong-man","7":"product_tag-giong-man-xanh-duong-soc-trang","9":"first","10":"instock","11":"shipping-taxable","12":"purchasable","13":"product-type-simple"},"_links":{"self":[{"href":"https:\/\/ktech4.k-tech-services.com\/phucan713\/wp-json\/wp\/v2\/product\/1712","targetHints":{"allow":["GET"]}}],"collection":[{"href":"https:\/\/ktech4.k-tech-services.com\/phucan713\/wp-json\/wp\/v2\/product"}],"about":[{"href":"https:\/\/ktech4.k-tech-services.com\/phucan713\/wp-json\/wp\/v2\/types\/product"}],"replies":[{"embeddable":true,"href":"https:\/\/ktech4.k-tech-services.com\/phucan713\/wp-json\/wp\/v2\/comments?post=1712"}],"wp:featuredmedia":[{"embeddable":true,"href":"https:\/\/ktech4.k-tech-services.com\/phucan713\/wp-json\/"}],"wp:attachment":[{"href":"https:\/\/ktech4.k-tech-services.com\/phucan713\/wp-json\/wp\/v2\/media?parent=1712"}],"wp:term":[{"taxonomy":"product_brand","embeddable":true,"href":"https:\/\/ktech4.k-tech-services.com\/phucan713\/wp-json\/wp\/v2\/product_brand?post=1712"},{"taxonomy":"product_cat","embeddable":true,"href":"https:\/\/ktech4.k-tech-services.com\/phucan713\/wp-json\/wp\/v2\/product_cat?post=1712"},{"taxonomy":"product_tag","embeddable":true,"href":"https:\/\/ktech4.k-tech-services.com\/phucan713\/wp-json\/wp\/v2\/product_tag?post=1712"}],"curies":[{"name":"wp","href":"https:\/\/api.w.org\/{rel}","templated":true}]}}