{"id":1759,"date":"2024-05-17T07:04:10","date_gmt":"2024-05-17T07:04:10","guid":{"rendered":"https:\/\/caygiongphucan.com\/?post_type=product&amp;p=1759"},"modified":"2024-05-17T07:04:10","modified_gmt":"2024-05-17T07:04:10","slug":"cay-giong-cam-sanh","status":"publish","type":"product","link":"https:\/\/ktech4.k-tech-services.com\/phucan713\/san-pham\/cay-giong-cam-sanh\/","title":{"rendered":"C\u00e2y gi\u1ed1ng cam s\u00e0nh"},"content":{"rendered":"<p>Cam s\u00e0nh\u00a0l\u00e0 m\u1ed9t gi\u1ed1ng cam ph\u1ed5 bi\u1ebfn t\u1ea1i Vi\u1ec7t Nam, \u0111\u01b0\u1ee3c nhi\u1ec1u ng\u01b0\u1eddi y\u00eau th\u00edch b\u1edfi h\u01b0\u01a1ng v\u1ecb th\u01a1m ngon, ng\u1ecdt thanh v\u00e0 gi\u00e1 tr\u1ecb dinh d\u01b0\u1ee1ng cao.<\/p>\n<p>B\u00e0i vi\u1ebft n\u00e0y s\u1ebd cung c\u1ea5p cho b\u1ea1n th\u00f4ng tin chi ti\u1ebft v\u1ec1 gi\u1ed1ng cam s\u00e0nh, t\u1eeb ngu\u1ed3n g\u1ed1c, \u0111\u1eb7c \u0111i\u1ec3m \u0111\u1ebfn c\u00e1ch tr\u1ed3ng v\u00e0 ch\u0103m s\u00f3c.<\/p>\n<p><strong><b>Ngu\u1ed3n g\u1ed1c, \u0111\u1eb7c \u0111i\u1ec3m c\u00e2y cam <\/b><\/strong><strong><b>s\u00e0nh<\/b><\/strong><\/p>\n<p>Cam s\u00e0nh\u00a0c\u00f3 t\u00ean khoa h\u1ecdc l\u00e0 Citrus sinensis, thu\u1ed9c h\u1ecd Rutaceae. Lo\u1ea1i cam n\u00e0y c\u00f3 ngu\u1ed3n g\u1ed1c t\u1eeb \u0110\u00f4ng Nam \u00c1, \u0111\u01b0\u1ee3c du nh\u1eadp v\u00e0o Vi\u1ec7t Nam t\u1eeb Th\u00e1i Lan c\u00e1ch \u0111\u00e2y kho\u1ea3ng 200 n\u0103m.<\/p>\n<p>C\u00e2y cam s\u00e0nh\u00a0c\u00f3 th\u1ec3 cao t\u1edbi 10 m\u00e9t, t\u00e1n r\u1ed9ng v\u00e0 c\u00e0nh nh\u00e1nh nhi\u1ec1u. L\u00e1 cam s\u00e0nh\u00a0h\u00ecnh b\u1ea7u d\u1ee5c, m\u00e0u xanh \u0111\u1eadm, m\u00e9p l\u00e1 c\u00f3 r\u0103ng c\u01b0a. Hoa cam s\u00e0nh\u00a0m\u00e0u tr\u1eafng, m\u1ecdc th\u00e0nh ch\u00f9m \u1edf n\u00e1ch l\u00e1.<\/p>\n<p><strong><b>\u0110\u1eb7c \u0111i\u1ec3m tr\u00e1i cam <\/b><\/strong><strong><b>s\u00e0nh<\/b><\/strong><\/p>\n<p>Tr\u00e1i cam s\u00e0nh\u00a0c\u00f3 h\u00ecnh tr\u00f2n ho\u1eb7c h\u01a1i d\u1eb9t, \u0111\u01b0\u1eddng k\u00ednh trung b\u00ecnh 7-10 cm. V\u1ecf tr\u00e1i\u00a0d\u00e0y, s\u1ea7n s\u00f9i, m\u00e0u xanh l\u1ee5c khi c\u00f2n non v\u00e0 chuy\u1ec3n sang m\u00e0u v\u00e0ng cam khi ch\u00edn. Th\u1ecbt tr\u00e1i\u00a0cam s\u00e0nh\u00a0m\u00e0u v\u00e0ng cam, nhi\u1ec1u n\u01b0\u1edbc, v\u1ecb ng\u1ecdt thanh v\u00e0 c\u00f3 \u00edt h\u1ea1t.<\/p>\n<p>Cam s\u00e0nh\u00a0c\u00f3 th\u1ec3 \u0103n tr\u1ef1c ti\u1ebfp, v\u1eaft n\u01b0\u1edbc u\u1ed1ng ho\u1eb7c ch\u1ebf bi\u1ebfn th\u00e0nh c\u00e1c m\u00f3n \u0103n nh\u01b0 salad, sinh t\u1ed1, m\u1ee9t. Lo\u1ea1i cam n\u00e0y kh\u00f4ng ch\u1ec9 cung c\u1ea5p vitamin C d\u1ed3i d\u00e0o m\u00e0 c\u00f2n c\u00f3 nhi\u1ec1u t\u00e1c d\u1ee5ng t\u1ed1t cho s\u1ee9c kh\u1ecfe nh\u01b0 t\u0103ng c\u01b0\u1eddng h\u1ec7 mi\u1ec5n d\u1ecbch, h\u1ed7 tr\u1ee3 ti\u00eau h\u00f3a v\u00e0 l\u00e0m \u0111\u1eb9p da.<\/p>\n<p><strong><b>Gi\u1ed1ng cam <\/b><\/strong><strong><b>s\u00e0nh<\/b><\/strong><strong><b>\u00a0tr\u1ed3ng bao l\u00e2u c\u00f3 tr\u00e1i?<\/b><\/strong><\/p>\n<p>C\u00e2y cam s\u00e0nh\u00a0tr\u1ed3ng kho\u1ea3ng 2-3 n\u0103m s\u1ebd b\u1eaft \u0111\u1ea7u cho tr\u00e1i. Tuy nhi\u00ean, n\u0103ng su\u1ea5t tr\u00e1i\u00a0s\u1ebd t\u0103ng d\u1ea7n theo th\u1eddi gian v\u00e0 \u0111\u1ea1t \u0111\u1ec9nh sau 5-7 n\u0103m.<\/p>\n<p><strong><b>T\u1eeb l\u00fac ra hoa \u0111\u1ebfn khi thu ho\u1ea1ch cam <\/b><\/strong><strong><b>s\u00e0nh<\/b><\/strong><strong><b>\u00a0kho\u1ea3ng bao l\u00e2u?<\/b><\/strong><\/p>\n<p>T\u1eeb l\u00fac ra hoa \u0111\u1ebfn khi thu ho\u1ea1ch cam s\u00e0nh\u00a0kho\u1ea3ng 4-5 th\u00e1ng.<\/p>\n<p><strong><b>N\u0103ng su\u1ea5t gi\u1ed1ng cam <\/b><\/strong><strong><b>s\u00e0nh<\/b><\/strong><\/p>\n<p>N\u0103ng su\u1ea5t gi\u1ed1ng cam s\u00e0nh\u00a0kh\u00e1 cao, trung b\u00ecnh m\u1ed9t c\u00e2y c\u00f3 th\u1ec3 cho thu ho\u1ea1ch 100-150 kg tr\u00e1i\u00a0m\u1ed7i n\u0103m.<\/p>\n<p><strong><b>Kh\u00ed h\u1eadu v\u00e0 \u0111\u1ea5t tr\u1ed3ng th\u00edch h\u1ee3p v\u1edbi gi\u1ed1ng cam <\/b><\/strong><strong><b>s\u00e0nh<\/b><\/strong><\/p>\n<p>Cam s\u00e0nh\u00a0l\u00e0 lo\u1ea1i c\u00e2y \u01b0a s\u00e1ng, \u01b0a \u1ea9m v\u00e0 ch\u1ecbu m\u1eb7n t\u1ed1t. Lo\u1ea1i c\u00e2y n\u00e0y th\u00edch h\u1ee3p tr\u1ed3ng \u1edf nh\u1eefng n\u01a1i c\u00f3 kh\u00ed h\u1eadu nhi\u1ec7t \u0111\u1edbi gi\u00f3 m\u00f9a, l\u01b0\u1ee3ng m\u01b0a d\u1ed3i d\u00e0o. Cam s\u00e0nh\u00a0c\u00f3 th\u1ec3 tr\u1ed3ng tr\u00ean nhi\u1ec1u lo\u1ea1i \u0111\u1ea5t kh\u00e1c nhau, nh\u01b0ng t\u1ed1t nh\u1ea5t l\u00e0 \u0111\u1ea5t t\u01a1i x\u1ed1p, gi\u00e0u dinh d\u01b0\u1ee1ng v\u00e0 tho\u00e1t n\u01b0\u1edbc t\u1ed1t.<\/p>\n<p><strong><b>Kho\u1ea3ng c\u00e1ch tr\u1ed3ng cam <\/b><\/strong><strong><b>s\u00e0nh<\/b><\/strong><\/p>\n<p>Kho\u1ea3ng c\u00e1ch tr\u1ed3ng cam s\u00e0nh\u00a0th\u00f4ng th\u01b0\u1eddng l\u00e0\u00a05-6 m\u00e9t gi\u1eefa c\u00e1c c\u00e2y.<\/p>\n<p><strong><b>C\u00e1ch ch\u0103m s\u00f3c c\u00e2y cam <\/b><\/strong><strong><b>s\u00e0nh<\/b><\/strong><\/p>\n<p>C\u00e2y cam s\u00e0nh\u00a0c\u1ea7n \u0111\u01b0\u1ee3c ch\u0103m s\u00f3c th\u01b0\u1eddng xuy\u00ean \u0111\u1ec3 cho n\u0103ng su\u1ea5t cao v\u00e0 ch\u1ea5t l\u01b0\u1ee3ng tr\u00e1i\u00a0t\u1ed1t. Bao g\u1ed3m b\u00f3n ph\u00e2n, t\u01b0\u1edbi n\u01b0\u1edbc, t\u1ec9a c\u00e0nh, ph\u00f2ng tr\u1eeb s\u00e2u b\u1ec7nh, v.v.<\/p>\n<p><strong><b>Gi\u00e1 c\u00e2y gi\u1ed1ng <\/b><\/strong><strong><b>cam s\u00e0nh<\/b><\/strong><\/p>\n<p>Gi\u00e1 c\u00e2y gi\u1ed1ng cam s\u00e0nh\u00a0t\u1ea1i v\u01b0\u1eddn Ph\u00fac An dao \u0111\u1ed9ng t\u1eeb 19.000 &#8211; 22.000\/ c\u00e2y. T\u00f9y theo l\u00f4 c\u00e2y, s\u1ed1 l\u01b0\u1ee3ng \u0111\u1eb7t s\u1ebd c\u00f3 m\u1ee9c gi\u00e1 kh\u00e1c nhau.<\/p>\n<p>Ch\u00fang t\u00f4i cam k\u1ebft lu\u00f4n gi\u1eef m\u1ee9c gi\u00e1 m\u1ec1m v\u1eeba t\u00fai ti\u1ec1n \u0111\u1ec3 m\u1ecdi kh\u00e1ch h\u00e0ng \u0111\u1ec1u c\u00f3 th\u1ec3 ch\u1ecdn mua nh\u1eefng c\u00e2y gi\u1ed1ng th\u1eadt t\u1ed1t cho khu v\u01b0\u1eddn c\u1ee7a m\u00ecnh.<\/p>\n<p><strong><b>Mua c\u00e2y gi\u1ed1ng <\/b><\/strong><strong><b>cam s\u00e0nh<\/b><\/strong><strong><b>\u00a0\u1edf \u0111\u00e2u ch\u1ea5t l\u01b0\u1ee3ng?<\/b><\/strong><\/p>\n<p>C\u00e2y gi\u1ed1ng Ph\u00fac An cung c\u1ea5p c\u00e2y gi\u1ed1ng cam s\u00e0nh\u00a0ch\u1ea5t l\u01b0\u1ee3ng, \u0111\u01b0\u1ee3c b\u1ea3o h\u00e0nh \u0111\u00fang gi\u1ed1ng cho t\u1edbi khi c\u00f3 tr\u00e1i.<\/p>\n<figure id=\"attachment_1761\" aria-describedby=\"caption-attachment-1761\" style=\"width: 500px\" class=\"wp-caption aligncenter\"><img loading=\"lazy\" decoding=\"async\" class=\"wp-image-1761\" src=\"http:\/\/localhost\/phucan713\/wp-content\/uploads\/2024\/05\/334293522_725241535754780_2572997283768557474_n-300x225.jpg\" alt=\"V\u01b0\u1eddn \u01b0\u01a1m c\u00e2y gi\u1ed1ng cam s\u00e0nh - Ph\u00fac An\" width=\"500\" height=\"375\" \/><figcaption id=\"caption-attachment-1761\" class=\"wp-caption-text\">V\u01b0\u1eddn \u01b0\u01a1m c\u00e2y gi\u1ed1ng cam s\u00e0nh &#8211; Ph\u00fac An<\/figcaption><\/figure>\n<p>V\u01b0\u1eddn nh\u00e2n gi\u1ed1ng c\u1ee7a Ph\u00fac An \u0111\u01b0\u1ee3c ch\u1ecdn l\u1ef1a k\u1ef9 l\u01b0\u1ee1ng, \u0111\u1ea3m b\u1ea3o chu\u1ea9n gi\u1ed1ng. C\u00e0nh\/ bo gh\u00e9p \u0111\u01b0\u1ee3c tuy\u1ec3n ch\u1ecdn t\u1eeb c\u00e2y m\u1eb9 kh\u1ecfe m\u1ea1nh xanh t\u1ed1t.<\/p>\n<p>Ti\u00eau chu\u1ea9n C\u00e2y gi\u1ed1ng cam s\u00e0nh\u00a0\u0111\u01b0\u1ee3c cung c\u1ea5p b\u1edfi v\u01b0\u1eddn Ph\u00fac An:<\/p>\n<ul>\n<li>Chi\u1ec1u cao c\u00e2y gi\u1ed1ng t\u1eeb 50-70cm<\/li>\n<li>C\u00e2y nu\u00f4i \u0111\u1ee7 th\u1eddi gian, b\u1ea7u r\u1ec5 \u1ed5n \u0111\u1ecbnh, c\u00e2y \u0111\u00e3 x\u1ea3 n\u1eafng\u00a0c\u1ee9ng c\u00e1p<\/li>\n<li>Kh\u00f4ng c\u00f3 d\u1ea5u hi\u1ec7u s\u00e2u b\u1ec7nh, v\u1ebft gh\u00e9p ti\u1ebfp h\u1ee3p t\u1ed1t, b\u1ed9 l\u00e1 xanh t\u1ed1t d\u00e0y d\u1eb7n<\/li>\n<\/ul>\n<p>C\u00e2y tr\u1ea3i qua qu\u00e1 tr\u00ecnh nh\u00e2n gi\u1ed1ng, d\u01b0\u1ee1ng c\u00e2y con, x\u1ea3 n\u1eafng ho\u00e0n ch\u1ec9nh. \u0110\u1ebfn tay c\u00f4 b\u00e1c s\u1ebd l\u00e0 t\u1eebng c\u00e2y \u0111\u00e3 c\u1ee9ng c\u00e1p \u0111\u00e3 ra c\u01a1i ch\u1ed3i m\u1edbi.<\/p>\n<p>Qu\u00fd c\u00f4 b\u00e1c li\u00ean h\u1ec7 tr\u1ef1c ti\u1ebfp qua SDT\/ Zalo 0962 888 014 (<a href=\"http:\/\/localhost\/phucan713\/\" target=\"_blank\" rel=\"noopener\">c\u00e2y gi\u1ed1ng Ph\u00fac An<\/a>) \u0111\u1ec3 ch\u00fang t\u00f4i t\u01b0 v\u1ea5n v\u00e0 b\u00e1o gi\u00e1 c\u1ee5 th\u1ec3. Xin c\u1ea3m \u01a1n qu\u00fd c\u00f4 b\u00e1c \u0111\u00e3 \u0111\u1eb7t ni\u1ec1m tin v\u1edbi nh\u00e0 v\u01b0\u1eddn Ph\u00fac An.<\/p>\n<p>&gt;&gt; M\u1eddi b\u1ea1n \u0111\u1ecdc th\u00eam: <a href=\"https:\/\/baovinhlong.com.vn\/kinh-te\/nong-nghiep\/202506\/co-hoi-de-nang-chat-luong-trai-cam-sanh-2c90c58\" target=\"_blank\" rel=\"noopener\"><span style=\"color: #000080;\"><em><strong>C\u01a1 h\u1ed9i \u0111\u1ec3 n\u00e2ng ch\u1ea5t l\u01b0\u1ee3ng tr\u00e1i cam s\u00e0nh<\/strong><\/em><\/span><\/a><\/p>\n<p>&nbsp;<\/p>\n","protected":false},"excerpt":{"rendered":"<p>* Gi\u00e1 tham kh\u1ea3o cho s\u1ed1 l\u01b0\u1ee3ng t\u1eeb 30 c\u00e2y, c\u00f3 th\u1ec3 thay \u0111\u1ed5i theo th\u1eddi \u0111i\u1ec3m<br \/>\n* Ch\u01b0a bao g\u1ed3m ph\u00ed v\u1eadn chuy\u1ec3n (t\u00f9y theo s\u1ed1 l\u01b0\u1ee3ng c\u00e2y v\u00e0 \u0111\u1ecba \u0111i\u1ec3m giao h\u00e0ng)<\/p>\n","protected":false},"featured_media":1763,"comment_status":"open","ping_status":"closed","template":"","meta":[],"product_brand":[],"product_cat":[117],"product_tag":[49],"class_list":{"0":"post-1759","1":"product","2":"type-product","3":"status-publish","4":"has-post-thumbnail","6":"product_cat-cay-co-mui","7":"product_tag-giong-cam-sanh","9":"first","10":"instock","11":"shipping-taxable","12":"purchasable","13":"product-type-simple"},"_links":{"self":[{"href":"https:\/\/ktech4.k-tech-services.com\/phucan713\/wp-json\/wp\/v2\/product\/1759","targetHints":{"allow":["GET"]}}],"collection":[{"href":"https:\/\/ktech4.k-tech-services.com\/phucan713\/wp-json\/wp\/v2\/product"}],"about":[{"href":"https:\/\/ktech4.k-tech-services.com\/phucan713\/wp-json\/wp\/v2\/types\/product"}],"replies":[{"embeddable":true,"href":"https:\/\/ktech4.k-tech-services.com\/phucan713\/wp-json\/wp\/v2\/comments?post=1759"}],"wp:featuredmedia":[{"embeddable":true,"href":"https:\/\/ktech4.k-tech-services.com\/phucan713\/wp-json\/"}],"wp:attachment":[{"href":"https:\/\/ktech4.k-tech-services.com\/phucan713\/wp-json\/wp\/v2\/media?parent=1759"}],"wp:term":[{"taxonomy":"product_brand","embeddable":true,"href":"https:\/\/ktech4.k-tech-services.com\/phucan713\/wp-json\/wp\/v2\/product_brand?post=1759"},{"taxonomy":"product_cat","embeddable":true,"href":"https:\/\/ktech4.k-tech-services.com\/phucan713\/wp-json\/wp\/v2\/product_cat?post=1759"},{"taxonomy":"product_tag","embeddable":true,"href":"https:\/\/ktech4.k-tech-services.com\/phucan713\/wp-json\/wp\/v2\/product_tag?post=1759"}],"curies":[{"name":"wp","href":"https:\/\/api.w.org\/{rel}","templated":true}]}}