{"id":1825,"date":"2024-05-22T09:38:34","date_gmt":"2024-05-22T09:38:34","guid":{"rendered":"https:\/\/caygiongphucan.com\/?post_type=product&amp;p=1825"},"modified":"2024-05-22T09:38:34","modified_gmt":"2024-05-22T09:38:34","slug":"cay-giong-hong-socola-loai-trai-to","status":"publish","type":"product","link":"https:\/\/ktech4.k-tech-services.com\/phucan713\/san-pham\/cay-giong-hong-socola-loai-trai-to\/","title":{"rendered":"C\u00e2y gi\u1ed1ng h\u1ed3ng socola lo\u1ea1i tr\u00e1i to"},"content":{"rendered":"<h2><strong><b>Gi\u1edbi thi\u1ec7u v\u1ec1 gi\u1ed1ng h\u1ed3ng socola v\u01b0\u1eddn Ph\u00fac An cung c\u1ea5p<\/b><\/strong><\/h2>\n<p>Kh\u00e1ch n\u00e0o th\u00edch s\u01b0u t\u1ea7m C\u00c2Y \u0110\u1ed8C L\u1ea0 th\u00ec ko n\u00ean b\u1ecf qua em H\u1ed2NG SOCOLA n\u00e0y. \u0110\u00e3 tr\u1ed3ng th\u1eed nghi\u1ec7m th\u00e0nh c\u00f4ng t\u1ea1i n\u01b0\u1edbc ta.<\/p>\n<figure id=\"attachment_1828\" aria-describedby=\"caption-attachment-1828\" style=\"width: 326px\" class=\"wp-caption aligncenter\"><img loading=\"lazy\" decoding=\"async\" class=\"wp-image-1828\" src=\"http:\/\/localhost\/phucan713\/wp-content\/uploads\/2024\/05\/429476363_3957151094512049_8795662386691744587_n-556x1024.jpg\" alt=\"C\u00e2y h\u1ed3ng socola nh\u1eadp t\u1eeb Indonesia sinh tr\u01b0\u1edfng t\u1ed1t \u1edf Vi\u1ec7t Nam - H\u00ecnh ch\u1ee5p t\u1ea1i mi\u1ec1n t\u00e2y\" width=\"326\" height=\"600\" \/><figcaption id=\"caption-attachment-1828\" class=\"wp-caption-text\">C\u00e2y h\u1ed3ng socola nh\u1eadp t\u1eeb Indonesia sinh tr\u01b0\u1edfng t\u1ed1t \u1edf Vi\u1ec7t Nam &#8211; H\u00ecnh ch\u1ee5p t\u1ea1i mi\u1ec1n t\u00e2y<\/figcaption><\/figure>\n<p>C\u00e2y gi\u1ed1ng h\u1ed3ng socola Ph\u00fac An cung c\u1ea5p \u0111\u01b0\u1ee3c\u00a0nh\u00e2n gi\u1ed1ng b\u1eb1ng h\u00ecnh th\u1ee9c gh\u00e9p bo, \u0111\u1ea3m b\u1ea3o chu\u1ea9n gi\u1ed1ng v\u00e0 mang tr\u1ecdn v\u1eb9n \u0111\u1eb7c t\u00ednh t\u1eeb c\u00e2y m\u1eb9.<\/p>\n<p>C\u00e2y m\u1eb9 \u0111\u01b0\u1ee3c nh\u1eadp t\u1eeb Indonesia\u00a0v\u1ec1 tr\u1ed3ng \u1edf Vi\u1ec7t Nam, sinh tr\u01b0\u1edfng m\u1ea1nh v\u00e0 cho tr\u00e1i r\u1ea5t nhi\u1ec1u.<\/p>\n<h2><strong><b>Ngu\u1ed3n g\u1ed1c, \u0111\u1eb7c \u0111i\u1ec3m<\/b><\/strong><strong><b>\u00a0<\/b><\/strong><strong><b>c\u00e2y h\u1ed3ng socola<\/b><\/strong><\/h2>\n<p>T\u00ean khoa h\u1ecdc : Diospyros digyna<\/p>\n<p>Xu\u1ea5t x\u1ee9 : Mexico, Trung M\u1ef9 v\u00e0 T\u00e2y Nam M\u1ef9<\/p>\n<p>Ph\u00e2n b\u1ed1 : V\u00f9ng nhi\u1ec7t \u0111\u1edbi v\u00e0 c\u1eadn nhi\u1ec7t \u0111\u1edbi Ch\u00e2u M\u1ef9 Latinh, Philippines, Qu\u1ea7n \u0111\u1ea3o Moluccas, \u0110\u1ea3o Sulawesi v\u00e0 B\u1eafc M\u1ef9.<\/p>\n<h2><strong><b>\u0110<\/b><\/strong><strong><b>\u1eb7c \u0111i\u1ec3m c\u00e2y h\u1ed3ng socola<\/b><\/strong><\/h2>\n<figure id=\"attachment_1837\" aria-describedby=\"caption-attachment-1837\" style=\"width: 435px\" class=\"wp-caption aligncenter\"><img loading=\"lazy\" decoding=\"async\" class=\"wp-image-1837\" src=\"http:\/\/localhost\/phucan713\/wp-content\/uploads\/2024\/05\/cay-hong-socola-co-tan-rong-va-la-xanh-bong-1.jpg\" alt=\"C\u00e2y h\u1ed3ng socola c\u00f3 t\u00e1n r\u1ed9ng v\u00e0 l\u00e1 xanh b\u00f3ng\" width=\"435\" height=\"600\" \/><figcaption id=\"caption-attachment-1837\" class=\"wp-caption-text\">C\u00e2y h\u1ed3ng socola c\u00f3 t\u00e1n r\u1ed9ng v\u00e0 l\u00e1 xanh b\u00f3ng<\/figcaption><\/figure>\n<p>\u0110\u00e2y l\u00e0 m\u1ed9t c\u00e2y th\u01b0\u1eddng xanh c\u1ee1 trung b\u00ecnh c\u00f3 th\u1ec3 \u0111\u1ea1t chi\u1ec1u cao 10-25 m\u00e9t, \u00a0c\u00f3 t\u00e1n ph\u00e1t tri\u1ec3n theo chi\u1ec1u d\u00e0i. L\u00e1 th\u01b0\u1eddng xanh m\u1ecdc xen k\u1ebd, thu\u00f4n d\u00e0i, c\u00f3 l\u00f4ng, d\u00e0i t\u1eeb 10\u201330 cm, b\u00f3ng v\u00e0 c\u00f3 m\u00e0u xanh \u0111\u1eadm.<\/p>\n<p>Hoa m\u1ecdc \u1edf n\u00e1ch l\u00e1 v\u00e0 c\u00f3 th\u1ec3 l\u00e0 hoa l\u01b0\u1ee1ng t\u00ednh (c\u00f3 b\u1ed9 ph\u1eadn c\u00e2y \u0111\u1ef1c v\u00e0 c\u00e2y c\u00e1i) ho\u1eb7c hoa \u0111\u1ef1c. M\u1ed9t s\u1ed1 c\u00e2y c\u00f3 th\u1ec3 ch\u1ec9 ra hoa \u0111\u1ef1c. Hoa \u0111\u1ef1c th\u01b0\u1eddng m\u1ecdc th\u00e0nh ch\u00f9m t\u1eeb 3 \u0111\u1ebfn 7 hoa, hoa c\u00e1i th\u01b0\u1eddng m\u1ecdc \u0111\u01a1n \u0111\u1ed9c.<\/p>\n<h2><strong><b>\u0110\u1eb7c \u0111i\u1ec3m tr\u00e1i h\u1ed3ng socola<\/b><\/strong><\/h2>\n<figure id=\"attachment_1829\" aria-describedby=\"caption-attachment-1829\" style=\"width: 450px\" class=\"wp-caption aligncenter\"><img loading=\"lazy\" decoding=\"async\" class=\"wp-image-1829\" src=\"http:\/\/localhost\/phucan713\/wp-content\/uploads\/2024\/05\/hong-socola-1.jpg\" alt=\"C\u1eadn c\u1ea3nh tr\u00e1i h\u1ed3ng socola\" width=\"450\" height=\"600\" \/><figcaption id=\"caption-attachment-1829\" class=\"wp-caption-text\">C\u1eadn c\u1ea3nh tr\u00e1i h\u1ed3ng socola<\/figcaption><\/figure>\n<p>Tr\u00e1i h\u1ed3ng socola c\u00f3 h\u00ecnh c\u1ea7u d\u1eb9t, \u0111\u01b0\u1eddng k\u00ednh t\u1eeb 5\u201315 cm, c\u00f3 v\u1ecf m\u00e0u xanh \u00f4 liu \u0111\u1eadm \u0111\u1ebfn xanh l\u1ee5c s\u00e1ng v\u00e0 \u0111\u00e0i hoa m\u00e0u xanh l\u1ee5c.<\/p>\n<p>Qu\u1ea3 non c\u1ee9ng, c\u00f9i m\u00e0u v\u00e0ng cam, r\u1ea5t m\u1ec1m v\u00e0 chuy\u1ec3n sang m\u00e0u n\u00e2u sang \u0111en khi ch\u00edn ho\u00e0n to\u00e0n. C\u00f3 th\u1ec3 c\u00f3 t\u1eeb 0 \u0111\u1ebfn 10 h\u1ea1t ph\u1eb3ng, nh\u1eb5n, m\u00e0u n\u00e2u.<\/p>\n<p>Tr\u00e1i h\u1ed3ng socola n\u1eb7ng t\u1eeb 500-700gram.<\/p>\n<h2><strong><b>H\u01b0\u01a1ng v\u1ecb c\u1ee7a tr\u00e1i h\u1ed3ng socola th\u1ebf n\u00e0o?<\/b><\/strong><\/h2>\n<figure id=\"attachment_1836\" aria-describedby=\"caption-attachment-1836\" style=\"width: 560px\" class=\"wp-caption aligncenter\"><img loading=\"lazy\" decoding=\"async\" class=\"wp-image-1836\" src=\"http:\/\/localhost\/phucan713\/wp-content\/uploads\/2024\/05\/trai-hong-socola.jpg\" alt=\"Th\u1ecbt tr\u00e1i h\u1ed3ng socola\" width=\"560\" height=\"600\" \/><figcaption id=\"caption-attachment-1836\" class=\"wp-caption-text\">Th\u1ecbt tr\u00e1i h\u1ed3ng socola<\/figcaption><\/figure>\n<p>S\u1edf d\u0129 g\u1ecdi l\u00e0 h\u1ed3ng socola l\u00e0 v\u00ec th\u1ecbt c\u1ee7a tr\u00e1i c\u00f3 m\u00e0u n\u00e2u s\u1eabm gi\u1ed1ng nh\u01b0 m\u00e0u socola.<\/p>\n<p>Ai \u0111\u00e3 t\u1eebng th\u01b0\u1edfng th\u1ee9c qua tr\u00e1i h\u1ed3ng socola \u0111\u1ec1u t\u1ea5m t\u1eafc khen ngon. K\u1ebft c\u1ea5u c\u1ee7a ch\u00fang m\u1ec1m m\u1ecbn, d\u1ebbo d\u1ebbo nh\u01b0 th\u1ea1ch v\u00e0 v\u1ecb b\u00e9o b\u00f9i. Ch\u00fang kh\u00f4ng mang h\u01b0\u01a1ng v\u1ecb c\u1ee7a socola gi\u1ed1ng t\u00ean g\u1ecdi m\u00e0 l\u00e0 1 h\u01b0\u01a1ng th\u01a1m nh\u01b0 caramel v\u1eady.<\/p>\n<p>H\u1ed3ng socola c\u00f3 v\u1ecb ng\u1ecdt r\u1ea5t \u0111\u1eb1m th\u1eafm. Ch\u00fang kh\u00f4ng qu\u00e1 ng\u1ecdt khi m\u1edbi \u0111\u01b0a v\u00e0o mi\u1ec7ng , nh\u01b0ng nhai m\u1ed9t l\u00fac, v\u1ecb ng\u1ecdt s\u1ebd lan t\u1ecfa \u0111\u1ec1u khi ta th\u01b0\u1edfng th\u1ee9c.<\/p>\n<p>Lo\u1ea1i tr\u00e1i c\u00e2y \u0111\u1eb7c bi\u1ec7t n\u00e0y kh\u00f4ng ch\u1ec9 ngon m\u00e0 c\u00f2n ch\u1ee9a nhi\u1ec1u ch\u1ea5t dinh d\u01b0\u1ee1ng. N\u00f3 l\u00e0 m\u1ed9t ngu\u1ed3n cung c\u1ea5p vitamin C, ch\u1ea5t x\u01a1 v\u00e0 kali t\u1ed1t. N\u00f3 c\u0169ng \u00edt calo v\u00e0 ch\u1ea5t b\u00e9o.<\/p>\n<h2><strong><b>Gi\u1ed1ng c<\/b><\/strong><strong><b>\u00e2y<\/b><\/strong><strong><b>\u00a0h\u1ed3ng socola<\/b><\/strong><strong><b>\u00a0tr\u1ed3ng bao l\u00e2u c\u00f3 tr\u00e1i? <\/b><\/strong><\/h2>\n<p>Khi tr\u1ed3ng t\u1eeb c\u00e2y gh\u00e9p bo, h\u1ed3ng socola s\u1ebd cho tr\u00e1i sau kho\u1ea3ng 1,5 n\u0103m.<\/p>\n<h2><strong><b>L\u00e0m th\u1ebf n\u00e0o nh\u1eadn bi\u1ebft tr\u00e1i h\u1ed3ng socola \u0111\u00e3 ch\u00edn?<\/b><\/strong><\/h2>\n<p>Khi v\u1ecf ch\u00fang chuy\u1ec3n sang m\u00e0u xanh \u0111\u1eadm c\u00f3 h\u01a1i x\u1ec9n m\u00e0u<\/p>\n<p>\u0110\u1ec3 tr\u00e1i c\u00e2y ch\u00edn \u1edf nhi\u1ec7t \u0111\u1ed9 ph\u00f2ng trong v\u00e0i ng\u00e0y cho \u0111\u1ebfn khi b\u00f3p nh\u1eb9 c\u1ea3m gi\u00e1c m\u1ec1m m\u1ea1i l\u00e0 \u0103n v\u1eeba ngon.<\/p>\n<p>Sau khi ch\u00edn, tr\u00e1i h\u1ed3ng socola c\u00f3 th\u1ec3 \u0111\u01b0\u1ee3c b\u1ea3o qu\u1ea3n trong t\u1ee7 l\u1ea1nh t\u1ed1i \u0111a m\u1ed9t tu\u1ea7n.<\/p>\n<h2><strong><b>N\u0103ng su\u1ea5t <\/b><\/strong><strong><b>gi\u1ed1ng h\u1ed3ng socola<\/b><\/strong><\/h2>\n<p>Trung b\u00ecnh 1 n\u0103m c\u00e2y h\u1ed3ng socola s\u1ebd cho 30-70kg tr\u00e1i, c\u00e0ng v\u1ec1 sau tr\u00e1i c\u00e0ng nhi\u1ec1u. C\u00e2y cho tr\u00e1i chuy\u1ec1n n\u00ean 1 n\u0103m s\u1ebd r\u1ea3i 2 l\u1ea7n tr\u00e1i.<\/p>\n<h2><strong><b>Kh\u00ed h\u1eadu v\u00e0 \u0111\u1ea5t tr\u1ed3ng th\u00edch h\u1ee3p v\u1edbi <\/b><\/strong><strong><b>gi\u1ed1ng h\u1ed3ng socola<\/b><\/strong><\/h2>\n<h3><strong><b>Kh\u00ed h\u1eadu<\/b><\/strong><\/h3>\n<p>C\u00e2y H\u1ed3ng Socola\u00a0ph\u00e1t tri\u1ec3n m\u1ea1nh \u1edf v\u00f9ng kh\u00ed h\u1eadu c\u1eadn nhi\u1ec7t \u0111\u1edbi \u1ea5m \u00e1p v\u1edbi \u0111\u1ea7y \u0111\u1ee7 \u00e1nh n\u1eafng m\u1eb7t tr\u1eddi. H\u00e3y ch\u1ecdn m\u1ed9t v\u1ecb tr\u00ed tho\u00e1t n\u01b0\u1edbc t\u1ed1t trong khu v\u01b0\u1eddn c\u1ee7a b\u1ea1n, m\u1edbi tr\u1ed3ng n\u00ean\u00a0che\u00a0ch\u1eafn\u00a0\u0111\u1ec3 b\u1ea3o v\u1ec7 c\u00e2y kh\u1ecfi gi\u00f3 m\u1ea1nh.<\/p>\n<p>C\u00e2y h\u1ed3ng socola kh\u00f4ng th\u00edch h\u1ee3p \u1edf nh\u1eefng n\u01a1i l\u1ea1nh v\u00ec c\u00e2y non s\u1ebd d\u1ec5 ch\u1ebft.<\/p>\n<p>Th\u1ef1c t\u1ebf c\u00e2y H\u1ed3ng Socola sinh tr\u01b0\u1edfng ph\u00e1t tri\u1ec3n t\u1ed1t \u1edf n\u01b0\u1edbc ta, cho tr\u00e1i ngon v\u00e0 n\u0103ng su\u1ea5t cao. \u0110\u1eb7c bi\u1ec7t l\u00e0 t\u1eeb mi\u1ec1n t\u00e2y \u0111\u1ebfn khu v\u1ef1c mi\u1ec1n \u0111\u00f4ng, T\u00e2y Nguy\u00ean.<\/p>\n<p><img loading=\"lazy\" decoding=\"async\" class=\"aligncenter wp-image-1838\" src=\"http:\/\/localhost\/phucan713\/wp-content\/uploads\/2024\/05\/Cay-hong-socola-6-8-thang-tuoi.jpg\" alt=\"C\u00e2y h\u1ed3ng socola 6-8 th\u00e1ng tu\u1ed5i\" width=\"450\" height=\"600\" \/><\/p>\n<h3><strong><b>\u0110\u1ea5t tr\u1ed3ng<\/b><\/strong><\/h3>\n<p>Gi\u1ed1ng H\u1ed3ng Socola th\u00edch \u0111\u1ea5t m\u00e0u m\u1ee1, nhi\u1ec1u m\u00f9n, tho\u00e1t n\u01b0\u1edbc t\u1ed1t. B\u1ea1n c\u00f3 th\u1ec3 c\u1ea3i t\u1ea1o \u0111\u1ea5t s\u00e9t n\u1eb7ng, hay \u0111\u1ea5t x\u1ea5u b\u1eb1ng ch\u1ea5t h\u1eefu c\u01a1, vi sinh \u0111\u1ec3 c\u1ea3i thi\u1ec7n c\u1ea5u tr\u00fac v\u00e0 \u0111\u1ed9 ph\u00ec nhi\u00eau c\u1ee7a \u0111\u1ea5t. Duy tr\u00ec \u0111\u1ed9 pH \u0111\u1ea5t trong kho\u1ea3ng 5,5-6,5 \u0111\u1ec3 c\u00e2y ph\u00e1t tri\u1ec3n t\u1ed1i \u01b0u.<\/p>\n<p>Gi\u1ed1ng h\u1ed3ng socola \u00f3 kh\u1ea3 n\u0103ng ch\u1ecbu l\u0169 nh\u01b0ng ch\u1ec9 ch\u1ecbu h\u1ea1n v\u1eeba ph\u1ea3i. C\u00e2y c\u00f3 th\u1ec3 ch\u1ecbu \u0111\u01b0\u1ee3c nh\u1eefng v\u00f9ng c\u00f3 gi\u00f3 v\u1eeba ph\u1ea3i.<\/p>\n<p>Ta n\u00ean c\u1eaft t\u1ec9a th\u01b0\u1eddng xuy\u00ean \u0111\u1ec3 h\u1ea1n ch\u1ebf k\u00edch th\u01b0\u1edbc c\u00e2y v\u00e0 m\u1edf t\u00e1n \u0111\u1ec3 \u0111\u00f3n gi\u00f3 th\u00ec c\u00e2y c\u00f3 th\u1ec3 ch\u1ecbu \u0111\u01b0\u1ee3c gi\u00f3 b\u00e3o m\u00e0 kh\u00f4ng b\u1ecb \u0111\u1ed5.<\/p>\n<h2><strong><b>Kho\u1ea3ng c\u00e1ch tr\u1ed3ng<\/b><\/strong><strong><b>\u00a0h\u1ed3ng socola<\/b><\/strong><\/h2>\n<p>Ta n\u00ean tr\u1ed3ng ch\u00fang c\u00e1ch nhau \u00edt nh\u1ea5t 5 m\u00e9t. Gi\u1ed1ng c\u00e2y n\u00e0y theo th\u1eddi gian s\u1ebd c\u00f3 t\u00e1n r\u1ed9ng, v\u00ec v\u1eady ch\u00fang c\u1ea7n c\u00f3 \u0111\u1ee7 kh\u00f4ng gian \u0111\u1ec3 ph\u00e1t tri\u1ec3n.<\/p>\n<p>Ph\u1ee7 m\u1ed9t l\u1edbp m\u00f9n h\u1eefu c\u01a1 d\u00e0y xung quanh g\u1ed1c c\u00e2y \u0111\u1ec3 gi\u1eef \u1ea9m, \u0111i\u1ec1u h\u00f2a nhi\u1ec7t \u0111\u1ed9 \u0111\u1ea5t v\u00e0 h\u1ea1n ch\u1ebf c\u1ecf d\u1ea1i.<\/p>\n<h2><strong><b>C\u00e1ch ch\u0103m s\u00f3c c\u00e2y h\u1ed3ng socola<\/b><\/strong><\/h2>\n<p>T\u01b0\u1edbi n\u01b0\u1edbc cho c\u00e2y th\u01b0\u1eddng xuy\u00ean, \u0111\u1eb7c bi\u1ec7t l\u00e0 trong th\u1eddi k\u1ef3 kh\u00f4 h\u1ea1n.<\/p>\n<p>Ph\u1ee7 xung quanh g\u1ed1c c\u00e2y \u0111\u1ec3 gi\u1eef \u1ea9m v\u00e0 h\u1ea1n ch\u1ebf c\u1ecf d\u1ea1i.<\/p>\n<p>B\u00f3n ph\u00e2n c\u00e2n \u0111\u1ed1i cho c\u00e2y, \u0111\u1ecbnh k\u1ef3 3 th\u00e1ng\/ l\u1ea7n b\u1ed5 sung h\u1eefu c\u01a1 v\u00e0 kho\u00e1ng ch\u1ea5t.<\/p>\n<p>C\u1eaft t\u1ec9a c\u00e2y \u0111\u1ec3 lo\u1ea1i b\u1ecf nh\u1eefng c\u00e0nh ch\u1ebft ho\u1eb7c c\u00f2i c\u1ecdc<\/p>\n<p>B\u1ea3o v\u1ec7 c\u00e2y kh\u1ecfi s\u01b0\u01a1ng gi\u00e1 b\u1eb1ng c\u00e1ch ph\u1ee7 ch\u0103n ho\u1eb7c d\u00f9ng v\u1ea3i ch\u1ed1ng s\u01b0\u01a1ng.<\/p>\n<h2><strong><b>Gi\u00e1 c\u00e2y gi\u1ed1ng h\u1ed3ng socola<\/b><\/strong><\/h2>\n<p>Gi\u00e1 c\u00e2y gi\u1ed1ng h\u1ed3ng socola t\u1ea1i v\u01b0\u1eddn Ph\u00fac An dao \u0111\u1ed9ng t\u1eeb 210.000 &#8211; 300.000\/ c\u00e2y. T\u00f9y theo l\u00f4 c\u00e2y, s\u1ed1 l\u01b0\u1ee3ng \u0111\u1eb7t s\u1ebd c\u00f3 m\u1ee9c gi\u00e1 kh\u00e1c nhau.<\/p>\n<p>Ch\u00fang t\u00f4i cam k\u1ebft lu\u00f4n gi\u1eef m\u1ee9c gi\u00e1 m\u1ec1m v\u1eeba t\u00fai ti\u1ec1n \u0111\u1ec3 m\u1ecdi kh\u00e1ch h\u00e0ng \u0111\u1ec1u c\u00f3 th\u1ec3 ch\u1ecdn mua nh\u1eefng c\u00e2y gi\u1ed1ng th\u1eadt t\u1ed1t cho khu v\u01b0\u1eddn c\u1ee7a m\u00ecnh.<\/p>\n<figure id=\"attachment_1832\" aria-describedby=\"caption-attachment-1832\" style=\"width: 356px\" class=\"wp-caption aligncenter\"><img loading=\"lazy\" decoding=\"async\" class=\"wp-image-1832\" src=\"http:\/\/localhost\/phucan713\/wp-content\/uploads\/2024\/05\/z5208844072686_0e6653d9915ada66824abd1a8b7de31f-608x1024.jpg\" alt=\"C\u00e2y gi\u1ed1ng h\u1ed3ng socola (gh\u00e9p bo) Ph\u00fac An cung c\u1ea5p\" width=\"356\" height=\"600\" \/><figcaption id=\"caption-attachment-1832\" class=\"wp-caption-text\">C\u00e2y gi\u1ed1ng h\u1ed3ng socola (gh\u00e9p bo) Ph\u00fac An cung c\u1ea5p<\/figcaption><\/figure>\n<h2><strong><b>Mua c\u00e2y gi\u1ed1ng h\u1ed3ng socola \u1edf \u0111\u00e2u ch\u1ea5t l\u01b0\u1ee3ng?<\/b><\/strong><\/h2>\n<p>C\u00e2y gi\u1ed1ng Ph\u00fac An cung c\u1ea5p c\u00e2y gi\u1ed1ng h\u1ed3ng socola ch\u1ea5t l\u01b0\u1ee3ng, \u0111\u01b0\u1ee3c b\u1ea3o h\u00e0nh \u0111\u00fang gi\u1ed1ng cho t\u1edbi khi c\u00f3 tr\u00e1i.<\/p>\n<figure id=\"attachment_1834\" aria-describedby=\"caption-attachment-1834\" style=\"width: 450px\" class=\"wp-caption aligncenter\"><img loading=\"lazy\" decoding=\"async\" class=\"wp-image-1834\" src=\"http:\/\/localhost\/phucan713\/wp-content\/uploads\/2024\/05\/z5372205408273_92c03ffe5529b953f6b888679f865a45-768x1024.jpg\" alt=\"C\u00e2y gi\u1ed1ng h\u1ed3ng socola gh\u00e9p bo, \u0111\u00e3 x\u1ea3 n\u1eafng ra c\u01a1i ch\u1ed3i m\u1edbi\" width=\"450\" height=\"600\" \/><figcaption id=\"caption-attachment-1834\" class=\"wp-caption-text\">C\u00e2y gi\u1ed1ng h\u1ed3ng socola gh\u00e9p bo, \u0111\u00e3 x\u1ea3 n\u1eafng ra c\u01a1i ch\u1ed3i m\u1edbi<\/figcaption><\/figure>\n<figure id=\"attachment_1835\" aria-describedby=\"caption-attachment-1835\" style=\"width: 490px\" class=\"wp-caption aligncenter\"><img loading=\"lazy\" decoding=\"async\" class=\"wp-image-1835\" src=\"http:\/\/localhost\/phucan713\/wp-content\/uploads\/2024\/05\/z5372205451487_aa23aaca46251ad265a8b4d2bfd8e715-836x1024.jpg\" alt=\"C\u00e2y gi\u1ed1ng h\u1ed3ng socola gh\u00e9p bo, \u0111\u00e3 x\u1ea3 n\u1eafng ra c\u01a1i ch\u1ed3i m\u1edbi\" width=\"490\" height=\"600\" \/><figcaption id=\"caption-attachment-1835\" class=\"wp-caption-text\">C\u00e2y gi\u1ed1ng h\u1ed3ng socola gh\u00e9p bo, \u0111\u00e3 x\u1ea3 n\u1eafng ra c\u01a1i ch\u1ed3i m\u1edbi<\/figcaption><\/figure>\n<p>V\u01b0\u1eddn nh\u00e2n gi\u1ed1ng c\u1ee7a Ph\u00fac An \u0111\u01b0\u1ee3c ch\u1ecdn l\u1ef1a k\u1ef9 l\u01b0\u1ee1ng, \u0111\u1ea3m b\u1ea3o chu\u1ea9n gi\u1ed1ng. C\u00e0nh\/ bo gh\u00e9p \u0111\u01b0\u1ee3c tuy\u1ec3n ch\u1ecdn t\u1eeb c\u00e2y m\u1eb9 kh\u1ecfe m\u1ea1nh xanh t\u1ed1t.<\/p>\n<p>Ti\u00eau chu\u1ea9n C\u00e2y gi\u1ed1ng h\u1ed3ng socola \u0111\u01b0\u1ee3c cung c\u1ea5p b\u1edfi v\u01b0\u1eddn Ph\u00fac An:<\/p>\n<ul>\n<li>Chi\u1ec1u cao c\u00e2y gi\u1ed1ng t\u1eeb 50-70cm<\/li>\n<li>C\u00e2y nu\u00f4i \u0111\u1ee7 th\u1eddi gian, b\u1ea7u r\u1ec5 \u1ed5n \u0111\u1ecbnh, c\u00e2y \u0111\u00e3 x\u1ea3 n\u1eafng\u00a0c\u1ee9ng c\u00e1p<\/li>\n<li>Kh\u00f4ng c\u00f3 d\u1ea5u hi\u1ec7u s\u00e2u b\u1ec7nh, v\u1ebft gh\u00e9p ti\u1ebfp h\u1ee3p t\u1ed1t, b\u1ed9 l\u00e1 xanh t\u1ed1t d\u00e0y d\u1eb7n<\/li>\n<li>C\u00e2y tr\u1ea3i qua qu\u00e1 tr\u00ecnh nh\u00e2n gi\u1ed1ng, d\u01b0\u1ee1ng c\u00e2y con, x\u1ea3 n\u1eafng ho\u00e0n ch\u1ec9nh. \u0110\u1ebfn tay c\u00f4 b\u00e1c s\u1ebd l\u00e0 t\u1eebng c\u00e2y \u0111\u00e3 c\u1ee9ng c\u00e1p \u0111\u00e3 ra c\u01a1i ch\u1ed3i m\u1edbi<\/li>\n<\/ul>\n<figure id=\"attachment_1830\" aria-describedby=\"caption-attachment-1830\" style=\"width: 450px\" class=\"wp-caption aligncenter\"><img loading=\"lazy\" decoding=\"async\" class=\"wp-image-1830\" src=\"http:\/\/localhost\/phucan713\/wp-content\/uploads\/2024\/05\/hong-socola-768x1024.jpg\" alt=\"C\u00e2y gi\u1ed1ng h\u1ed3ng socola gh\u00e9p bo, \u0111\u00e3 x\u1ea3 n\u1eafng ra c\u01a1i ch\u1ed3i m\u1edbi - C\u00e2y Gi\u1ed1ng Ph\u00fac An cung c\u1ea5p\" width=\"450\" height=\"600\" \/><figcaption id=\"caption-attachment-1830\" class=\"wp-caption-text\">C\u00e2y gi\u1ed1ng h\u1ed3ng socola gh\u00e9p bo, \u0111\u00e3 x\u1ea3 n\u1eafng ra c\u01a1i ch\u1ed3i m\u1edbi &#8211; C\u00e2y Gi\u1ed1ng Ph\u00fac An cung c\u1ea5p<\/figcaption><\/figure>\n<figure id=\"attachment_1831\" aria-describedby=\"caption-attachment-1831\" style=\"width: 407px\" class=\"wp-caption aligncenter\"><img loading=\"lazy\" decoding=\"async\" class=\"wp-image-1831\" src=\"http:\/\/localhost\/phucan713\/wp-content\/uploads\/2024\/05\/z5208844065991_8b9a0189cdacc7b66b7e6fbabf109710-695x1024.jpg\" alt=\"C\u00e2y gi\u1ed1ng h\u1ed3ng socola gh\u00e9p bo, \u0111\u00e3 x\u1ea3 n\u1eafng ra c\u01a1i ch\u1ed3i m\u1edbi\" width=\"407\" height=\"600\" \/><figcaption id=\"caption-attachment-1831\" class=\"wp-caption-text\">C\u00e2y gi\u1ed1ng h\u1ed3ng socola gh\u00e9p bo, \u0111\u00e3 x\u1ea3 n\u1eafng ra c\u01a1i ch\u1ed3i m\u1edbi &#8211; C\u00e2y Gi\u1ed1ng Ph\u00fac An cung c\u1ea5p<\/figcaption><\/figure>\n<p>C\u00e2y tr\u1ea3i qua quy tr\u00ecnh nh\u00e2n gi\u1ed1ng, d\u01b0\u1ee1ng c\u00e2y con, x\u1ea3 n\u1eafng ho\u00e0n ch\u1ec9nh. \u0110\u1ebfn tay c\u00f4 b\u00e1c s\u1ebd l\u00e0 t\u1eebng c\u00e2y \u0111\u00e3 c\u1ee9ng c\u00e1p \u0111\u00e3 ra c\u01a1i ch\u1ed3i m\u1edbi.<br \/>\nQu\u00fd c\u00f4 b\u00e1c c\u00f3 th\u1ec3 li\u00ean h\u1ec7 tr\u1ef1c ti\u1ebfp qua SDT\/ Zalo 0962.888.014 (<a href=\"http:\/\/localhost\/phucan713\/\" target=\"_blank\" rel=\"noopener\">C\u00e2y Gi\u1ed1ng Ph\u00fac An<\/a>) \u0111\u1ec3 ch\u00fang t\u00f4i t\u01b0 v\u1ea5n v\u00e0 b\u00e1o gi\u00e1 c\u1ee5 th\u1ec3. Xin c\u1ea3m \u01a1n qu\u00fd c\u00f4 b\u00e1c \u0111\u00e3 \u0111\u1eb7t ni\u1ec1m tin v\u1edbi nh\u00e0 v\u01b0\u1eddn.<\/p>\n<p>&gt;&gt; M\u1eddi b\u1ea1n \u0111\u1ecdc th\u00eam: <a href=\"https:\/\/www.24h.com.vn\/thi-truong-tieu-dung\/loai-qua-la-mau-den-si-co-vi-giong-socola-o-viet-nam-co-nguoi-trong-ban-gia-gan-nua-trieu-dong-kg-c52a1595306.html\" target=\"_blank\" rel=\"noopener\"><span style=\"color: #000080;\"><em><strong>Lo\u1ea1i qu\u1ea3 l\u1ea1 m\u00e0u \u0111en s\u00ec c\u00f3 v\u1ecb gi\u1ed1ng socola, \u1edf Vi\u1ec7t Nam c\u00f3 ng\u01b0\u1eddi tr\u1ed3ng b\u00e1n gi\u00e1 g\u1ea7n n\u1eeda tri\u1ec7u \u0111\u1ed3ng\/kg<\/strong><\/em><\/span><\/a><\/p>\n","protected":false},"excerpt":{"rendered":"<p>* Gi\u00e1 tham kh\u1ea3o cho s\u1ed1 l\u01b0\u1ee3ng t\u1eeb 30 c\u00e2y, c\u00f3 th\u1ec3 thay \u0111\u1ed5i theo th\u1eddi \u0111i\u1ec3m<br \/>\n* Ch\u01b0a bao g\u1ed3m ph\u00ed v\u1eadn chuy\u1ec3n (t\u00f9y theo s\u1ed1 l\u01b0\u1ee3ng c\u00e2y v\u00e0 \u0111\u1ecba \u0111i\u1ec3m giao h\u00e0ng)<\/p>\n","protected":false},"featured_media":1829,"comment_status":"open","ping_status":"closed","template":"","meta":[],"product_brand":[],"product_cat":[35,37],"product_tag":[64],"class_list":{"0":"post-1825","1":"product","2":"type-product","3":"status-publish","4":"has-post-thumbnail","6":"product_cat-san-pham-giong-cay-an-trai","7":"product_cat-cay-giong-khac","8":"product_tag-giong-hong-socola","10":"first","11":"instock","12":"shipping-taxable","13":"purchasable","14":"product-type-simple"},"_links":{"self":[{"href":"https:\/\/ktech4.k-tech-services.com\/phucan713\/wp-json\/wp\/v2\/product\/1825","targetHints":{"allow":["GET"]}}],"collection":[{"href":"https:\/\/ktech4.k-tech-services.com\/phucan713\/wp-json\/wp\/v2\/product"}],"about":[{"href":"https:\/\/ktech4.k-tech-services.com\/phucan713\/wp-json\/wp\/v2\/types\/product"}],"replies":[{"embeddable":true,"href":"https:\/\/ktech4.k-tech-services.com\/phucan713\/wp-json\/wp\/v2\/comments?post=1825"}],"wp:featuredmedia":[{"embeddable":true,"href":"https:\/\/ktech4.k-tech-services.com\/phucan713\/wp-json\/"}],"wp:attachment":[{"href":"https:\/\/ktech4.k-tech-services.com\/phucan713\/wp-json\/wp\/v2\/media?parent=1825"}],"wp:term":[{"taxonomy":"product_brand","embeddable":true,"href":"https:\/\/ktech4.k-tech-services.com\/phucan713\/wp-json\/wp\/v2\/product_brand?post=1825"},{"taxonomy":"product_cat","embeddable":true,"href":"https:\/\/ktech4.k-tech-services.com\/phucan713\/wp-json\/wp\/v2\/product_cat?post=1825"},{"taxonomy":"product_tag","embeddable":true,"href":"https:\/\/ktech4.k-tech-services.com\/phucan713\/wp-json\/wp\/v2\/product_tag?post=1825"}],"curies":[{"name":"wp","href":"https:\/\/api.w.org\/{rel}","templated":true}]}}