{"id":1849,"date":"2024-05-23T13:27:31","date_gmt":"2024-05-23T13:27:31","guid":{"rendered":"https:\/\/caygiongphucan.com\/?post_type=product&amp;p=1849"},"modified":"2024-05-23T13:27:31","modified_gmt":"2024-05-23T13:27:31","slug":"cay-giong-khe-ngot-trai-to","status":"publish","type":"product","link":"https:\/\/ktech4.k-tech-services.com\/phucan713\/san-pham\/cay-giong-khe-ngot-trai-to\/","title":{"rendered":"C\u00e2y gi\u1ed1ng kh\u1ebf ng\u1ecdt"},"content":{"rendered":"<p><em>Gi\u1ed1ng kh\u1ebf ng\u1ecdt l\u00e0 lo\u1ea1i c\u00e2y \u0103n tr\u00e1i quen thu\u1ed9c v\u1edbi h\u01b0\u01a1ng v\u1ecb th\u01a1m ngon, thanh m\u00e1t. C\u00e2y d\u1ec5 tr\u1ed3ng, \u00edt s\u00e2u b\u1ec7nh v\u00e0 cho n\u0103ng su\u1ea5t cao, v\u00ec v\u1eady \u0111\u01b0\u1ee3c nhi\u1ec1u gia \u0111\u00ecnh \u01b0a chu\u1ed9ng tr\u1ed3ng trong v\u01b0\u1eddn nh\u00e0. B\u00e0i vi\u1ebft n\u00e0y s\u1ebd cung c\u1ea5p cho b\u1ea1n nh\u1eefng th\u00f4ng tin chi ti\u1ebft v\u1ec1 gi\u1ed1ng kh\u1ebf ng\u1ecdt, t\u1eeb ngu\u1ed3n g\u1ed1c, \u0111\u1eb7c \u0111i\u1ec3m, c\u00e1ch tr\u1ed3ng v\u00e0 ch\u0103m s\u00f3c \u0111\u1ec3 b\u1ea1n c\u00f3 th\u1ec3 t\u1ef1 tay tr\u1ed3ng v\u00e0 th\u01b0\u1edfng th\u1ee9c nh\u1eefng tr\u00e1i kh\u1ebf ng\u1ecdt ngon ngay t\u1ea1i nh\u00e0.<\/em><\/p>\n<h2><strong>Ngu\u1ed3n g\u1ed1c, \u0111\u1eb7c \u0111i\u1ec3m c\u00e2y kh\u1ebf ng\u1ecdt<\/strong><\/h2>\n<figure id=\"attachment_1854\" aria-describedby=\"caption-attachment-1854\" style=\"width: 300px\" class=\"wp-caption aligncenter\"><img loading=\"lazy\" decoding=\"async\" class=\"wp-image-1854\" src=\"http:\/\/localhost\/phucan713\/wp-content\/uploads\/2024\/05\/391684604_1045667126615798_233503263302413576_n-225x300.jpg\" alt=\"Gi\u1ed1ng kh\u1ebf ng\u1ecdt cho tr\u00e1i to\" width=\"300\" height=\"400\" \/><figcaption id=\"caption-attachment-1854\" class=\"wp-caption-text\">Gi\u1ed1ng kh\u1ebf ng\u1ecdt cho tr\u00e1i to<\/figcaption><\/figure>\n<p>C\u00e2y kh\u1ebf ng\u1ecdt c\u00f3 t\u00ean khoa h\u1ecdc l\u00e0 Averrhoa carambola L.\u00a0Ngu\u1ed3n g\u1ed1c c\u1ee7a c\u00e2y kh\u1ebf ng\u1ecdt \u0111\u01b0\u1ee3c cho l\u00e0 t\u1eeb \u0110\u00f4ng Nam \u00c1, sau \u0111\u00f3 \u0111\u01b0\u1ee3c du nh\u1eadp v\u00e0o nhi\u1ec1u n\u01a1i tr\u00ean th\u1ebf gi\u1edbi.<\/p>\n<p>C\u00e2y kh\u1ebf ng\u1ecdt l\u00e0 c\u00e2y th\u00e2n g\u1ed7, c\u00f3 th\u1ec3 cao t\u1edbi 10m. C\u00e2y c\u00f3 t\u00e1n l\u00e1 r\u1ed9ng, x\u00f2e tr\u00f2n, v\u1edbi nh\u1eefng chi\u1ebfc l\u00e1 k\u00e9p l\u00f4ng chim d\u00e0i t\u1edbi 50cm.<\/p>\n<p>Hoa kh\u1ebf ng\u1ecdt c\u00f3 m\u00e0u tr\u1eafng, m\u1ecdc th\u00e0nh ch\u00f9m \u1edf n\u00e1ch l\u00e1. Qu\u1ea3 kh\u1ebf ng\u1ecdt c\u00f3 h\u00ecnh sao n\u0103m c\u00e1nh, khi ch\u00edn c\u00f3 m\u00e0u v\u00e0ng \u01b0\u01a1m, th\u1ecbt qu\u1ea3 gi\u00f2n, ng\u1ecdt thanh v\u00e0 c\u00f3 nhi\u1ec1u n\u01b0\u1edbc.<\/p>\n<h2><strong>\u0110\u1eb7c \u0111i\u1ec3m tr\u00e1i kh\u1ebf ng\u1ecdt<\/strong><\/h2>\n<figure id=\"attachment_1857\" aria-describedby=\"caption-attachment-1857\" style=\"width: 500px\" class=\"wp-caption aligncenter\"><img loading=\"lazy\" decoding=\"async\" class=\"wp-image-1857\" src=\"http:\/\/localhost\/phucan713\/wp-content\/uploads\/2024\/05\/trai-khe-ngot.jpg\" alt=\"Tr\u00e1i kh\u1ebf ng\u1ecdt\" width=\"500\" height=\"500\" \/><figcaption id=\"caption-attachment-1857\" class=\"wp-caption-text\">Tr\u00e1i kh\u1ebf ng\u1ecdt<\/figcaption><\/figure>\n<p>H\u00ecnh d\u00e1ng: Qu\u1ea3 kh\u1ebf ng\u1ecdt c\u00f3 h\u00ecnh sao n\u0103m c\u00e1nh, khi ch\u00edn c\u00f3 m\u00e0u v\u00e0ng \u01b0\u01a1m, v\u1ecf m\u1ecfng, nh\u1eb5n b\u00f3ng.<\/p>\n<p>K\u00edch th\u01b0\u1edbc: Qu\u1ea3 kh\u1ebf ng\u1ecdt c\u00f3 k\u00edch th\u01b0\u1edbc trung b\u00ecnh t\u1eeb 7-10cm, n\u1eb7ng kho\u1ea3ng 300-400g.<\/p>\n<p>Th\u1ecbt qu\u1ea3: Th\u1ecbt qu\u1ea3 kh\u1ebf ng\u1ecdt gi\u00f2n, tr\u1eafng ng\u1ea7n, c\u00f3 v\u1ecb ng\u1ecdt thanh v\u00e0 nhi\u1ec1u n\u01b0\u1edbc.<\/p>\n<p>H\u1ea1t: H\u1ea1t kh\u1ebf ng\u1ecdt nh\u1ecf, m\u00e0u n\u00e2u \u0111en, n\u1eb1m \u1edf ph\u1ea7n l\u00f5i gi\u1eefa qu\u1ea3.<\/p>\n<p>C\u00e2y kh\u1ebf ng\u1ecdt\u00a0gh\u00e9p c\u00e0nh cho tr\u00e1i sau 1-2\u00a0n\u0103m.\u00a0Ta n\u00ean \u0111\u1ec3 c\u00e2y 2 n\u0103m m\u1edbi cho mang tr\u00e1i nhi\u1ec1u, tr\u00e1nh tr\u01b0\u1eddng h\u1ee3p c\u00e2y b\u1ecb suy cho \u0111\u1ec3 tr\u00e1i qu\u00e1 s\u1edbm.<\/p>\n<h2><strong>Tr\u1ed3ng kh\u1ebf ng\u1ecdt bao l\u00e2u c\u00f3 tr\u00e1i?<\/strong><\/h2>\n<p>Kho\u1ea3ng 14 th\u00e1ng sau khi tr\u1ed3ng, c\u00e2y kh\u1ebf ng\u1ecdt s\u1ebd cho nh\u1eefng tr\u00e1i \u0111\u1ea7u ti\u00ean, n\u0103ng su\u1ea5t \u1ed5n \u0111\u1ecbnh t\u1eeb n\u0103m th\u1ee9 3 tr\u1edf v\u1ec1 sau. T\u1eeb l\u00fac ra hoa \u0111\u1ebfn khi thu ho\u1ea1ch kh\u1ebf ng\u1ecdt\u00a0kho\u1ea3ng 3 &#8211; 4 th\u00e1ng.<\/p>\n<h2><strong>N\u0103ng su\u1ea5t gi\u1ed1ng kh\u1ebf ng\u1ecdt<\/strong><\/h2>\n<figure id=\"attachment_1851\" aria-describedby=\"caption-attachment-1851\" style=\"width: 400px\" class=\"wp-caption aligncenter\"><img loading=\"lazy\" decoding=\"async\" class=\"wp-image-1851\" src=\"http:\/\/localhost\/phucan713\/wp-content\/uploads\/2024\/05\/247082794_1001480693760550_8236694257416557548_n-300x169.jpg\" alt=\"Kh\u1ebf ng\u1ecdt cho n\u0103ng su\u1ea5t cao v\u00e0 ch\u1ea5t l\u01b0\u1ee3ng tr\u00e1i ngon\" width=\"400\" height=\"225\" \/><figcaption id=\"caption-attachment-1851\" class=\"wp-caption-text\">Kh\u1ebf ng\u1ecdt cho n\u0103ng su\u1ea5t cao v\u00e0 ch\u1ea5t l\u01b0\u1ee3ng tr\u00e1i ngon<\/figcaption><\/figure>\n<p>N\u0103ng su\u1ea5t c\u1ee7a gi\u1ed1ng kh\u1ebf ng\u1ecdt ph\u1ee5 thu\u1ed9c v\u00e0o nhi\u1ec1u y\u1ebfu t\u1ed1 nh\u01b0 gi\u1ed1ng c\u00e2y, \u0111i\u1ec1u ki\u1ec7n kh\u00ed h\u1eadu, \u0111\u1ea5t \u0111ai v\u00e0 k\u1ef9 thu\u1eadt ch\u0103m s\u00f3c. Trung b\u00ecnh, m\u1ed7i c\u00e2y kh\u1ebf ng\u1ecdt tr\u01b0\u1edfng th\u00e0nh c\u00f3 th\u1ec3 cho thu ho\u1ea1ch t\u1eeb 50-100kg tr\u00e1i\u00a0m\u1ed7i n\u0103m.<\/p>\n<figure id=\"attachment_1858\" aria-describedby=\"caption-attachment-1858\" style=\"width: 347px\" class=\"wp-caption aligncenter\"><img loading=\"lazy\" decoding=\"async\" class=\"wp-image-1858\" src=\"http:\/\/localhost\/phucan713\/wp-content\/uploads\/2024\/05\/241244861_1929750463852176_970315432076600919_n-260x300.jpg\" alt=\"C\u00e2y kh\u1ebf ng\u1ecdt tr\u01b0\u1edfng th\u00e0nh\" width=\"347\" height=\"400\" \/><figcaption id=\"caption-attachment-1858\" class=\"wp-caption-text\">C\u00e2y kh\u1ebf ng\u1ecdt tr\u01b0\u1edfng th\u00e0nh<\/figcaption><\/figure>\n<h2><strong>Kh\u00ed h\u1eadu v\u00e0 \u0111\u1ea5t tr\u1ed3ng th\u00edch h\u1ee3p v\u1edbi gi\u1ed1ng kh\u1ebf ng\u1ecdt<\/strong><\/h2>\n<p>C\u00e2y kh\u1ebf ng\u1ecdt d\u1ec5 tr\u1ed3ng, kh\u00f4ng k\u00e9n \u0111\u1ea5t, ch\u1ecbu h\u1ea1n t\u1ed1t, th\u00edch nghi v\u1edbi nhi\u1ec1u \u0111i\u1ec1u ki\u1ec7n kh\u00ed h\u1eadu kh\u00e1c nhau, \u00edt s\u00e2u b\u1ec7nh v\u00e0 cho tr\u00e1i quanh n\u0103m<\/p>\n<p>Kh\u1ebf ng\u1ecdt \u01b0a kh\u00ed h\u1eadu n\u00f3ng \u1ea9m, nhi\u1ec7t \u0111\u1ed9 trung b\u00ecnh n\u0103m kho\u1ea3ng 25-30\u00b0C. C\u00e2y c\u00f3 th\u1ec3 ch\u1ecbu \u0111\u01b0\u1ee3c nhi\u1ec7t \u0111\u1ed9 cao nh\u01b0ng kh\u00f4ng ch\u1ecbu \u0111\u01b0\u1ee3c s\u01b0\u01a1ng gi\u00e1.<\/p>\n<p>Kh\u1ebf l\u00e0 c\u00e2y \u01b0a s\u00e1ng, c\u1ea7n nhi\u1ec1u \u00e1nh s\u00e1ng m\u1eb7t tr\u1eddi \u0111\u1ec3 quang h\u1ee3p v\u00e0 ra hoa, k\u1ebft tr\u00e1i.<\/p>\n<p>V\u1ecb tr\u00ed \u0111\u1ecba l\u00fd tr\u1ed3ng th\u00edch h\u1ee3p:<\/p>\n<ul>\n<li data-sourcepos=\"18:1-18:122\"><strong>V\u00f9ng \u0111\u1ed3ng b\u1eb1ng:<\/strong> C\u00e1c t\u1ec9nh \u0111\u1ed3ng b\u1eb1ng s\u00f4ng C\u1eedu Long, \u0111\u1ed3ng b\u1eb1ng s\u00f4ng H\u1ed3ng l\u00e0 nh\u1eefng v\u00f9ng r\u1ea5t th\u00edch h\u1ee3p \u0111\u1ec3 tr\u1ed3ng kh\u1ebf ng\u1ecdt.<\/li>\n<li data-sourcepos=\"19:1-20:0\"><strong>V\u00f9ng \u0111\u1ed3i n\u00fai th\u1ea5p:<\/strong> Kh\u1ebf c\u0169ng c\u00f3 th\u1ec3 tr\u1ed3ng \u1edf c\u00e1c v\u00f9ng \u0111\u1ed3i n\u00fai th\u1ea5p, mi\u1ec5n l\u00e0 \u0111\u1ea5t t\u01a1i x\u1ed1p v\u00e0 tho\u00e1t n\u01b0\u1edbc t\u1ed1t.<\/li>\n<\/ul>\n<figure id=\"attachment_1852\" aria-describedby=\"caption-attachment-1852\" style=\"width: 300px\" class=\"wp-caption aligncenter\"><img loading=\"lazy\" decoding=\"async\" class=\"wp-image-1852\" src=\"http:\/\/localhost\/phucan713\/wp-content\/uploads\/2024\/05\/283139215_171349141996259_1687933254388039164_n-225x300.jpg\" alt=\"Thu ho\u1ea1ch kh\u1ebf ng\u1ecdt\" width=\"300\" height=\"400\" \/><figcaption id=\"caption-attachment-1852\" class=\"wp-caption-text\">Thu ho\u1ea1ch kh\u1ebf ng\u1ecdt<\/figcaption><\/figure>\n<h2><strong>Kho\u1ea3ng c\u00e1ch tr\u1ed3ng ph\u00f9 h\u1ee3p v\u1edbi gi\u1ed1ng kh\u1ebf ng\u1ecdt<\/strong><\/h2>\n<p>Kho\u1ea3ng c\u00e1ch tr\u1ed3ng kh\u1ebf ng\u1ecdt\u00a0\u0111\u01b0\u1ee3c khuy\u1ebfn kh\u00edch l\u00e0\u00a04-5m\/c\u00e2y.<\/p>\n<h2><strong>C\u00e1ch ch\u0103m s\u00f3c c\u00e2y kh\u1ebf ng\u1ecdt<\/strong><\/h2>\n<p>T\u01b0\u1edbi n\u01b0\u1edbc: C\u00e2y kh\u1ebf ng\u1ecdt c\u1ea7n t\u01b0\u1edbi n\u01b0\u1edbc th\u01b0\u1eddng xuy\u00ean, \u0111\u1eb7c bi\u1ec7t l\u00e0 v\u00e0o m\u00f9a kh\u00f4. N\u00ean t\u01b0\u1edbi n\u01b0\u1edbc v\u00e0o s\u00e1ng s\u1edbm ho\u1eb7c chi\u1ec1u m\u00e1t.<\/p>\n<p>B\u00f3n ph\u00e2n: B\u00f3n ph\u00e2n cho c\u00e2y kh\u1ebf ng\u1ecdt \u0111\u1ecbnh k\u1ef3 3 th\u00e1ng\/l\u1ea7n. N\u00ean s\u1eed d\u1ee5ng ph\u00e2n chu\u1ed3ng hoai m\u1ee5c k\u1ebft h\u1ee3p v\u1edbi ph\u00e2n NPK.<\/p>\n<p>C\u1eaft t\u1ec9a: C\u1eaft t\u1ec9a c\u00e0nh, nh\u00e1nh cho c\u00e2y kh\u1ebf ng\u1ecdt \u0111\u1ec3 t\u1ea1o t\u00e1n, gi\u00fap c\u00e2y th\u00f4ng tho\u00e1ng v\u00e0 t\u1eadp trung dinh d\u01b0\u1ee1ng nu\u00f4i qu\u1ea3.<\/p>\n<p>Ph\u00f2ng tr\u1eeb s\u00e2u b\u1ec7nh: C\u00e2y kh\u1ebf ng\u1ecdt th\u01b0\u1eddng g\u1eb7p m\u1ed9t s\u1ed1 s\u00e2u b\u1ec7nh nh\u01b0 r\u1ec7p, s\u00e2u \u0111\u1ee5c th\u00e2n, n\u1ea5m b\u1ec7nh. C\u1ea7n theo d\u00f5i v\u00e0 ph\u00e1t hi\u1ec7n s\u1edbm \u0111\u1ec3 c\u00f3 bi\u1ec7n ph\u00e1p ph\u00f2ng tr\u1eeb k\u1ecbp th\u1eddi.<\/p>\n<h2><strong>L\u1ee3i \u00edch\u00a0tr\u00e1i kh\u1ebf ng\u1ecdt\u00a0cho s\u1ee9c kh\u1ecfe<\/strong><\/h2>\n<ul>\n<li>T\u0103ng c\u01b0\u1eddng h\u1ec7 mi\u1ec5n d\u1ecbch.<\/li>\n<li>H\u1ed7 tr\u1ee3 ti\u00eau h\u00f3a.<\/li>\n<li>T\u1ed1t cho tim m\u1ea1ch.<\/li>\n<li>Gi\u00fap \u0111\u1eb9p da, ch\u1ed1ng l\u00e3o h\u00f3a.<\/li>\n<li>H\u1ed7 tr\u1ee3 gi\u1ea3m c\u00e2n.<\/li>\n<li>Ng\u0103n ng\u1eeba ung th\u01b0.<\/li>\n<\/ul>\n<h2><strong>Gi\u00e1 c\u00e2y gi\u1ed1ng kh\u1ebf ng\u1ecdt<\/strong><\/h2>\n<p>Gi\u00e1 c\u00e2y gi\u1ed1ng kh\u1ebf ng\u1ecdt t\u1ea1i v\u01b0\u1eddn Ph\u00fac An dao \u0111\u1ed9ng t\u1eeb 38.000 &#8211; 45.000\/ c\u00e2y. T\u00f9y theo l\u00f4 c\u00e2y, s\u1ed1 l\u01b0\u1ee3ng \u0111\u1eb7t s\u1ebd c\u00f3 m\u1ee9c gi\u00e1 kh\u00e1c nhau. Ch\u00fang t\u00f4i cam k\u1ebft lu\u00f4n gi\u1eef m\u1ee9c gi\u00e1 ph\u1ea3i ch\u0103ng \u0111\u1ec3 m\u1ecdi kh\u00e1ch h\u00e0ng \u0111\u1ec1u c\u00f3 th\u1ec3 ch\u1ecdn mua nh\u1eefng c\u00e2y gi\u1ed1ng th\u1eadt t\u1ed1t cho khu v\u01b0\u1eddn c\u1ee7a m\u00ecnh.<\/p>\n<h2><strong>Mua c\u00e2y gi\u1ed1ng kh\u1ebf ng\u1ecdt\u00a0\u1edf \u0111\u00e2u ch\u1ea5t l\u01b0\u1ee3ng?<\/strong><\/h2>\n<p>C\u00e2y gi\u1ed1ng Ph\u00fac An cung c\u1ea5p c\u00e2y gi\u1ed1ng kh\u1ebf ng\u1ecdt ch\u1ea5t l\u01b0\u1ee3ng, \u0111\u01b0\u1ee3c b\u1ea3o h\u00e0nh \u0111\u00fang gi\u1ed1ng cho t\u1edbi khi c\u00f3 tr\u00e1i. V\u01b0\u1eddn nh\u00e2n gi\u1ed1ng c\u1ee7a Ph\u00fac An \u0111\u01b0\u1ee3c ch\u1ecdn l\u1ef1a k\u1ef9 l\u01b0\u1ee1ng, \u0111\u1ea3m b\u1ea3o chu\u1ea9n gi\u1ed1ng. C\u00e0nh\/ bo gh\u00e9p \u0111\u01b0\u1ee3c tuy\u1ec3n ch\u1ecdn t\u1eeb c\u00e2y m\u1eb9 kh\u1ecfe m\u1ea1nh xanh t\u1ed1t.<\/p>\n<figure id=\"attachment_3050\" aria-describedby=\"caption-attachment-3050\" style=\"width: 300px\" class=\"wp-caption aligncenter\"><img loading=\"lazy\" decoding=\"async\" class=\"wp-image-3050\" src=\"http:\/\/localhost\/phucan713\/wp-content\/uploads\/2024\/05\/z5889909671527_d3b83eb2d1217f9fe1f67c0ce4aa09d2-225x300.jpg\" alt=\"C\u00e2y gi\u1ed1ng kh\u1ebf ng\u1ecdt do Ph\u00fac An cung c\u1ea5p\" width=\"300\" height=\"400\" srcset=\"https:\/\/ktech4.k-tech-services.com\/phucan713\/wp-content\/uploads\/2024\/05\/z5889909671527_d3b83eb2d1217f9fe1f67c0ce4aa09d2-225x300.jpg 225w, https:\/\/ktech4.k-tech-services.com\/phucan713\/wp-content\/uploads\/2024\/05\/z5889909671527_d3b83eb2d1217f9fe1f67c0ce4aa09d2-768x1024.jpg 768w, https:\/\/ktech4.k-tech-services.com\/phucan713\/wp-content\/uploads\/2024\/05\/z5889909671527_d3b83eb2d1217f9fe1f67c0ce4aa09d2-1152x1536.jpg 1152w, https:\/\/ktech4.k-tech-services.com\/phucan713\/wp-content\/uploads\/2024\/05\/z5889909671527_d3b83eb2d1217f9fe1f67c0ce4aa09d2-510x680.jpg 510w, https:\/\/ktech4.k-tech-services.com\/phucan713\/wp-content\/uploads\/2024\/05\/z5889909671527_d3b83eb2d1217f9fe1f67c0ce4aa09d2.jpg 1536w\" sizes=\"auto, (max-width: 300px) 100vw, 300px\" \/><figcaption id=\"caption-attachment-3050\" class=\"wp-caption-text\">C\u00e2y gi\u1ed1ng kh\u1ebf ng\u1ecdt do Ph\u00fac An cung c\u1ea5p<\/figcaption><\/figure>\n<figure id=\"attachment_3048\" aria-describedby=\"caption-attachment-3048\" style=\"width: 300px\" class=\"wp-caption aligncenter\"><img loading=\"lazy\" decoding=\"async\" class=\"wp-image-3048\" src=\"http:\/\/localhost\/phucan713\/wp-content\/uploads\/2024\/05\/z5889909658084_d8ed8d9e1fcecf84fbc81e59ab4d00c6-225x300.jpg\" alt=\"V\u01b0\u1eddn nh\u00e2n gi\u1ed1ng c\u00e2y kh\u1ebf ng\u1ecdt t\u1ea1i B\u1ebfn Tre\" width=\"300\" height=\"400\" srcset=\"https:\/\/ktech4.k-tech-services.com\/phucan713\/wp-content\/uploads\/2024\/05\/z5889909658084_d8ed8d9e1fcecf84fbc81e59ab4d00c6-225x300.jpg 225w, https:\/\/ktech4.k-tech-services.com\/phucan713\/wp-content\/uploads\/2024\/05\/z5889909658084_d8ed8d9e1fcecf84fbc81e59ab4d00c6-768x1024.jpg 768w, https:\/\/ktech4.k-tech-services.com\/phucan713\/wp-content\/uploads\/2024\/05\/z5889909658084_d8ed8d9e1fcecf84fbc81e59ab4d00c6-1152x1536.jpg 1152w, https:\/\/ktech4.k-tech-services.com\/phucan713\/wp-content\/uploads\/2024\/05\/z5889909658084_d8ed8d9e1fcecf84fbc81e59ab4d00c6-510x680.jpg 510w, https:\/\/ktech4.k-tech-services.com\/phucan713\/wp-content\/uploads\/2024\/05\/z5889909658084_d8ed8d9e1fcecf84fbc81e59ab4d00c6.jpg 1536w\" sizes=\"auto, (max-width: 300px) 100vw, 300px\" \/><figcaption id=\"caption-attachment-3048\" class=\"wp-caption-text\">V\u01b0\u1eddn nh\u00e2n gi\u1ed1ng c\u00e2y kh\u1ebf ng\u1ecdt t\u1ea1i B\u1ebfn Tre<\/figcaption><\/figure>\n<p><span style=\"font-size: 120%; color: #008000;\">Ti\u00eau chu\u1ea9n\u00a0c\u00e2y gi\u1ed1ng kh\u1ebf ng\u1ecdt\u00a0\u0111\u01b0\u1ee3c cung c\u1ea5p b\u1edfi v\u01b0\u1eddn Ph\u00fac An:<\/span><\/p>\n<p>C\u00e2y tr\u1ea3i qua quy tr\u00ecnh nh\u00e2n gi\u1ed1ng, d\u01b0\u1ee1ng c\u00e2y con, x\u1ea3 n\u1eafng ho\u00e0n ch\u1ec9nh. \u0110\u1ebfn tay c\u00f4 b\u00e1c s\u1ebd l\u00e0 t\u1eebng c\u00e2y \u0111\u00e3 c\u1ee9ng c\u00e1p \u0111\u00e3 ra c\u01a1i ch\u1ed3i m\u1edbi.<br \/>\nQu\u00fd c\u00f4 b\u00e1c c\u00f3 th\u1ec3 li\u00ean h\u1ec7 tr\u1ef1c ti\u1ebfp qua SDT\/ Zalo 0962.888.014 (<a href=\"http:\/\/localhost\/phucan713\/\" target=\"_blank\" rel=\"noopener\">C\u00e2y Gi\u1ed1ng Ph\u00fac An<\/a>) \u0111\u1ec3 ch\u00fang t\u00f4i t\u01b0 v\u1ea5n v\u00e0 b\u00e1o gi\u00e1 c\u1ee5 th\u1ec3. Xin c\u1ea3m \u01a1n qu\u00fd c\u00f4 b\u00e1c \u0111\u00e3 \u0111\u1eb7t ni\u1ec1m tin v\u1edbi nh\u00e0 v\u01b0\u1eddn.<\/p>\n<p>&gt;&gt; M\u1eddi b\u1ea1n \u0111\u1ecdc th\u00eam: <a href=\"https:\/\/dantri.com.vn\/suc-khoe\/tac-dung-bat-ngo-cua-khe-voi-suc-khoe-20240517092009603.htm\" target=\"_blank\" rel=\"noopener\"><span style=\"color: #000080;\"><em><strong>T\u00e1c d\u1ee5ng b\u1ea5t ng\u1edd c\u1ee7a kh\u1ebf v\u1edbi s\u1ee9c kh\u1ecfe<\/strong><\/em><\/span><\/a><\/p>\n","protected":false},"excerpt":{"rendered":"<p>* Gi\u00e1 tham kh\u1ea3o cho s\u1ed1 l\u01b0\u1ee3ng t\u1eeb 30 c\u00e2y, c\u00f3 th\u1ec3 thay \u0111\u1ed5i theo th\u1eddi \u0111i\u1ec3m<br \/>\n* Ch\u01b0a bao g\u1ed3m ph\u00ed v\u1eadn chuy\u1ec3n (t\u00f9y theo s\u1ed1 l\u01b0\u1ee3ng c\u00e2y v\u00e0 \u0111\u1ecba \u0111i\u1ec3m giao h\u00e0ng)<\/p>\n","protected":false},"featured_media":3049,"comment_status":"open","ping_status":"closed","template":"","meta":[],"product_brand":[],"product_cat":[37],"product_tag":[66],"class_list":{"0":"post-1849","1":"product","2":"type-product","3":"status-publish","4":"has-post-thumbnail","6":"product_cat-cay-giong-khac","7":"product_tag-giong-khe-ngot","9":"first","10":"instock","11":"shipping-taxable","12":"purchasable","13":"product-type-simple"},"_links":{"self":[{"href":"https:\/\/ktech4.k-tech-services.com\/phucan713\/wp-json\/wp\/v2\/product\/1849","targetHints":{"allow":["GET"]}}],"collection":[{"href":"https:\/\/ktech4.k-tech-services.com\/phucan713\/wp-json\/wp\/v2\/product"}],"about":[{"href":"https:\/\/ktech4.k-tech-services.com\/phucan713\/wp-json\/wp\/v2\/types\/product"}],"replies":[{"embeddable":true,"href":"https:\/\/ktech4.k-tech-services.com\/phucan713\/wp-json\/wp\/v2\/comments?post=1849"}],"wp:featuredmedia":[{"embeddable":true,"href":"https:\/\/ktech4.k-tech-services.com\/phucan713\/wp-json\/wp\/v2\/media\/3049"}],"wp:attachment":[{"href":"https:\/\/ktech4.k-tech-services.com\/phucan713\/wp-json\/wp\/v2\/media?parent=1849"}],"wp:term":[{"taxonomy":"product_brand","embeddable":true,"href":"https:\/\/ktech4.k-tech-services.com\/phucan713\/wp-json\/wp\/v2\/product_brand?post=1849"},{"taxonomy":"product_cat","embeddable":true,"href":"https:\/\/ktech4.k-tech-services.com\/phucan713\/wp-json\/wp\/v2\/product_cat?post=1849"},{"taxonomy":"product_tag","embeddable":true,"href":"https:\/\/ktech4.k-tech-services.com\/phucan713\/wp-json\/wp\/v2\/product_tag?post=1849"}],"curies":[{"name":"wp","href":"https:\/\/api.w.org\/{rel}","templated":true}]}}