{"id":1882,"date":"2024-05-25T04:03:10","date_gmt":"2024-05-25T04:03:10","guid":{"rendered":"https:\/\/caygiongphucan.com\/?post_type=product&amp;p=1882"},"modified":"2024-05-25T04:03:10","modified_gmt":"2024-05-25T04:03:10","slug":"cay-giong-le-ki-ma-thai","status":"publish","type":"product","link":"https:\/\/ktech4.k-tech-services.com\/phucan713\/san-pham\/cay-giong-le-ki-ma-thai\/","title":{"rendered":"C\u00e2y gi\u1ed1ng l\u00ea ki ma Th\u00e1i"},"content":{"rendered":"<p>Gi\u1ed1ng l\u00ea ki ma\u00a0Th\u00e1i, hay c\u00f2n g\u1ecdi l\u00e0 tr\u1ee9ng g\u00e0, l\u00e0 lo\u1ea1i tr\u00e1i c\u00e2y \u0111\u1ed9c \u0111\u00e1o v\u1edbi h\u00ecnh d\u00e1ng b\u1eaft m\u1eaft v\u00e0 h\u01b0\u01a1ng v\u1ecb th\u01a1m ngon. Nh\u1eefng n\u0103m g\u1ea7n \u0111\u00e2y, gi\u1ed1ng l\u00ea ki ma\u00a0Th\u00e1i \u0111ang \u0111\u01b0\u1ee3c nhi\u1ec1u ng\u01b0\u1eddi \u01b0a chu\u1ed9ng b\u1edfi ti\u1ec1m n\u0103ng kinh t\u1ebf cao v\u00e0 d\u1ec5 tr\u1ed3ng, d\u1ec5 ch\u0103m s\u00f3c.<\/p>\n<p>B\u00e0i vi\u1ebft n\u00e0y s\u1ebd cung c\u1ea5p cho b\u1ea1n nh\u1eefng th\u00f4ng tin chi ti\u1ebft v\u1ec1 gi\u1ed1ng l\u00ea ki ma\u00a0Th\u00e1i, t\u1eeb ngu\u1ed3n g\u1ed1c, \u0111\u1eb7c \u0111i\u1ec3m \u0111\u1ebfn c\u00e1ch tr\u1ed3ng v\u00e0 ch\u0103m s\u00f3c \u0111\u1ec3 \u0111\u1ea1t n\u0103ng su\u1ea5t cao.<\/p>\n<h2><strong><b>Ngu\u1ed3n g\u1ed1c, \u0111\u1eb7c \u0111i\u1ec3m c\u00e2y <\/b><\/strong><strong><b>l\u00ea ki ma<\/b><\/strong><strong><b>\u00a0Th\u00e1i<\/b><\/strong><\/h2>\n<p>C\u00e2y l\u00ea ki ma\u00a0Th\u00e1i l\u00e0 c\u00e2y th\u00e2n g\u1ed7 nh\u1ecf, cao kho\u1ea3ng 2-3m.<\/p>\n<p>C\u00e0nh to, m\u1ecdc nhi\u1ec1u nh\u00e1nh.<\/p>\n<p>L\u00e1 to, m\u1ecdc \u1edf \u0111\u1ea7u c\u00e0nh, h\u00ecnh h\u01a1i b\u1ea7u d\u1ee5c, d\u00e0i 10-25cm, nh\u1eb5n.<\/p>\n<p>Hoa nh\u1ecf, cu\u1ed1ng nh\u1ecf v\u00e0 d\u00e0i, m\u1ecdc \u0111\u01a1n \u0111\u1ed9c \u1edf k\u1ebd c\u00e1c l\u00e1.<\/p>\n<p>Gi\u1ed1ng l\u00ea ki ma\u00a0Th\u00e1i c\u00f3 kh\u1ea3 n\u0103ng th\u00edch nghi r\u1ed9ng, tr\u1ed3ng \u0111\u01b0\u1ee3c \u1edf nhi\u1ec1u lo\u1ea1i kh\u00ed h\u1eadu kh\u00e1c nhau.<\/p>\n<p>C\u00e2y sinh tr\u01b0\u1edfng kh\u1ecfe m\u1ea1nh, \u00edt s\u00e2u b\u1ec7nh.<\/p>\n<h2><strong><b>\u0110\u1eb7c \u0111i\u1ec3m tr\u00e1i <\/b><\/strong><strong><b>l\u00ea ki ma<\/b><\/strong><strong><b>\u00a0Th\u00e1i<\/b><\/strong><\/h2>\n<figure id=\"attachment_4929\" aria-describedby=\"caption-attachment-4929\" style=\"width: 725px\" class=\"wp-caption aligncenter\"><img loading=\"lazy\" decoding=\"async\" class=\"wp-image-4929 size-full\" src=\"http:\/\/localhost\/phucan713\/wp-content\/uploads\/2024\/05\/trai-le-ki-ma-thai-phuc-an-cay-giong.jpg\" alt=\"Tr\u00e1i l\u00ea ki ma Th\u00e1i b\u00e9o b\u00f9i ng\u1ecdt thanh\" width=\"725\" height=\"515\" srcset=\"https:\/\/ktech4.k-tech-services.com\/phucan713\/wp-content\/uploads\/2024\/05\/trai-le-ki-ma-thai-phuc-an-cay-giong.jpg 725w, https:\/\/ktech4.k-tech-services.com\/phucan713\/wp-content\/uploads\/2024\/05\/trai-le-ki-ma-thai-phuc-an-cay-giong-300x213.jpg 300w, https:\/\/ktech4.k-tech-services.com\/phucan713\/wp-content\/uploads\/2024\/05\/trai-le-ki-ma-thai-phuc-an-cay-giong-510x362.jpg 510w\" sizes=\"auto, (max-width: 725px) 100vw, 725px\" \/><figcaption id=\"caption-attachment-4929\" class=\"wp-caption-text\">Tr\u00e1i l\u00ea ki ma Th\u00e1i b\u00e9o b\u00f9i ng\u1ecdt thanh<\/figcaption><\/figure>\n<ul>\n<li>Tr\u00e1i l\u00ea ki ma\u00a0Th\u00e1i c\u00f3 h\u00ecnh tr\u00f2n h\u01a1i thon d\u00e0i, ph\u1ea7n \u0111\u00e1y h\u01a1i nh\u1ecdn.<\/li>\n<li>Khi c\u00f2n xanh, tr\u00e1i\u00a0c\u00f3 m\u00e0u xanh s\u1eabm, khi ch\u00edn chuy\u1ec3n sang m\u00e0u v\u00e0ng s\u1eadm.<\/li>\n<li>V\u1ecf tr\u00e1i\u00a0m\u1ecfng, nh\u1eb5n b\u00f3ng.<\/li>\n<li>K\u00edch th\u01b0\u1edbc trung b\u00ecnh c\u1ee7a tr\u00e1i\u00a0l\u00ea ki ma\u00a0Th\u00e1i kho\u1ea3ng 5-7 cm.<\/li>\n<li>Ru\u1ed9t tr\u00e1i\u00a0l\u00ea ki ma\u00a0Th\u00e1i c\u00f3 m\u00e0u v\u00e0ng cam, m\u1ec1m m\u1ecbn.<\/li>\n<li>H\u1ea1t m\u00e0u n\u00e2u \u0111en, nh\u1ecf v\u00e0 d\u1eb9t.<\/li>\n<li>V\u1ecb ng\u1ecdt thanh, b\u00f9i b\u00f9i, gi\u1ed1ng l\u00f2ng \u0111\u1ecf tr\u1ee9ng g\u00e0 lu\u1ed9c, h\u01b0\u01a1ng th\u01a1m nh\u1eb9 nh\u00e0ng.<\/li>\n<\/ul>\n<h2><strong><b>Gi\u00e1 tr\u1ecb dinh d\u01b0\u1ee1ng<\/b><\/strong><\/h2>\n<p>L\u00ea ki ma Th\u00e1i l\u00e0 lo\u1ea1i tr\u00e1i c\u00e2y gi\u00e0u vitamin C, A, E, kali, magie,&#8230;<\/p>\n<p>Gi\u00fap t\u0103ng c\u01b0\u1eddng h\u1ec7 mi\u1ec5n d\u1ecbch, t\u1ed1t cho m\u1eaft, tim m\u1ea1ch v\u00e0 h\u1ec7 ti\u00eau h\u00f3a.<\/p>\n<p>Ng\u0103n ng\u1eeba l\u00e3o h\u00f3a, h\u1ed7 tr\u1ee3 gi\u1ea3m c\u00e2n.<\/p>\n<h2><strong><b>Gi\u1ed1ng c\u00e2y <\/b><\/strong><strong><b>l\u00ea ki ma<\/b><\/strong><strong><b>\u00a0Th\u00e1i tr\u1ed3ng bao l\u00e2u c\u00f3 tr\u00e1i?<\/b><\/strong><\/h2>\n<p>C\u00e2y l\u00ea ki ma\u00a0Th\u00e1i tr\u1ed3ng t\u1eeb h\u1ea1t th\u01b0\u1eddng m\u1ea5t\u00a03-4\u00a0n\u0103m cho tr\u00e1i. Tuy nhi\u00ean, n\u1ebfu tr\u1ed3ng b\u1eb1ng c\u00e2y gh\u00e9p, th\u1eddi gian thu ho\u1ea1ch c\u00f3 th\u1ec3 r\u00fat ng\u1eafn xu\u1ed1ng c\u00f2n 1 &#8211; 2 n\u0103m.<\/p>\n<p>Tr\u00ean th\u1ef1c t\u1ebf, tr\u1ed3ng t\u1eeb c\u00e2y h\u1ea1t s\u1ebd cho tr\u00e1i to, b\u00e9o ng\u1ecdt v\u00e0 th\u01a1m h\u01a1n tr\u1ed3ng t\u1eeb c\u00e2y gh\u00e9p.<\/p>\n<h2><strong><b>T\u1eeb l\u00fac ra hoa \u0111\u1ebfn khi thu ho\u1ea1ch <\/b><\/strong><strong><b>l\u00ea ki ma<\/b><\/strong><strong><b>\u00a0Th\u00e1i kho\u1ea3ng bao l\u00e2u?<\/b><\/strong><\/h2>\n<p>T\u1eeb l\u00fac ra hoa \u0111\u1ebfn khi thu ho\u1ea1ch l\u00ea ki ma\u00a0Th\u00e1i kho\u1ea3ng 3-4 th\u00e1ng.<\/p>\n<figure id=\"attachment_1890\" aria-describedby=\"caption-attachment-1890\" style=\"width: 600px\" class=\"wp-caption aligncenter\"><img loading=\"lazy\" decoding=\"async\" class=\"wp-image-1890\" src=\"http:\/\/localhost\/phucan713\/wp-content\/uploads\/2024\/05\/hoa-le-ki-ma-300x169.jpg\" alt=\"Hoa l\u00ea ki ma\" width=\"600\" height=\"338\" \/><figcaption id=\"caption-attachment-1890\" class=\"wp-caption-text\">Hoa l\u00ea ki ma<\/figcaption><\/figure>\n<h2><strong><b>N\u0103ng su\u1ea5t gi\u1ed1ng <\/b><\/strong><strong><b>l\u00ea ki ma<\/b><\/strong><strong><b>\u00a0Th\u00e1i<\/b><\/strong><\/h2>\n<p>N\u0103ng su\u1ea5t c\u1ee7a gi\u1ed1ng l\u00ea ki ma\u00a0Th\u00e1i\u00a0ph\u1ee5 thu\u1ed9c v\u00e0o nhi\u1ec1u y\u1ebfu t\u1ed1 nh\u01b0 gi\u1ed1ng c\u00e2y, \u0111i\u1ec1u ki\u1ec7n kh\u00ed h\u1eadu, th\u1ed5 nh\u01b0\u1ee1ng v\u00e0 k\u1ef9 thu\u1eadt ch\u0103m s\u00f3c.<\/p>\n<p>M\u1ed7i c\u00e2y l\u00ea ki ma\u00a0Th\u00e1i tr\u01b0\u1edfng th\u00e0nh c\u00f3 th\u1ec3 cho thu ho\u1ea1ch t\u1eeb 100-300 kg\u00a0m\u1ed7i n\u0103m.<\/p>\n<figure id=\"attachment_4928\" aria-describedby=\"caption-attachment-4928\" style=\"width: 360px\" class=\"wp-caption aligncenter\"><img loading=\"lazy\" decoding=\"async\" class=\"wp-image-4928 size-full\" src=\"http:\/\/localhost\/phucan713\/wp-content\/uploads\/2024\/05\/trai-le-ki-ma-thai-cay-giong-phuc-an.jpg\" alt=\"L\u00ea ki ma Th\u00e1i \u0111\u1eadu tr\u00e1i t\u1ef1 nhi\u00ean v\u00e0 n\u0103ng su\u1ea5t cao\" width=\"360\" height=\"388\" srcset=\"https:\/\/ktech4.k-tech-services.com\/phucan713\/wp-content\/uploads\/2024\/05\/trai-le-ki-ma-thai-cay-giong-phuc-an.jpg 360w, https:\/\/ktech4.k-tech-services.com\/phucan713\/wp-content\/uploads\/2024\/05\/trai-le-ki-ma-thai-cay-giong-phuc-an-278x300.jpg 278w\" sizes=\"auto, (max-width: 360px) 100vw, 360px\" \/><figcaption id=\"caption-attachment-4928\" class=\"wp-caption-text\">L\u00ea ki ma Th\u00e1i \u0111\u1eadu tr\u00e1i t\u1ef1 nhi\u00ean v\u00e0 n\u0103ng su\u1ea5t cao<\/figcaption><\/figure>\n<h2><strong><b>Kh\u00ed h\u1eadu v\u00e0 \u0111\u1ea5t tr\u1ed3ng th\u00edch h\u1ee3p v\u1edbi gi\u1ed1ng <\/b><\/strong><strong><b>l\u00ea ki ma<\/b><\/strong><strong><b>\u00a0Th\u00e1i<\/b><\/strong><\/h2>\n<p>C\u00e2y l\u00ea ki ma\u00a0Th\u00e1i \u01b0a th\u00edch kh\u00ed h\u1eadu nhi\u1ec7t \u0111\u1edbi gi\u00f3 m\u00f9a.<\/p>\n<p>C\u00e2y d\u1ec5 th\u00edch nghi v\u1edbi nhi\u1ec1u lo\u1ea1i \u0111\u1ea5t kh\u00e1c nhau, tuy nhi\u00ean, \u0111\u1ec3 c\u00e2y ph\u00e1t tri\u1ec3n t\u1ed1t nh\u1ea5t v\u00e0 cho n\u0103ng su\u1ea5t cao, n\u00ean tr\u1ed3ng c\u00e2y \u1edf nh\u1eefng lo\u1ea1i \u0111\u1ea5t sau:<\/p>\n<h3><strong><b>\u0110\u1ea5t th\u1ecbt pha c\u00e1t<\/b><\/strong><\/h3>\n<p>\u0110\u00e2y l\u00e0 lo\u1ea1i \u0111\u1ea5t l\u00fd t\u01b0\u1edfng nh\u1ea5t cho c\u00e2y l\u00ea ki ma\u00a0Th\u00e1i ph\u00e1t tri\u1ec3n. \u0110\u1ea5t th\u1ecbt pha c\u00e1t c\u00f3 \u0111\u1ed9 t\u01a1i x\u1ed1p cao, tho\u00e1t n\u01b0\u1edbc t\u1ed1t, gi\u00e0u dinh d\u01b0\u1ee1ng, gi\u00fap c\u00e2y d\u1ec5 d\u00e0ng h\u1ea5p thu d\u01b0\u1ee1ng ch\u1ea5t v\u00e0 ph\u00e1t tri\u1ec3n m\u1ea1nh m\u1ebd.<\/p>\n<h3><strong><b>\u0110\u1ea5t th\u1ecbt nh\u1eb9<\/b><\/strong><\/h3>\n<p>\u0110\u1ea5t th\u1ecbt nh\u1eb9 c\u0169ng l\u00e0 lo\u1ea1i \u0111\u1ea5t th\u00edch h\u1ee3p cho c\u00e2y l\u00ea ki ma\u00a0Th\u00e1i. Lo\u1ea1i \u0111\u1ea5t n\u00e0y c\u00f3 \u0111\u1ed9 t\u01a1i x\u1ed1p cao, tho\u00e1t n\u01b0\u1edbc t\u1ed1t, tuy nhi\u00ean, c\u1ea7n b\u1ed5 sung th\u00eam dinh d\u01b0\u1ee1ng cho c\u00e2y \u0111\u1ec3 \u0111\u1ea3m b\u1ea3o ph\u00e1t tri\u1ec3n t\u1ed1t.<\/p>\n<h3><strong><b>\u0110\u1ea5t c\u00e1t pha<\/b><\/strong><\/h3>\n<p>C\u00e2y l\u00ea ki ma\u00a0Th\u00e1i c\u0169ng c\u00f3 th\u1ec3 tr\u1ed3ng \u0111\u01b0\u1ee3c \u1edf \u0111\u1ea5t c\u00e1t pha, tuy nhi\u00ean, c\u1ea7n l\u01b0u \u00fd t\u01b0\u1edbi n\u01b0\u1edbc th\u01b0\u1eddng xuy\u00ean cho c\u00e2y \u0111\u1ec3 tr\u00e1nh b\u1ecb kh\u00f4 h\u1ea1n. Ngo\u00e0i ra, c\u1ea7n b\u1ed5 sung th\u00eam dinh d\u01b0\u1ee1ng cho c\u00e2y \u0111\u1ec3 \u0111\u1ea3m b\u1ea3o ph\u00e1t tri\u1ec3n t\u1ed1t.<\/p>\n<h3><strong><b>\u0110\u1ea5t chua<\/b><\/strong><\/h3>\n<p>C\u00e2y l\u00ea ki ma\u00a0Th\u00e1i c\u00f3 th\u1ec3 ch\u1ecbu \u0111\u01b0\u1ee3c \u0111\u1ea5t chua nh\u1eb9. Tuy nhi\u00ean, n\u1ebfu tr\u1ed3ng c\u00e2y \u1edf \u0111\u1ea5t chua, c\u1ea7n b\u00f3n th\u00eam v\u00f4i \u0111\u1ec3 trung h\u00f2a \u0111\u1ed9 chua trong \u0111\u1ea5t v\u00e0 gi\u00fap c\u00e2y h\u1ea5p thu dinh d\u01b0\u1ee1ng t\u1ed1t h\u01a1n.<\/p>\n<h3><strong><b>\u0110\u1ea5t m\u1eb7n<\/b><\/strong><\/h3>\n<p>C\u00e2y l\u00ea ki ma\u00a0Th\u00e1i c\u0169ng c\u00f3 th\u1ec3 ch\u1ecbu \u0111\u01b0\u1ee3c \u0111\u1ea5t m\u1eb7n nh\u1eb9. Tuy nhi\u00ean, n\u1ebfu tr\u1ed3ng c\u00e2y \u1edf \u0111\u1ea5t m\u1eb7n, c\u1ea7n t\u01b0\u1edbi n\u01b0\u1edbc th\u01b0\u1eddng xuy\u00ean cho c\u00e2y \u0111\u1ec3 r\u1eeda tr\u00f4i mu\u1ed1i v\u00e0 gi\u00fap c\u00e2y ph\u00e1t tri\u1ec3n t\u1ed1t.<\/p>\n<h2><strong><b>Kho\u1ea3ng c\u00e1ch tr\u1ed3ng gi\u1ed1ng <\/b><\/strong><strong><b>l\u00ea ki ma<\/b><\/strong><strong><b>\u00a0Th\u00e1i<\/b><\/strong><\/h2>\n<p>Kho\u1ea3ng c\u00e1ch tr\u1ed3ng l\u00ea ki ma\u00a0Th\u00e1i \u0111\u01b0\u1ee3c khuy\u1ebfn kh\u00edch l\u00e0 4m\/ c\u00e2y. C\u00e2y c\u00f3 \u0111\u1ee7 kh\u00f4ng gian ph\u00e1t tri\u1ec3n v\u00e0 cho n\u0103ng su\u1ea5t cao. N\u1ebfu tr\u1ed3ng \u0111\u1ec3 l\u1ea5y b\u00f3ng m\u00e1t th\u00ec c\u00f3 th\u1ec3 tr\u1ed3ng v\u1edbi m\u1eadt \u0111\u1ed9 d\u00e0y h\u01a1n.<\/p>\n<h2><strong><b>C\u00e1ch ch\u0103m s\u00f3c c\u00e2y <\/b><\/strong><strong><b>l\u00ea ki ma<\/b><\/strong><strong><b>\u00a0Th\u00e1i<\/b><\/strong><\/h2>\n<p>Khi tr\u1ed3ng c\u00e2y l\u00ea ki ma\u00a0Th\u00e1i, c\u1ea7n \u0111\u00e0o h\u1ed1 r\u1ed9ng v\u00e0 s\u00e2u kho\u1ea3ng 60x60x60cm.\u00a0B\u00f3n l\u00f3t cho h\u1ed1 b\u1eb1ng ph\u00e2n chu\u1ed3ng hoai m\u1ee5c ho\u1eb7c ph\u00e2n h\u1eefu c\u01a1 vi sinh.<\/p>\n<p>T\u01b0\u1edbi n\u01b0\u1edbc: T\u01b0\u1edbi n\u01b0\u1edbc \u0111\u1ec1u \u0111\u1eb7n cho c\u00e2y l\u00ea ki ma\u00a0Th\u00e1i, nh\u1ea5t l\u00e0 v\u00e0o m\u00f9a kh\u00f4. N\u00ean t\u01b0\u1edbi v\u00e0o s\u00e1ng s\u1edbm ho\u1eb7c chi\u1ec1u m\u00e1t \u0111\u1ec3 tr\u00e1nh l\u00e0m \u1ea3nh h\u01b0\u1edfng \u0111\u1ebfn hoa v\u00e0 tr\u00e1i.<\/p>\n<p>B\u00f3n ph\u00e2n: B\u00f3n ph\u00e2n cho c\u00e2y l\u00ea ki ma\u00a0Th\u00e1i \u0111\u1ecbnh k\u1ef3 3 th\u00e1ng\/l\u1ea7n. S\u1eed d\u1ee5ng ph\u00e2n h\u1eefu c\u01a1 ho\u1eb7c ph\u00e2n NPK theo h\u01b0\u1edbng d\u1eabn tr\u00ean bao b\u00ec.<\/p>\n<p>C\u1eaft t\u1ec9a: C\u1eaft t\u1ec9a c\u00e0nh, nh\u00e1nh gi\u00e0, c\u00e0nh m\u1ecdc v\u01b0\u1ee3t \u0111\u1ec3 t\u1ea1o t\u00e1n c\u00e2y th\u00f4ng tho\u00e1ng v\u00e0 th\u00fac \u0111\u1ea9y ra hoa, \u0111\u1eadu tr\u00e1i.<\/p>\n<p>Ph\u00f2ng tr\u1eeb s\u00e2u b\u1ec7nh: Th\u01b0\u1eddng xuy\u00ean ki\u1ec3m tra v\u00e0 phun thu\u1ed1c ph\u00f2ng tr\u1eeb c\u00e1c lo\u1ea1i s\u00e2u b\u1ec7nh h\u1ea1i l\u00ea ki ma\u00a0Th\u00e1i nh\u01b0 s\u00e2u \u0103n l\u00e1, r\u1ec7p s\u00e1p, s\u00e2u \u0111\u1ee5c th\u00e2n.<\/p>\n<h2><strong><b>Gi\u00e1 c\u00e2y gi\u1ed1ng <\/b><\/strong><strong><b>l\u00ea ki ma<\/b><\/strong><strong><b>\u00a0Th\u00e1i<\/b><\/strong><\/h2>\n<p>Gi\u00e1 c\u00e2y gi\u1ed1ng l\u00ea ki ma Th\u00e1i t\u1ea1i v\u01b0\u1eddn Ph\u00fac An dao \u0111\u1ed9ng t\u1eeb 70.000 &#8211; 90.000\/ c\u00e2y. T\u00f9y theo k\u00edch c\u1ee1, l\u00f4 c\u00e2y theo th\u1eddi \u0111i\u1ec3m, s\u1ed1 l\u01b0\u1ee3ng \u0111\u1eb7t s\u1ebd c\u00f3 m\u1ee9c gi\u00e1 kh\u00e1c nhau.<\/p>\n<p>Ch\u00fang t\u00f4i cam k\u1ebft lu\u00f4n gi\u1eef m\u1ee9c gi\u00e1 m\u1ec1m v\u1eeba t\u00fai ti\u1ec1n \u0111\u1ec3 m\u1ecdi kh\u00e1ch h\u00e0ng \u0111\u1ec1u c\u00f3 th\u1ec3 ch\u1ecdn mua nh\u1eefng c\u00e2y gi\u1ed1ng th\u1eadt t\u1ed1t cho khu v\u01b0\u1eddn c\u1ee7a m\u00ecnh.<\/p>\n<figure id=\"attachment_1893\" aria-describedby=\"caption-attachment-1893\" style=\"width: 377px\" class=\"wp-caption aligncenter\"><img loading=\"lazy\" decoding=\"async\" class=\"wp-image-1893\" src=\"http:\/\/localhost\/phucan713\/wp-content\/uploads\/2024\/05\/z5199456476657_e05e65bbfe12eff76c87c6bd65fb939d-226x300.jpg\" alt=\"C\u00e2y gi\u1ed1ng l\u00ea ki ma Th\u00e1i Ph\u00fac An cung c\u1ea5p\" width=\"377\" height=\"500\" \/><figcaption id=\"caption-attachment-1893\" class=\"wp-caption-text\">C\u00e2y gi\u1ed1ng l\u00ea ki ma Th\u00e1i Ph\u00fac An cung c\u1ea5p<\/figcaption><\/figure>\n<h2><strong><b>Mua c\u00e2y gi\u1ed1ng <\/b><\/strong><strong><b>l\u00ea ki ma<\/b><\/strong><strong><b>\u00a0Th\u00e1i\u00a0\u1edf \u0111\u00e2u ch\u1ea5t l\u01b0\u1ee3ng?<\/b><\/strong><\/h2>\n<p>C\u00e2y gi\u1ed1ng Ph\u00fac An cung c\u1ea5p c\u00e2y gi\u1ed1ng l\u00ea ki ma Th\u00e1i ch\u1ea5t l\u01b0\u1ee3ng, \u0111\u01b0\u1ee3c b\u1ea3o h\u00e0nh \u0111\u00fang gi\u1ed1ng cho t\u1edbi khi c\u00f3 tr\u00e1i. V\u01b0\u1eddn nh\u00e2n gi\u1ed1ng c\u1ee7a Ph\u00fac An \u0111\u01b0\u1ee3c ch\u1ecdn l\u1ef1a k\u1ef9 l\u01b0\u1ee1ng, \u0111\u1ea3m b\u1ea3o chu\u1ea9n gi\u1ed1ng.<\/p>\n<figure id=\"attachment_2740\" aria-describedby=\"caption-attachment-2740\" style=\"width: 500px\" class=\"wp-caption aligncenter\"><img loading=\"lazy\" decoding=\"async\" class=\"wp-image-2740\" src=\"http:\/\/localhost\/phucan713\/wp-content\/uploads\/2024\/05\/z5692839332473_b6e32ddabaf519413314c8b839c544f0-300x278.jpg\" alt=\"C\u00e2y gi\u1ed1ng l\u00ea ki ma Th\u00e1i gh\u00e9p chui c\u00e0nh Ph\u00fac An cung c\u1ea5p\" width=\"500\" height=\"462\" srcset=\"https:\/\/ktech4.k-tech-services.com\/phucan713\/wp-content\/uploads\/2024\/05\/z5692839332473_b6e32ddabaf519413314c8b839c544f0-300x278.jpg 300w, https:\/\/ktech4.k-tech-services.com\/phucan713\/wp-content\/uploads\/2024\/05\/z5692839332473_b6e32ddabaf519413314c8b839c544f0-768x710.jpg 768w, https:\/\/ktech4.k-tech-services.com\/phucan713\/wp-content\/uploads\/2024\/05\/z5692839332473_b6e32ddabaf519413314c8b839c544f0-510x472.jpg 510w, https:\/\/ktech4.k-tech-services.com\/phucan713\/wp-content\/uploads\/2024\/05\/z5692839332473_b6e32ddabaf519413314c8b839c544f0.jpg 960w\" sizes=\"auto, (max-width: 500px) 100vw, 500px\" \/><figcaption id=\"caption-attachment-2740\" class=\"wp-caption-text\">C\u00e2y gi\u1ed1ng l\u00ea ki ma Th\u00e1i gh\u00e9p chui c\u00e0nh Ph\u00fac An cung c\u1ea5p<\/figcaption><\/figure>\n<p><span style=\"color: #008000;\"><strong><b>Ti\u00eau chu\u1ea9n c\u00e2y gi\u1ed1ng <\/b><\/strong><strong><b>l\u00ea ki ma<\/b><\/strong><strong><b>\u00a0Th\u00e1i\u00a0\u0111\u01b0\u1ee3c cung c\u1ea5p b\u1edfi v\u01b0\u1eddn Ph\u00fac An:<\/b><\/strong><\/span><\/p>\n<ul>\n<li>C\u00e2y gh\u00e9p chui c\u00e0nh (th\u00e1p c\u00e0nh)<\/li>\n<li>Chi\u1ec1u cao c\u00e2y gi\u1ed1ng 50-70cm t\u00ednh t\u1eeb m\u1eb7t b\u1ea7u<\/li>\n<li>C\u00e2y nu\u00f4i \u0111\u1ee7 th\u1eddi gian, b\u1ea7u r\u1ec5 \u1ed5n \u0111\u1ecbnh, c\u00e2y \u0111\u00e3 x\u1ea3 n\u1eafng\u00a0c\u1ee9ng c\u00e1p<\/li>\n<li>Kh\u00f4ng c\u00f3 d\u1ea5u hi\u1ec7u s\u00e2u b\u1ec7nh, b\u1ed9 l\u00e1 xanh t\u1ed1t d\u00e0y d\u1eb7n<\/li>\n<\/ul>\n<figure id=\"attachment_2741\" aria-describedby=\"caption-attachment-2741\" style=\"width: 375px\" class=\"wp-caption aligncenter\"><img loading=\"lazy\" decoding=\"async\" class=\"wp-image-2741\" src=\"http:\/\/localhost\/phucan713\/wp-content\/uploads\/2024\/05\/z5766961129673_6f5642eadee7e8000356510d5e10aef8-225x300.jpg\" alt=\"C\u00e2y gi\u1ed1ng l\u00ea ki ma Th\u00e1i gh\u00e9p chui c\u00e0nh Ph\u00fac An cung c\u1ea5p\" width=\"375\" height=\"500\" srcset=\"https:\/\/ktech4.k-tech-services.com\/phucan713\/wp-content\/uploads\/2024\/05\/z5766961129673_6f5642eadee7e8000356510d5e10aef8-225x300.jpg 225w, https:\/\/ktech4.k-tech-services.com\/phucan713\/wp-content\/uploads\/2024\/05\/z5766961129673_6f5642eadee7e8000356510d5e10aef8-768x1024.jpg 768w, https:\/\/ktech4.k-tech-services.com\/phucan713\/wp-content\/uploads\/2024\/05\/z5766961129673_6f5642eadee7e8000356510d5e10aef8-510x680.jpg 510w, https:\/\/ktech4.k-tech-services.com\/phucan713\/wp-content\/uploads\/2024\/05\/z5766961129673_6f5642eadee7e8000356510d5e10aef8.jpg 960w\" sizes=\"auto, (max-width: 375px) 100vw, 375px\" \/><figcaption id=\"caption-attachment-2741\" class=\"wp-caption-text\">C\u00e2y gi\u1ed1ng l\u00ea ki ma Th\u00e1i gh\u00e9p chui c\u00e0nh Ph\u00fac An cung c\u1ea5p<\/figcaption><\/figure>\n<figure id=\"attachment_2739\" aria-describedby=\"caption-attachment-2739\" style=\"width: 442px\" class=\"wp-caption aligncenter\"><img loading=\"lazy\" decoding=\"async\" class=\"wp-image-2739\" src=\"http:\/\/localhost\/phucan713\/wp-content\/uploads\/2024\/05\/z5766961123484_148f8265fa4c467b5e3c1c315748c8be-265x300.jpg\" alt=\"C\u00e2y gi\u1ed1ng l\u00ea ki ma Th\u00e1i gh\u00e9p chui c\u00e0nh Ph\u00fac An cung c\u1ea5p\" width=\"442\" height=\"500\" srcset=\"https:\/\/ktech4.k-tech-services.com\/phucan713\/wp-content\/uploads\/2024\/05\/z5766961123484_148f8265fa4c467b5e3c1c315748c8be-265x300.jpg 265w, https:\/\/ktech4.k-tech-services.com\/phucan713\/wp-content\/uploads\/2024\/05\/z5766961123484_148f8265fa4c467b5e3c1c315748c8be-906x1024.jpg 906w, https:\/\/ktech4.k-tech-services.com\/phucan713\/wp-content\/uploads\/2024\/05\/z5766961123484_148f8265fa4c467b5e3c1c315748c8be-768x868.jpg 768w, https:\/\/ktech4.k-tech-services.com\/phucan713\/wp-content\/uploads\/2024\/05\/z5766961123484_148f8265fa4c467b5e3c1c315748c8be-510x576.jpg 510w, https:\/\/ktech4.k-tech-services.com\/phucan713\/wp-content\/uploads\/2024\/05\/z5766961123484_148f8265fa4c467b5e3c1c315748c8be.jpg 960w\" sizes=\"auto, (max-width: 442px) 100vw, 442px\" \/><figcaption id=\"caption-attachment-2739\" class=\"wp-caption-text\">C\u00e2y gi\u1ed1ng l\u00ea ki ma Th\u00e1i gh\u00e9p chui c\u00e0nh Ph\u00fac An cung c\u1ea5p<\/figcaption><\/figure>\n<p>C\u00e2y tr\u1ea3i qua quy tr\u00ecnh nh\u00e2n gi\u1ed1ng, d\u01b0\u1ee1ng c\u00e2y con, x\u1ea3 n\u1eafng ho\u00e0n ch\u1ec9nh. \u0110\u1ebfn tay c\u00f4 b\u00e1c s\u1ebd l\u00e0 t\u1eebng c\u00e2y \u0111\u00e3 c\u1ee9ng c\u00e1p \u0111\u00e3 ra c\u01a1i ch\u1ed3i m\u1edbi.<br \/>\nQu\u00fd c\u00f4 b\u00e1c c\u00f3 th\u1ec3 li\u00ean h\u1ec7 tr\u1ef1c ti\u1ebfp qua SDT\/ Zalo 0962.888.014 (<a href=\"http:\/\/localhost\/phucan713\/\" target=\"_blank\" rel=\"noopener\">C\u00e2y Gi\u1ed1ng Ph\u00fac An<\/a>) \u0111\u1ec3 ch\u00fang t\u00f4i t\u01b0 v\u1ea5n v\u00e0 b\u00e1o gi\u00e1 c\u1ee5 th\u1ec3. Xin c\u1ea3m \u01a1n qu\u00fd c\u00f4 b\u00e1c \u0111\u00e3 \u0111\u1eb7t ni\u1ec1m tin v\u1edbi nh\u00e0 v\u01b0\u1eddn.<\/p>\n<p>&gt;&gt; M\u1eddi b\u1ea1n \u0111\u1ecdc th\u00eam: <a href=\"https:\/\/tuoitre.vn\/trai-lekima-lieu-thuoc-tu-nhien-rat-tot-cho-tim-20250823083951766.htm\" target=\"_blank\" rel=\"noopener\"><span style=\"color: #000080;\"><em><strong>Tr\u00e1i l\u00eakima &#8211; &#8216;li\u1ec1u thu\u1ed1c&#8217; t\u1ef1 nhi\u00ean r\u1ea5t t\u1ed1t cho tim<\/strong><\/em><\/span><\/a><\/p>\n","protected":false},"excerpt":{"rendered":"<p>* Gi\u00e1 tham kh\u1ea3o cho s\u1ed1 l\u01b0\u1ee3ng t\u1eeb 30 c\u00e2y, c\u00f3 th\u1ec3 thay \u0111\u1ed5i theo th\u1eddi \u0111i\u1ec3m<br \/>\n* Ch\u01b0a bao g\u1ed3m ph\u00ed v\u1eadn chuy\u1ec3n (t\u00f9y theo s\u1ed1 l\u01b0\u1ee3ng c\u00e2y v\u00e0 \u0111\u1ecba \u0111i\u1ec3m giao h\u00e0ng)<\/p>\n","protected":false},"featured_media":2741,"comment_status":"open","ping_status":"closed","template":"","meta":[],"product_brand":[],"product_cat":[35,37],"product_tag":[67],"class_list":{"0":"post-1882","1":"product","2":"type-product","3":"status-publish","4":"has-post-thumbnail","6":"product_cat-san-pham-giong-cay-an-trai","7":"product_cat-cay-giong-khac","8":"product_tag-giong-le-ki-ma-thai","10":"first","11":"instock","12":"shipping-taxable","13":"purchasable","14":"product-type-simple"},"_links":{"self":[{"href":"https:\/\/ktech4.k-tech-services.com\/phucan713\/wp-json\/wp\/v2\/product\/1882","targetHints":{"allow":["GET"]}}],"collection":[{"href":"https:\/\/ktech4.k-tech-services.com\/phucan713\/wp-json\/wp\/v2\/product"}],"about":[{"href":"https:\/\/ktech4.k-tech-services.com\/phucan713\/wp-json\/wp\/v2\/types\/product"}],"replies":[{"embeddable":true,"href":"https:\/\/ktech4.k-tech-services.com\/phucan713\/wp-json\/wp\/v2\/comments?post=1882"}],"wp:featuredmedia":[{"embeddable":true,"href":"https:\/\/ktech4.k-tech-services.com\/phucan713\/wp-json\/wp\/v2\/media\/2741"}],"wp:attachment":[{"href":"https:\/\/ktech4.k-tech-services.com\/phucan713\/wp-json\/wp\/v2\/media?parent=1882"}],"wp:term":[{"taxonomy":"product_brand","embeddable":true,"href":"https:\/\/ktech4.k-tech-services.com\/phucan713\/wp-json\/wp\/v2\/product_brand?post=1882"},{"taxonomy":"product_cat","embeddable":true,"href":"https:\/\/ktech4.k-tech-services.com\/phucan713\/wp-json\/wp\/v2\/product_cat?post=1882"},{"taxonomy":"product_tag","embeddable":true,"href":"https:\/\/ktech4.k-tech-services.com\/phucan713\/wp-json\/wp\/v2\/product_tag?post=1882"}],"curies":[{"name":"wp","href":"https:\/\/api.w.org\/{rel}","templated":true}]}}