{"id":2269,"date":"2024-06-21T12:59:39","date_gmt":"2024-06-21T12:59:39","guid":{"rendered":"https:\/\/caygiongphucan.com\/?post_type=product&amp;p=2269"},"modified":"2024-06-21T12:59:39","modified_gmt":"2024-06-21T12:59:39","slug":"cay-giong-me-thai","status":"publish","type":"product","link":"https:\/\/ktech4.k-tech-services.com\/phucan713\/san-pham\/cay-giong-me-thai\/","title":{"rendered":"C\u00e2y gi\u1ed1ng me th\u00e1i"},"content":{"rendered":"<h2><strong><b>Ngu\u1ed3n g\u1ed1c<\/b><\/strong><strong><b>\u00a0<\/b><\/strong><strong><b>gi\u1ed1ng me th\u00e1i<\/b><\/strong><\/h2>\n<p>Gi\u1ed1ng me Th\u00e1i hay (me c\u00f3 v\u1ecb ng\u1ecdt) c\u00f3 ngu\u1ed3n g\u1ed1c t\u1eeb Th\u00e1i Lan. Gi\u1ed1ng me n\u00e0y \u0111\u01b0\u1ee3c du nh\u1eadp v\u00e0o Vi\u1ec7t Nam t\u1eeb nhi\u1ec1u n\u0103m tr\u01b0\u1edbc v\u00e0 nhanh ch\u00f3ng tr\u1edf n\u00ean ph\u1ed5 bi\u1ebfn b\u1edfi \u01b0u \u0111i\u1ec3m cho n\u0103ng su\u1ea5t cao, tr\u00e1i to, ng\u1ecdt v\u00e0 \u00edt x\u01a1.<\/p>\n<h2><strong><b>\u0110\u1eb7c \u0111i\u1ec3m c\u00e2y v\u00e0 tr\u00e1i me Th\u00e1i<\/b><\/strong><\/h2>\n<h3><strong><b>C\u00e2y me Th\u00e1i<\/b><\/strong><\/h3>\n<p>L\u00e0 c\u00e2y th\u00e2n g\u1ed7, c\u00f3 th\u1ec3 cao t\u1edbi 20m.<\/p>\n<p>Th\u00e2n c\u00e2y c\u00f3 m\u00e0u n\u00e2u x\u00e1m, x\u00f9 x\u00ec.<\/p>\n<p>L\u00e1 k\u00e9p l\u00f4ng chim, m\u1ed7i l\u00e1 c\u00f3 4-6 \u0111\u00f4i l\u00e1 nh\u1ecf.<\/p>\n<p>Hoa me Th\u00e1i m\u00e0u tr\u1eafng, m\u1ecdc th\u00e0nh ch\u00f9m.<\/p>\n<h3><strong><b>Tr\u00e1i me Th\u00e1i<\/b><\/strong><\/h3>\n<p>D\u00e0i t\u1eeb 10-15cm, \u0111\u01b0\u1eddng k\u00ednh 4-5cm.<\/p>\n<p>V\u1ecf qu\u1ea3 m\u1ecfng, m\u00e0u n\u00e2u v\u00e0ng khi ch\u00edn.<\/p>\n<p>C\u01a1m me d\u00e0y, m\u00e0u v\u00e0ng cam, v\u1ecb ng\u1ecdt thanh.<\/p>\n<p>H\u1ea1t me Th\u00e1i nh\u1ecf, d\u1eb9t, m\u00e0u n\u00e2u s\u1eabm.<\/p>\n<h2><strong><b>C\u00e2y <\/b><\/strong><strong><b>me th\u00e1i<\/b><\/strong><strong><b>\u00a0tr\u1ed3ng bao l\u00e2u c\u00f3 tr\u00e1i? <\/b><\/strong><\/h2>\n<p>Tr\u1ed3ng me th\u00e1i t\u1eeb c\u00e2y gh\u00e9p ch\u1ec9 c\u1ea7n 2-3 n\u0103m l\u00e0 c\u00e2y \u0111\u00e3 c\u00f3 th\u1ec3 cho thu ho\u1ea1ch.<\/p>\n<h2><strong><b>N\u0103ng su\u1ea5t <\/b><\/strong><strong><b>gi\u1ed1ng me th\u00e1i<\/b><\/strong><\/h2>\n<p>N\u0103ng su\u1ea5t gi\u1ed1ng me Th\u00e1i trung b\u00ecnh t\u1eeb 100-200kg\/c\u00e2y\/n\u0103m. Tuy nhi\u00ean, n\u0103ng su\u1ea5t c\u00f3 th\u1ec3 cao h\u01a1n n\u1ebfu \u0111\u01b0\u1ee3c ch\u0103m s\u00f3c t\u1ed1t v\u00e0 \u0111i\u1ec1u ki\u1ec7n kh\u00ed h\u1eadu thu\u1eadn l\u1ee3i.<\/p>\n<h2><strong><b>Kh\u00ed h\u1eadu v\u00e0 \u0111\u1ea5t tr\u1ed3ng th\u00edch h\u1ee3p v\u1edbi <\/b><\/strong><strong><b>gi\u1ed1ng me th\u00e1i<\/b><\/strong><\/h2>\n<p>Kh\u00ed h\u1eadu: C\u00e2y me Th\u00e1i \u01b0a nhi\u1ec7t, th\u00edch h\u1ee3p v\u1edbi kh\u00ed h\u1eadu n\u00f3ng \u1ea9m. C\u00e2y c\u00f3 th\u1ec3 ch\u1ecbu \u0111\u01b0\u1ee3c h\u1ea1n nh\u01b0ng kh\u00f4ng ch\u1ecbu \u0111\u01b0\u1ee3c \u00fang.<\/p>\n<p>\u0110\u1ea5t tr\u1ed3ng: C\u00e2y me Th\u00e1i th\u00edch h\u1ee3p v\u1edbi nhi\u1ec1u lo\u1ea1i \u0111\u1ea5t, nh\u01b0ng t\u1ed1t nh\u1ea5t l\u00e0 \u0111\u1ea5t t\u01a1i x\u1ed1p, gi\u00e0u dinh d\u01b0\u1ee1ng v\u00e0 tho\u00e1t n\u01b0\u1edbc t\u1ed1t.<\/p>\n<h2><strong><b>Kho\u1ea3ng c\u00e1ch tr\u1ed3ng <\/b><\/strong><strong><b>me th\u00e1i<\/b><\/strong><\/h2>\n<p>Kho\u1ea3ng c\u00e1ch tr\u1ed3ng me Th\u00e1i th\u01b0\u1eddng l\u00e0 6-7m. Tuy nhi\u00ean, c\u0169ng c\u00f3 th\u1ec3 tr\u1ed3ng v\u1edbi kho\u1ea3ng c\u00e1ch d\u00e0y h\u01a1n ho\u1eb7c th\u01b0a h\u01a1n t\u00f9y thu\u1ed9c v\u00e0o \u0111i\u1ec1u ki\u1ec7n c\u1ee5 th\u1ec3.<\/p>\n<h2><strong><b>C\u00e1ch ch\u0103m s\u00f3c b\u00f3n ph\u00e2n cho gi\u1ed1ng me th\u00e1i<\/b><\/strong><\/h2>\n<p>T\u01b0\u1edbi n\u01b0\u1edbc: C\u00e2y me Th\u00e1i c\u1ea7n t\u01b0\u1edbi n\u01b0\u1edbc th\u01b0\u1eddng xuy\u00ean, nh\u1ea5t l\u00e0 trong giai \u0111o\u1ea1n ra hoa v\u00e0 k\u1ebft tr\u00e1i.<\/p>\n<p>B\u00f3n ph\u00e2n: C\u00e2y me Th\u00e1i c\u1ea7n \u0111\u01b0\u1ee3c b\u00f3n ph\u00e2n \u0111\u1ecbnh k\u1ef3, 2-3 l\u1ea7n\/n\u0103m. N\u00ean s\u1eed d\u1ee5ng ph\u00e2n b\u00f3n h\u1eefu c\u01a1 ho\u1eb7c ph\u00e2n b\u00f3n NPK.<\/p>\n<p>C\u1eaft t\u1ec9a: C\u1ea7n c\u1eaft t\u1ec9a c\u00e0nh nh\u00e1nh cho c\u00e2y me Th\u00e1i \u0111\u1ec3 t\u1ea1o t\u00e1n, gi\u00fap c\u00e2y th\u00f4ng tho\u00e1ng v\u00e0 ra nhi\u1ec1u qu\u1ea3 h\u01a1n.<\/p>\n<p>Ph\u00f2ng tr\u1eeb s\u00e2u b\u1ec7nh: C\u00e2y me Th\u00e1i \u00edt b\u1ecb s\u00e2u b\u1ec7nh h\u1ea1i, tuy nhi\u00ean c\u1ea7n ch\u00fa \u00fd ph\u00f2ng tr\u1eeb m\u1ed9t s\u1ed1 b\u1ec7nh nh\u01b0 th\u00e1n th\u01b0, r\u1ec9 s\u1eaft.<\/p>\n<h3><strong><b>L\u01b0u \u00fd<\/b><\/strong><\/h3>\n<p>C\u1ea7n ch\u1ecdn mua c\u00e2y gi\u1ed1ng me Th\u00e1i kh\u1ecfe m\u1ea1nh, kh\u00f4ng b\u1ecb s\u00e2u b\u1ec7nh.<\/p>\n<p>N\u00ean tr\u1ed3ng c\u00e2y me Th\u00e1i v\u00e0o \u0111\u1ea7u m\u00f9a m\u01b0a.<\/p>\n<p>C\u1ea7n che ch\u1eafn cho c\u00e2y me Th\u00e1i trong m\u00f9a n\u1eafng n\u00f3ng.<\/p>\n<p>Tr\u1ed3ng me Th\u00e1i kh\u00f4ng kh\u00f3, ch\u1ec9 c\u1ea7n tu\u00e2n th\u1ee7 m\u1ed9t s\u1ed1 k\u1ef9 thu\u1eadt c\u01a1 b\u1ea3n l\u00e0 c\u00f3 th\u1ec3 thu ho\u1ea1ch \u0111\u01b0\u1ee3c nh\u1eefng tr\u00e1i me th\u01a1m ngon, ng\u1ecdt ng\u00e0o.<\/p>\n<h2><strong><b>Gi\u00e1 c\u00e2y <\/b><\/strong><strong><b>gi\u1ed1ng me th\u00e1i<\/b><\/strong><\/h2>\n<p>Gi\u00e1 c\u00e2y gi\u1ed1ng me th\u00e1i\u00a0t\u1ea1i v\u01b0\u1eddn Ph\u00fac An dao \u0111\u1ed9ng t\u1eeb 30.000 &#8211; 40.000\/ c\u00e2y. T\u00f9y theo l\u00f4 c\u00e2y, s\u1ed1 l\u01b0\u1ee3ng \u0111\u1eb7t s\u1ebd c\u00f3 m\u1ee9c gi\u00e1 kh\u00e1c nhau. Ch\u00fang t\u00f4i cam k\u1ebft lu\u00f4n gi\u1eef m\u1ee9c gi\u00e1 v\u1eeba t\u00fai ti\u1ec1n \u0111\u1ec3 m\u1ecdi kh\u00e1ch h\u00e0ng \u0111\u1ec1u c\u00f3 th\u1ec3 ch\u1ecdn mua nh\u1eefng c\u00e2y gi\u1ed1ng th\u1eadt t\u1ed1t cho khu v\u01b0\u1eddn c\u1ee7a m\u00ecnh.<\/p>\n<h2><strong><b>Mua c\u00e2y <\/b><\/strong><strong><b>gi\u1ed1ng me th\u00e1i<\/b><\/strong><strong><b>\u00a0\u1edf \u0111\u00e2u ch\u1ea5t l\u01b0\u1ee3ng?<\/b><\/strong><\/h2>\n<p>C\u00e2y gi\u1ed1ng Ph\u00fac An cung c\u1ea5p c\u00e2y gi\u1ed1ng me th\u00e1i\u00a0ch\u1ea5t l\u01b0\u1ee3ng, \u0111\u01b0\u1ee3c b\u1ea3o h\u00e0nh \u0111\u00fang gi\u1ed1ng cho t\u1edbi khi c\u00f3 tr\u00e1i.<\/p>\n<p>V\u01b0\u1eddn nh\u00e2n gi\u1ed1ng c\u1ee7a Ph\u00fac An \u0111\u01b0\u1ee3c ch\u1ecdn l\u1ef1a k\u1ef9 l\u01b0\u1ee1ng, l\u00e0 v\u01b0\u1eddn \u0111\u00e3 cho tr\u00e1i chu\u1ea9n v\u00e0 \u1ed5n \u0111\u1ecbnh. C\u00e0nh gh\u00e9p \u0111\u01b0\u1ee3c tuy\u1ec3n ch\u1ecdn kh\u1ecfe m\u1ea1nh xanh t\u1ed1t.<\/p>\n<p>Ti\u00eau chu\u1ea9n c\u00e2y gi\u1ed1ng me th\u00e1i \u0111\u01b0\u1ee3c cung c\u1ea5p b\u1edfi v\u01b0\u1eddn Ph\u00fac An:<\/p>\n<p>&#8211; H\u00ecnh th\u1ee9c nh\u00e2n gi\u1ed1ng: Gh\u00e9p chui c\u00e0nh\/ th\u00e1p c\u00e0nh<\/p>\n<p>&#8211; Chi\u1ec1u cao c\u00e2y gi\u1ed1ng 50cm-70cm<\/p>\n<p>&#8211; C\u00e2y nu\u00f4i \u0111\u1ee7 th\u1eddi gian, b\u1ea7u r\u1ec5 \u1ed5n \u0111\u1ecbnh, c\u00e2y \u0111\u00e3 x\u1ea3 n\u1eafng\u00a0c\u1ee9ng c\u00e1p<\/p>\n<p>&#8211; Kh\u00f4ng c\u00f3 d\u1ea5u hi\u1ec7u s\u00e2u b\u1ec7nh, v\u1ebft gh\u00e9p ti\u1ebfp h\u1ee3p t\u1ed1t, b\u1ed9 l\u00e1 xanh t\u1ed1t d\u00e0y d\u1eb7n<\/p>\n<p>C\u00e2y tr\u1ea3i qua qu\u00e1 tr\u00ecnh nh\u00e2n gi\u1ed1ng, d\u01b0\u1ee1ng c\u00e2y con, x\u1ea3 n\u1eafng ho\u00e0n ch\u1ec9nh. \u0110\u1ebfn tay c\u00f4 b\u00e1c s\u1ebd l\u00e0 t\u1eebng c\u00e2y \u0111\u00e3 c\u1ee9ng c\u00e1p \u0111\u00e3 ra c\u01a1i ch\u1ed3i m\u1edbi.<\/p>\n<p>Qu\u00fd c\u00f4 b\u00e1c c\u00f3 th\u1ec3 li\u00ean h\u1ec7 tr\u1ef1c ti\u1ebfp qua SDT\/ Zalo 0962 888 014 (<a href=\"http:\/\/localhost\/phucan713\/\" target=\"_blank\" rel=\"noopener\">c\u00e2y gi\u1ed1ng Ph\u00fac An<\/a>) \u0111\u1ec3 ch\u00fang t\u00f4i t\u01b0 v\u1ea5n v\u00e0 b\u00e1o gi\u00e1 c\u1ee5 th\u1ec3. Xin c\u1ea3m \u01a1n qu\u00fd c\u00f4 b\u00e1c \u0111\u00e3 \u0111\u1eb7t ni\u1ec1m tin v\u1edbi nh\u00e0 v\u01b0\u1eddn Ph\u00fac An.<\/p>\n<p>&gt;&gt; M\u1eddi b\u1ea1n \u0111\u1ecdc th\u00eam: <a href=\"https:\/\/baoangiang.com.vn\/hieu-qua-kinh-te-tu-cay-me-thai-a238722.html\" target=\"_blank\" rel=\"noopener\"><span style=\"color: #000080;\"><em><strong>Hi\u1ec7u qu\u1ea3 kinh t\u1ebf t\u1eeb c\u00e2y me Th\u00e1i<\/strong><\/em><\/span><\/a><\/p>\n","protected":false},"excerpt":{"rendered":"<p>* Gi\u00e1 tham kh\u1ea3o cho s\u1ed1 l\u01b0\u1ee3ng t\u1eeb 30 c\u00e2y, c\u00f3 th\u1ec3 thay \u0111\u1ed5i theo th\u1eddi \u0111i\u1ec3m<br \/>\n* Ch\u01b0a bao g\u1ed3m ph\u00ed v\u1eadn chuy\u1ec3n (t\u00f9y theo s\u1ed1 l\u01b0\u1ee3ng c\u00e2y v\u00e0 \u0111\u1ecba \u0111i\u1ec3m giao h\u00e0ng)<\/p>\n","protected":false},"featured_media":2279,"comment_status":"open","ping_status":"closed","template":"","meta":[],"product_brand":[],"product_cat":[35,37],"product_tag":[],"class_list":{"0":"post-2269","1":"product","2":"type-product","3":"status-publish","4":"has-post-thumbnail","6":"product_cat-san-pham-giong-cay-an-trai","7":"product_cat-cay-giong-khac","9":"first","10":"instock","11":"shipping-taxable","12":"purchasable","13":"product-type-simple"},"_links":{"self":[{"href":"https:\/\/ktech4.k-tech-services.com\/phucan713\/wp-json\/wp\/v2\/product\/2269","targetHints":{"allow":["GET"]}}],"collection":[{"href":"https:\/\/ktech4.k-tech-services.com\/phucan713\/wp-json\/wp\/v2\/product"}],"about":[{"href":"https:\/\/ktech4.k-tech-services.com\/phucan713\/wp-json\/wp\/v2\/types\/product"}],"replies":[{"embeddable":true,"href":"https:\/\/ktech4.k-tech-services.com\/phucan713\/wp-json\/wp\/v2\/comments?post=2269"}],"wp:featuredmedia":[{"embeddable":true,"href":"https:\/\/ktech4.k-tech-services.com\/phucan713\/wp-json\/wp\/v2\/media\/2279"}],"wp:attachment":[{"href":"https:\/\/ktech4.k-tech-services.com\/phucan713\/wp-json\/wp\/v2\/media?parent=2269"}],"wp:term":[{"taxonomy":"product_brand","embeddable":true,"href":"https:\/\/ktech4.k-tech-services.com\/phucan713\/wp-json\/wp\/v2\/product_brand?post=2269"},{"taxonomy":"product_cat","embeddable":true,"href":"https:\/\/ktech4.k-tech-services.com\/phucan713\/wp-json\/wp\/v2\/product_cat?post=2269"},{"taxonomy":"product_tag","embeddable":true,"href":"https:\/\/ktech4.k-tech-services.com\/phucan713\/wp-json\/wp\/v2\/product_tag?post=2269"}],"curies":[{"name":"wp","href":"https:\/\/api.w.org\/{rel}","templated":true}]}}