{"id":2688,"date":"2024-08-21T12:22:52","date_gmt":"2024-08-21T12:22:52","guid":{"rendered":"https:\/\/caygiongphucan.com\/?post_type=product&amp;p=2688"},"modified":"2024-08-21T12:22:52","modified_gmt":"2024-08-21T12:22:52","slug":"cay-giong-mit-to-nu-huong-sau-rieng","status":"publish","type":"product","link":"https:\/\/ktech4.k-tech-services.com\/phucan713\/san-pham\/cay-giong-mit-to-nu-huong-sau-rieng\/","title":{"rendered":"C\u00e2y gi\u1ed1ng m\u00edt t\u1ed1 n\u1eef h\u01b0\u01a1ng s\u1ea7u ri\u00eang"},"content":{"rendered":"<p><em>M\u1edbi l\u1ea1, n\u0103ng su\u1ea5t v\u00e0 gi\u00e1 tr\u1ecb cao, v\u1ecb ngon tuy\u1ec7t h\u1ea3o, h\u01b0\u01a1ng th\u01a1m n\u1ed3ng n\u00e0n,&#8230;l\u00e0 nh\u1eefng m\u1ef9 t\u1eeb khi n\u00f3i v\u1ec1 gi\u1ed1ng m\u00edt t\u1ed1 n\u1eef h\u01b0\u01a1ng s\u1ea7u ri\u00eang. H\u00e3y c\u00f9ng Ph\u00fac An t\u00ecm hi\u1ec3u k\u1ef9 h\u01a1n v\u1ec1 gi\u1ed1ng m\u00edt n\u00e0y nh\u00e9.\u00a0<\/em><\/p>\n<p><iframe loading=\"lazy\" title=\"CHU\u1ea8N GI\u1ed0NG 100% - C\u00e2y Gi\u1ed1ng M\u00edt T\u1ed1 N\u1eef H\u01b0\u01a1ng S\u1ea7u Ri\u00eang Gh\u00e9p Chui C\u00e0nh T\u1ea1i B\u1ebfn Tre\" width=\"563\" height=\"1000\" src=\"https:\/\/www.youtube.com\/embed\/AbLyx6bd8SA?feature=oembed\" frameborder=\"0\" allow=\"accelerometer; autoplay; clipboard-write; encrypted-media; gyroscope; picture-in-picture; web-share\" referrerpolicy=\"strict-origin-when-cross-origin\" allowfullscreen><\/iframe><\/p>\n<h2><strong><b>Ngu\u1ed3n g\u1ed1c gi\u1ed1ng M\u00edt T\u1ed1 N\u1eef H\u01b0\u01a1ng S\u1ea7u Ri\u00eang<\/b><\/strong><\/h2>\n<figure id=\"attachment_2696\" aria-describedby=\"caption-attachment-2696\" style=\"width: 600px\" class=\"wp-caption aligncenter\"><img loading=\"lazy\" decoding=\"async\" class=\"wp-image-2696\" src=\"http:\/\/localhost\/phucan713\/wp-content\/uploads\/2024\/08\/20230716-103002-300x169.jpg\" alt=\"M\u00edt t\u1ed1 n\u1eef h\u01b0\u01a1ng s\u1ea7u ri\u00eang c\u00f3 xu\u1ea5t x\u1ee9 t\u1eeb \u0110\u00e0i Loan\" width=\"600\" height=\"338\" srcset=\"https:\/\/ktech4.k-tech-services.com\/phucan713\/wp-content\/uploads\/2024\/08\/20230716-103002-300x169.jpg 300w, https:\/\/ktech4.k-tech-services.com\/phucan713\/wp-content\/uploads\/2024\/08\/20230716-103002-768x432.jpg 768w, https:\/\/ktech4.k-tech-services.com\/phucan713\/wp-content\/uploads\/2024\/08\/20230716-103002-510x287.jpg 510w, https:\/\/ktech4.k-tech-services.com\/phucan713\/wp-content\/uploads\/2024\/08\/20230716-103002.jpg 960w\" sizes=\"auto, (max-width: 600px) 100vw, 600px\" \/><figcaption id=\"caption-attachment-2696\" class=\"wp-caption-text\">M\u00edt t\u1ed1 n\u1eef h\u01b0\u01a1ng s\u1ea7u ri\u00eang c\u00f3 xu\u1ea5t x\u1ee9 t\u1eeb \u0110\u00e0i Loan<\/figcaption><\/figure>\n<p>Gi\u1ed1ng m\u00edt t\u1ed1 n\u1eef c\u00f3 h\u01b0\u01a1ng s\u1ea7u ri\u00eang (c\u00f2n g\u1ecdi l\u00e0 m\u00edt s\u1ea7u ri\u00eang) c\u00f3 xu\u1ea5t x\u1ee9 t\u1eeb \u0110\u00e0i Loan. V\u00e0i n\u0103m tr\u01b0\u1edbc, gi\u1ed1ng c\u00e2y n\u00e0y \u0111\u01b0\u1ee3c tr\u1ed3ng th\u00e0nh c\u00f4ng, thu\u1ea7n v\u1edbi kh\u00ed h\u1eadu th\u1ed5 nh\u01b0\u1ee1ng Vi\u1ec7t Nam v\u00e0 cho tr\u00e1i ph\u1ea9m ch\u1ea5t cao. Gi\u1ed1ng m\u00edt n\u00e0y c\u00f3 th\u1eddi gian sinh tr\u01b0\u1edfng ng\u1eafn, nhanh cho tr\u00e1i v\u00e0 kh\u1ea3 n\u0103ng ch\u1ecbu h\u1ea1n cao, s\u1ee9c s\u1ed1ng t\u1ed1t.<\/p>\n<h2><strong><b>\u0110\u1eb7c \u0111i\u1ec3m c\u1ee7a M\u00edt T\u1ed1 N\u1eef H\u01b0\u01a1ng S\u1ea7u Ri\u00eang<\/b><\/strong><\/h2>\n<figure id=\"attachment_2698\" aria-describedby=\"caption-attachment-2698\" style=\"width: 600px\" class=\"wp-caption aligncenter\"><img loading=\"lazy\" decoding=\"async\" class=\"wp-image-2698\" src=\"http:\/\/localhost\/phucan713\/wp-content\/uploads\/2024\/08\/rjj5r5juu-300x200.jpg\" alt=\"M\u00edt t\u1ed1 n\u1eef h\u01b0\u01a1ng s\u1ea7u ri\u00eang\" width=\"600\" height=\"400\" srcset=\"https:\/\/ktech4.k-tech-services.com\/phucan713\/wp-content\/uploads\/2024\/08\/rjj5r5juu-300x200.jpg 300w, https:\/\/ktech4.k-tech-services.com\/phucan713\/wp-content\/uploads\/2024\/08\/rjj5r5juu-768x512.jpg 768w, https:\/\/ktech4.k-tech-services.com\/phucan713\/wp-content\/uploads\/2024\/08\/rjj5r5juu-510x340.jpg 510w, https:\/\/ktech4.k-tech-services.com\/phucan713\/wp-content\/uploads\/2024\/08\/rjj5r5juu.jpg 960w\" sizes=\"auto, (max-width: 600px) 100vw, 600px\" \/><figcaption id=\"caption-attachment-2698\" class=\"wp-caption-text\">M\u00edt t\u1ed1 n\u1eef h\u01b0\u01a1ng s\u1ea7u ri\u00eang<\/figcaption><\/figure>\n<p>Tr\u00e1i m\u00edt to h\u01a1n m\u00edt t\u1ed1 n\u1eef truy\u1ec1n th\u1ed1ng, m\u1eaft gai c\u1ee7a gi\u1ed1ng m\u00edt n\u00e0y to v\u00e0 th\u01b0a, gai khi ch\u00edn h\u01a1i d\u1eb9p, kh\u00f4ng nh\u1ecdn nh\u01b0 c\u00e1c gi\u1ed1ng m\u00edt truy\u1ec1n th\u1ed1ng.<\/p>\n<p>M\u00edt t\u1ed1 n\u1eef s\u1ea7u ri\u00eang c\u00f3 v\u1ecf m\u1ecfng, h\u1ea1t nh\u1ecf, c\u01a1m m\u00e0u v\u00e0ng, m\u1ec1m m\u1ea1i, v\u1ecb b\u00e9o v\u00e0 ng\u1ecdt ng\u00e0o (\u0111\u1ed9 brix 33%), h\u01b0\u01a1ng th\u01a1m n\u1ed3ng n\u00e0n c\u1ee7a m\u00edt k\u1ebft h\u1ee3p v\u1edbi h\u01b0\u01a1ng s\u1ea7u ri\u00eang v\u00f4 c\u00f9ng \u0111\u1ed9c \u0111\u00e1o. \u0110\u1eb7c bi\u1ec7t, m\u00edt t\u1ed1 n\u1eef v\u1ecb s\u1ea7u ri\u00eang \u0103n kh\u00f4ng b\u1ecb nh\u00e3o.<\/p>\n<figure id=\"attachment_2699\" aria-describedby=\"caption-attachment-2699\" style=\"width: 537px\" class=\"wp-caption aligncenter\"><img loading=\"lazy\" decoding=\"async\" class=\"wp-image-2699\" src=\"http:\/\/localhost\/phucan713\/wp-content\/uploads\/2024\/08\/Screenshot-2024-08-19-101927-268x300.jpg\" alt=\"C\u1eadn c\u1ea3nh m\u00fai m\u00edt t\u1ed1 n\u1eef h\u01b0\u01a1ng s\u1ea7u ri\u00eang\" width=\"537\" height=\"600\" srcset=\"https:\/\/ktech4.k-tech-services.com\/phucan713\/wp-content\/uploads\/2024\/08\/Screenshot-2024-08-19-101927-268x300.jpg 268w, https:\/\/ktech4.k-tech-services.com\/phucan713\/wp-content\/uploads\/2024\/08\/Screenshot-2024-08-19-101927-768x859.jpg 768w, https:\/\/ktech4.k-tech-services.com\/phucan713\/wp-content\/uploads\/2024\/08\/Screenshot-2024-08-19-101927-510x570.jpg 510w, https:\/\/ktech4.k-tech-services.com\/phucan713\/wp-content\/uploads\/2024\/08\/Screenshot-2024-08-19-101927.jpg 771w\" sizes=\"auto, (max-width: 537px) 100vw, 537px\" \/><figcaption id=\"caption-attachment-2699\" class=\"wp-caption-text\">C\u1eadn c\u1ea3nh m\u00fai m\u00edt t\u1ed1 n\u1eef h\u01b0\u01a1ng s\u1ea7u ri\u00eang<\/figcaption><\/figure>\n<h2><strong><b>L\u1ee3i \u00edch s\u1ee9c kh\u1ecfe t\u1eeb tr\u00e1i M\u00edt T\u1ed1 N\u1eef H\u01b0\u01a1ng S\u1ea7u Ri\u00eang <\/b><\/strong><\/h2>\n<p>Ngu\u1ed3n n\u0103ng l\u01b0\u1ee3ng d\u1ed3i d\u00e0o: Nh\u1edd h\u00e0m l\u01b0\u1ee3ng carbohydrate cao.<\/p>\n<p>Cung c\u1ea5p vitamin v\u00e0 kho\u00e1ng ch\u1ea5t: \u0110\u1eb7c bi\u1ec7t l\u00e0 vitamin C, c\u00e1c vitamin nh\u00f3m B, kali v\u00e0 mangan, gi\u00fap t\u0103ng c\u01b0\u1eddng s\u1ee9c kh\u1ecfe t\u1ed5ng th\u1ec3.<\/p>\n<p>Gi\u00e0u ch\u1ea5t x\u01a1: H\u1ed7 tr\u1ee3 h\u1ec7 ti\u00eau h\u00f3a kh\u1ecfe m\u1ea1nh.<\/p>\n<p>Ch\u1ee9a ch\u1ea5t ch\u1ed1ng oxy h\u00f3a: B\u1ea3o v\u1ec7 t\u1ebf b\u00e0o, gi\u1ea3m nguy c\u01a1 m\u1eafc b\u1ec7nh.<\/p>\n<p>C\u1ea3i thi\u1ec7n t\u00e2m tr\u1ea1ng: C\u00f3 th\u1ec3 gi\u00fap gi\u1ea3m c\u0103ng th\u1eb3ng v\u00e0 lo \u00e2u.<\/p>\n<h2><strong><b>C\u00e2y M\u00edt T\u1ed1 N\u1eef H\u01b0\u01a1ng S\u1ea7u Ri\u00eang tr\u1ed3ng bao l\u00e2u c\u00f3 tr\u00e1i? <\/b><\/strong><\/h2>\n<p>Kho\u1ea3ng 18 th\u00e1ng sau khi tr\u1ed3ng, c\u00e2y m\u00edt t\u1ed1 n\u1eef h\u01b0\u01a1ng s\u1ea7u ri\u00eang s\u1ebd b\u1eaft \u0111\u1ea7u cho tr\u00e1i b\u00f3i. T\u1ea7m 3 n\u0103m s\u1ebd v\u00e0o \u0111\u1ed9 thu ho\u1ea1ch \u0111\u00fang s\u1ee9c c\u1ee7a c\u00e2y.<\/p>\n<h2><strong><b>N\u0103ng<\/b><\/strong><strong><b>\u00a0su\u1ea5t gi\u1ed1ng M\u00edt T\u1ed1 N\u1eef H\u01b0\u01a1ng S\u1ea7u Ri\u00eang<\/b><\/strong><\/h2>\n<p>M\u1ed7i c\u00e2y m\u00edt t\u1ed1 n\u1eef h\u01b0\u01a1ng s\u1ea7u ri\u00eang cho thu ho\u1ea1ch kh\u00e1 \u1ed5n \u0111\u1ecbnh, trung b\u00ecnh t\u1eeb 10-15 tr\u00e1i\/ c\u00e2y \u1edf \u0111\u1ed9 tr\u01b0\u1edfng th\u00e0nh, m\u1ed7i tr\u00e1i \u0111\u1ec1u c\u00f3 tr\u1ecdng l\u01b0\u1ee3ng \u0111\u1ea1t t\u1eeb 2,5-3 kg.<\/p>\n<p>V\u1edbi n\u0103ng su\u1ea5t cao v\u00e0 tr\u00e1i to \u0111\u1ec1u, gi\u1ed1ng m\u00edt t\u1ed1 n\u1eef h\u01b0\u01a1ng s\u1ea7u ri\u00eang kh\u00f4ng ch\u1ec9 \u0111\u00e1p \u1ee9ng nhu c\u1ea7u th\u1ecb tr\u01b0\u1eddng m\u00e0 c\u00f2n mang l\u1ea1i l\u1ee3i nhu\u1eadn \u0111\u00e1ng k\u1ec3 cho ng\u01b0\u1eddi tr\u1ed3ng. Tr\u00ean th\u1ecb tr\u01b0\u1eddng tr\u00e1i c\u00e2y, gi\u00e1 b\u00e1n l\u1ebb m\u00edt t\u1ed1 n\u1eef v\u1ecb s\u1ea7u ri\u00eang dao \u0111\u1ed9ng 100-150.000\/kg.<\/p>\n<p>&nbsp;<\/p>\n<figure id=\"attachment_2700\" aria-describedby=\"caption-attachment-2700\" style=\"width: 600px\" class=\"wp-caption aligncenter\"><img loading=\"lazy\" decoding=\"async\" class=\"wp-image-2700\" src=\"http:\/\/localhost\/phucan713\/wp-content\/uploads\/2024\/08\/Screenshot-2024-08-19-102120-300x190.jpg\" alt=\"M\u00edt t\u1ed1 n\u1eef v\u1ecb s\u1ea7u ri\u00eang \u0111\u01b0\u1ee3c th\u1ecb tr\u01b0\u1eddng \u01b0a chu\u1ed9ng b\u1edfi v\u1ecb th\u01a1m ngon tuy\u1ec7t v\u1eddi\" width=\"600\" height=\"381\" srcset=\"https:\/\/ktech4.k-tech-services.com\/phucan713\/wp-content\/uploads\/2024\/08\/Screenshot-2024-08-19-102120-300x190.jpg 300w, https:\/\/ktech4.k-tech-services.com\/phucan713\/wp-content\/uploads\/2024\/08\/Screenshot-2024-08-19-102120-510x324.jpg 510w, https:\/\/ktech4.k-tech-services.com\/phucan713\/wp-content\/uploads\/2024\/08\/Screenshot-2024-08-19-102120.jpg 712w\" sizes=\"auto, (max-width: 600px) 100vw, 600px\" \/><figcaption id=\"caption-attachment-2700\" class=\"wp-caption-text\">M\u00edt t\u1ed1 n\u1eef v\u1ecb s\u1ea7u ri\u00eang \u0111\u01b0\u1ee3c th\u1ecb tr\u01b0\u1eddng \u01b0a chu\u1ed9ng b\u1edfi v\u1ecb th\u01a1m ngon tuy\u1ec7t v\u1eddi<\/figcaption><\/figure>\n<h2><strong><b>Kh\u00ed h\u1eadu v\u00e0 \u0111\u1ea5t tr\u1ed3ng th\u00edch h\u1ee3p v\u1edbi gi\u1ed1ng M\u00edt T\u1ed1 N\u1eef H\u01b0\u01a1ng S\u1ea7u Ri\u00eang <\/b><\/strong><\/h2>\n<p>Gi\u1ed1ng m\u00edt n\u00e0y l\u00e0 kh\u1ea3 n\u0103ng th\u00edch nghi t\u1ed1t v\u1edbi \u0111i\u1ec1u ki\u1ec7n th\u1ed5 nh\u01b0\u1ee1ng \u0111a d\u1ea1ng c\u1ee7a Vi\u1ec7t Nam. Tuy nhi\u00ean, \u0111\u1ec3 tr\u1ed3ng th\u00e0nh c\u00f4ng tr\u00ean di\u1ec7n t\u00edch l\u1edbn v\u00e0 \u0111\u1ea1t n\u0103ng su\u1ea5t cao, ng\u01b0\u1eddi n\u00f4ng d\u00e2n c\u1ea7n ph\u1ea3i \u0111\u1ea7u t\u01b0 k\u1ef9 l\u01b0\u1ee1ng v\u00e0o vi\u1ec7c ch\u0103m s\u00f3c c\u00e2y.<\/p>\n<p>B\u00e0 con s\u1eed d\u1ee5ng ph\u00e2n b\u00f3n h\u1eefu c\u01a1, t\u01b0\u1edbi ti\u00eau h\u1ee3p l\u00fd v\u00e0 ph\u00f2ng tr\u1eeb s\u00e2u b\u1ec7nh b\u1eb1ng c\u00e1c ch\u1ebf ph\u1ea9m sinh h\u1ecdc s\u1ebd gi\u00fap c\u00e2y m\u00edt ph\u00e1t tri\u1ec3n kh\u1ecfe m\u1ea1nh v\u00e0 cho n\u0103ng su\u1ea5t cao.<\/p>\n<p>Vi\u1ec7c \u0111i\u1ec1u ch\u1ec9nh s\u1ed1 l\u01b0\u1ee3ng tr\u00e1i tr\u00ean c\u00e2y l\u00e0 v\u00f4 c\u00f9ng quan tr\u1ecdng \u0111\u1ec3 \u0111\u1ea3m b\u1ea3o m\u1ed7i tr\u00e1i \u0111\u1ec1u ph\u00e1t tri\u1ec3n t\u1ed1t, \u0111\u1ea1t ch\u1ea5t l\u01b0\u1ee3ng cao. Ta n\u00ean t\u1ec9a b\u1ecf nh\u1eefng tr\u00e1i non, tr\u00e1i nh\u1ecf, tr\u00e1i b\u1ecb s\u00e2u b\u1ec7nh \u0111\u1ec3 t\u1eadp trung dinh d\u01b0\u1ee1ng cho nh\u1eefng tr\u00e1i c\u00f2n l\u1ea1i.<\/p>\n<p>Ta ch\u1ec9 n\u00ean \u0111\u1ec3 m\u1ed7i c\u00e2y nu\u00f4i t\u1eeb 5-7 tr\u00e1i, \u0111\u1ec3 s\u1ed1 l\u01b0\u1ee3ng tr\u00e1i c\u00e2n x\u1ee9ng v\u1edbi c\u00e2y, kh\u00f4ng l\u00e0m cho c\u00e2y suy v\u00ec mang nhi\u1ec1u tr\u00e1i.<\/p>\n<h2><strong><b>Kho\u1ea3ng c\u00e1ch, th\u1eddi v\u1ee5 tr\u1ed3ng<\/b><\/strong><\/h2>\n<p data-sourcepos=\"3:1-3:69\">Kho\u1ea3ng c\u00e1ch tr\u1ed3ng m\u00edt t\u1ed1 n\u1eef h\u01b0\u01a1ng s\u1ea7u ri\u00eang l\u00fd t\u01b0\u1edfng th\u01b0\u1eddng l\u00e0 5m x 5m. \u0110i\u1ec1u n\u00e0y t\u01b0\u01a1ng \u0111\u01b0\u01a1ng v\u1edbi kho\u1ea3ng 400 c\u00e2y\/ ha.<\/p>\n<p data-sourcepos=\"5:1-5:5\">T\u1ea1i sao l\u1ea1i ch\u1ecdn kho\u1ea3ng c\u00e1ch n\u00e0y?<\/p>\n<ul data-sourcepos=\"7:1-7:80\">\n<li data-sourcepos=\"7:1-7:80\">\u0110\u1ea3m b\u1ea3o s\u1ef1 th\u00f4ng tho\u00e1ng: Gi\u00fap c\u00e2y nh\u1eadn \u0111\u1ee7 \u00e1nh s\u00e1ng, gi\u1ea3m thi\u1ec3u s\u00e2u b\u1ec7nh v\u00e0 t\u1ea1o \u0111i\u1ec1u ki\u1ec7n cho c\u00e2y ph\u00e1t tri\u1ec3n t\u00e1n l\u00e1 r\u1ed9ng.<\/li>\n<li data-sourcepos=\"8:1-8:72\">H\u1ea1n ch\u1ebf c\u1ea1nh tranh dinh d\u01b0\u1ee1ng: M\u1ed7i c\u00e2y s\u1ebd c\u00f3 \u0111\u1ee7 kh\u00f4ng gian \u0111\u1ec3 ph\u00e1t tri\u1ec3n b\u1ed9 r\u1ec5 v\u00e0 h\u1ea5p th\u1ee5 ch\u1ea5t dinh d\u01b0\u1ee1ng.<\/li>\n<li data-sourcepos=\"9:1-10:0\">Thu\u1eadn ti\u1ec7n cho vi\u1ec7c ch\u0103m s\u00f3c: D\u1ec5 d\u00e0ng th\u1ef1c hi\u1ec7n c\u00e1c c\u00f4ng vi\u1ec7c nh\u01b0 t\u1ec9a c\u00e0nh, b\u00f3n ph\u00e2n, thu ho\u1ea1ch.<\/li>\n<\/ul>\n<h2><strong><b>Gi\u00e1 c\u00e2y gi\u1ed1ng M\u00edt T\u1ed1 N\u1eef H\u01b0\u01a1ng S\u1ea7u Ri\u00eang <\/b><\/strong><\/h2>\n<p>Gi\u00e1 c\u00e2y gi\u1ed1ng M\u00edt T\u1ed1 N\u1eef H\u01b0\u01a1ng S\u1ea7u Ri\u00eang t\u1ea1i v\u01b0\u1eddn Ph\u00fac An dao \u0111\u1ed9ng t\u1eeb 90.000 &#8211; 160.000\/ c\u00e2y. T\u00f9y theo l\u00f4 c\u00e2y, s\u1ed1 l\u01b0\u1ee3ng \u0111\u1eb7t s\u1ebd c\u00f3 m\u1ee9c gi\u00e1 kh\u00e1c nhau. Ch\u00fang t\u00f4i cam k\u1ebft lu\u00f4n gi\u1eef m\u1ee9c gi\u00e1 m\u1ec1m v\u1eeba t\u00fai ti\u1ec1n \u0111\u1ec3 m\u1ecdi kh\u00e1ch h\u00e0ng \u0111\u1ec1u c\u00f3 th\u1ec3 ch\u1ecdn mua nh\u1eefng c\u00e2y gi\u1ed1ng th\u1eadt t\u1ed1t cho khu v\u01b0\u1eddn c\u1ee7a m\u00ecnh.<\/p>\n<figure id=\"attachment_2861\" aria-describedby=\"caption-attachment-2861\" style=\"width: 375px\" class=\"wp-caption aligncenter\"><img loading=\"lazy\" decoding=\"async\" class=\"wp-image-2861\" src=\"http:\/\/localhost\/phucan713\/wp-content\/uploads\/2024\/08\/z5795602315755_4ff91ed4df5985229ef79e2012bee1e2-225x300.jpg\" alt=\"C\u00e2y gi\u1ed1ng m\u00edt t\u1ed1 n\u1eef h\u01b0\u01a1ng s\u1ea7u ri\u00eang do Ph\u00fac An cung c\u1ea5p\" width=\"375\" height=\"500\" srcset=\"https:\/\/ktech4.k-tech-services.com\/phucan713\/wp-content\/uploads\/2024\/08\/z5795602315755_4ff91ed4df5985229ef79e2012bee1e2-225x300.jpg 225w, https:\/\/ktech4.k-tech-services.com\/phucan713\/wp-content\/uploads\/2024\/08\/z5795602315755_4ff91ed4df5985229ef79e2012bee1e2-768x1024.jpg 768w, https:\/\/ktech4.k-tech-services.com\/phucan713\/wp-content\/uploads\/2024\/08\/z5795602315755_4ff91ed4df5985229ef79e2012bee1e2-1152x1536.jpg 1152w, https:\/\/ktech4.k-tech-services.com\/phucan713\/wp-content\/uploads\/2024\/08\/z5795602315755_4ff91ed4df5985229ef79e2012bee1e2-510x680.jpg 510w, https:\/\/ktech4.k-tech-services.com\/phucan713\/wp-content\/uploads\/2024\/08\/z5795602315755_4ff91ed4df5985229ef79e2012bee1e2.jpg 1536w\" sizes=\"auto, (max-width: 375px) 100vw, 375px\" \/><figcaption id=\"caption-attachment-2861\" class=\"wp-caption-text\">C\u00e2y gi\u1ed1ng m\u00edt t\u1ed1 n\u1eef h\u01b0\u01a1ng s\u1ea7u ri\u00eang do Ph\u00fac An cung c\u1ea5p<\/figcaption><\/figure>\n<h2><strong><b>Mua c\u00e2y gi\u1ed1ng M\u00edt T\u1ed1 N\u1eef H\u01b0\u01a1ng S\u1ea7u Ri\u00eang \u1edf \u0111\u00e2u ch\u1ea5t l\u01b0\u1ee3ng?<\/b><\/strong><\/h2>\n<p>C\u00e2y gi\u1ed1ng Ph\u00fac An cung c\u1ea5p c\u00e2y gi\u1ed1ng M\u00edt T\u1ed1 N\u1eef H\u01b0\u01a1ng S\u1ea7u Ri\u00eang chu\u1ea9n gi\u1ed1ng, n\u1ebfu ph\u00e1t hi\u1ec7n sai gi\u1ed1ng ch\u00fang t\u00f4i b\u1ed3i th\u01b0\u1eddng 200% gi\u00e1 tr\u1ecb.<\/p>\n<p>V\u01b0\u1eddn nh\u00e2n gi\u1ed1ng c\u1ee7a Ph\u00fac An \u0111\u01b0\u1ee3c ch\u1ecdn l\u1ef1a k\u1ef9 l\u01b0\u1ee1ng, l\u00e0 v\u01b0\u1eddn \u0111\u00e3 cho tr\u00e1i chu\u1ea9n v\u00e0 \u1ed5n \u0111\u1ecbnh. Bo gh\u00e9p\/ c\u00e0nh gh\u00e9p \u0111\u01b0\u1ee3c tuy\u1ec3n ch\u1ecdn.<\/p>\n<p><em><span style=\"color: #008000;\"><strong>Ti\u00eau chu\u1ea9n C\u00e2y gi\u1ed1ng M\u00edt T\u1ed1 N\u1eef H\u01b0\u01a1ng S\u1ea7u Ri\u00eang \u0111\u01b0\u1ee3c cung c\u1ea5p b\u1edfi v\u01b0\u1eddn Ph\u00fac An:<\/strong><\/span><\/em><\/p>\n<p>Ph\u01b0\u01a1ng ph\u00e1p nh\u00e2n gi\u1ed1ng: Gh\u00e9p chui c\u00e0nh (gh\u00e9p th\u00e1p c\u00e0nh). Nu\u00f4i c\u00e2y trong b\u1ea7u \u0111\u00e3 c\u00f3 r\u1ec5 \u1ed5n \u0111\u1ecbnh, \u0111\u1ee7 ng\u00e0y \u0111\u1ec3 xu\u1ea5t v\u01b0\u1eddn. Chi\u1ec1u cao c\u00e2y 50-60cm.<\/p>\n<figure id=\"attachment_2862\" aria-describedby=\"caption-attachment-2862\" style=\"width: 500px\" class=\"wp-caption aligncenter\"><img loading=\"lazy\" decoding=\"async\" class=\"wp-image-2862\" src=\"http:\/\/localhost\/phucan713\/wp-content\/uploads\/2024\/08\/z5795602316038_00e8c0d8c325387d5743a1214e1cc6c7-300x286.jpg\" alt=\"C\u00e2y gi\u1ed1ng m\u00edt t\u1ed1 n\u1eef h\u01b0\u01a1ng s\u1ea7u ri\u00eang t\u1ea1i C\u00e2y Gi\u1ed1ng Ph\u00fac An\" width=\"500\" height=\"477\" srcset=\"https:\/\/ktech4.k-tech-services.com\/phucan713\/wp-content\/uploads\/2024\/08\/z5795602316038_00e8c0d8c325387d5743a1214e1cc6c7-300x286.jpg 300w, https:\/\/ktech4.k-tech-services.com\/phucan713\/wp-content\/uploads\/2024\/08\/z5795602316038_00e8c0d8c325387d5743a1214e1cc6c7-1024x976.jpg 1024w, https:\/\/ktech4.k-tech-services.com\/phucan713\/wp-content\/uploads\/2024\/08\/z5795602316038_00e8c0d8c325387d5743a1214e1cc6c7-768x732.jpg 768w, https:\/\/ktech4.k-tech-services.com\/phucan713\/wp-content\/uploads\/2024\/08\/z5795602316038_00e8c0d8c325387d5743a1214e1cc6c7-510x486.jpg 510w, https:\/\/ktech4.k-tech-services.com\/phucan713\/wp-content\/uploads\/2024\/08\/z5795602316038_00e8c0d8c325387d5743a1214e1cc6c7.jpg 1536w\" sizes=\"auto, (max-width: 500px) 100vw, 500px\" \/><figcaption id=\"caption-attachment-2862\" class=\"wp-caption-text\">C\u00e2y gi\u1ed1ng m\u00edt t\u1ed1 n\u1eef h\u01b0\u01a1ng s\u1ea7u ri\u00eang t\u1ea1i C\u00e2y Gi\u1ed1ng Ph\u00fac An<\/figcaption><\/figure>\n<figure id=\"attachment_2860\" aria-describedby=\"caption-attachment-2860\" style=\"width: 440px\" class=\"wp-caption aligncenter\"><img loading=\"lazy\" decoding=\"async\" class=\"wp-image-2860\" src=\"http:\/\/localhost\/phucan713\/wp-content\/uploads\/2024\/08\/z5795602306133_2a8a26d2c4de6ecfdf92af534bba7a08-264x300.jpg\" alt=\"L\u00ean xe giao c\u00e2y gi\u1ed1ng m\u00edt t\u1ed1 n\u1eef h\u01b0\u01a1ng s\u1ea7u ri\u00eang cho kh\u00e1ch h\u00e0ng\" width=\"440\" height=\"500\" srcset=\"https:\/\/ktech4.k-tech-services.com\/phucan713\/wp-content\/uploads\/2024\/08\/z5795602306133_2a8a26d2c4de6ecfdf92af534bba7a08-264x300.jpg 264w, https:\/\/ktech4.k-tech-services.com\/phucan713\/wp-content\/uploads\/2024\/08\/z5795602306133_2a8a26d2c4de6ecfdf92af534bba7a08-901x1024.jpg 901w, https:\/\/ktech4.k-tech-services.com\/phucan713\/wp-content\/uploads\/2024\/08\/z5795602306133_2a8a26d2c4de6ecfdf92af534bba7a08-768x873.jpg 768w, https:\/\/ktech4.k-tech-services.com\/phucan713\/wp-content\/uploads\/2024\/08\/z5795602306133_2a8a26d2c4de6ecfdf92af534bba7a08-1352x1536.jpg 1352w, https:\/\/ktech4.k-tech-services.com\/phucan713\/wp-content\/uploads\/2024\/08\/z5795602306133_2a8a26d2c4de6ecfdf92af534bba7a08-510x579.jpg 510w, https:\/\/ktech4.k-tech-services.com\/phucan713\/wp-content\/uploads\/2024\/08\/z5795602306133_2a8a26d2c4de6ecfdf92af534bba7a08.jpg 1536w\" sizes=\"auto, (max-width: 440px) 100vw, 440px\" \/><figcaption id=\"caption-attachment-2860\" class=\"wp-caption-text\">L\u00ean xe giao c\u00e2y gi\u1ed1ng m\u00edt t\u1ed1 n\u1eef h\u01b0\u01a1ng s\u1ea7u ri\u00eang cho kh\u00e1ch h\u00e0ng<\/figcaption><\/figure>\n<p>C\u00e2y tr\u1ea3i qua qu\u00e1 tr\u00ecnh nh\u00e2n gi\u1ed1ng, d\u01b0\u1ee1ng c\u00e2y con, x\u1ea3 n\u1eafng ho\u00e0n ch\u1ec9nh. \u0110\u1ebfn tay c\u00f4 b\u00e1c s\u1ebd l\u00e0 t\u1eebng c\u00e2y \u0111\u00e3 c\u1ee9ng c\u00e1p \u0111\u00e3 ra c\u01a1i ch\u1ed3i m\u1edbi. Qu\u00fd c\u00f4 b\u00e1c c\u00f3 th\u1ec3 li\u00ean h\u1ec7 tr\u1ef1c ti\u1ebfp qua <strong><span style=\"font-size: 120%; color: #008000;\">SDT\/ Zalo 0962 888 014<\/span><\/strong> (c\u00e2y gi\u1ed1ng Ph\u00fac An) \u0111\u1ec3 ch\u00fang t\u00f4i t\u01b0 v\u1ea5n v\u00e0 b\u00e1o gi\u00e1 c\u1ee5 th\u1ec3. Xin c\u1ea3m \u01a1n qu\u00fd c\u00f4 b\u00e1c \u0111\u00e3 \u0111\u1eb7t ni\u1ec1m tin v\u1edbi nh\u00e0 v\u01b0\u1eddn Ph\u00fac An.<\/p>\n<p>&gt;&gt; M\u1eddi b\u1ea1n \u0111\u1ecdc b\u00e1o: <span style=\"color: #000080;\"><em><strong><a style=\"color: #000080;\" href=\"https:\/\/nongnghiep.vn\/doc-la-giong-mit-mang-huong-vi-sau-rieng-d356586.html\" target=\"_blank\" rel=\"noopener\">\u0110\u1ed9c l\u1ea1 gi\u1ed1ng m\u00edt mang h\u01b0\u01a1ng v\u1ecb s\u1ea7u ri\u00eang<\/a><\/strong><\/em><\/span><\/p>\n<p>&#8212;<\/p>\n<p><span style=\"color: #008000;\"><em><strong>Th\u00f4ng tin b\u1ed5 \u00edch:<\/strong><\/em><\/span><\/p>\n<h2><strong>Ph\u00e2n bi\u1ec7t m\u00edt t\u1ed1 n\u1eef, m\u00edt m\u01a1, m\u00edt t\u1ed1 n\u1eef h\u01b0\u01a1ng s\u1ea7u ri\u00eang<\/strong><\/h2>\n<p><img loading=\"lazy\" decoding=\"async\" class=\"wp-image-2738 size-full\" style=\"color: #333333;\" src=\"http:\/\/localhost\/phucan713\/wp-content\/uploads\/2024\/04\/Phan-biet-mit-to-nu-mit-mo-mit-to-nu-huong-sau-rieng.jpg\" alt=\"Ph\u00e2n bi\u1ec7t m\u00edt t\u1ed1 n\u1eef, m\u00edt m\u01a1, m\u00edt t\u1ed1 n\u1eef h\u01b0\u01a1ng s\u1ea7u ri\u00eang\" width=\"1280\" height=\"720\" srcset=\"https:\/\/ktech4.k-tech-services.com\/phucan713\/wp-content\/uploads\/2024\/04\/Phan-biet-mit-to-nu-mit-mo-mit-to-nu-huong-sau-rieng.jpg 1280w, https:\/\/ktech4.k-tech-services.com\/phucan713\/wp-content\/uploads\/2024\/04\/Phan-biet-mit-to-nu-mit-mo-mit-to-nu-huong-sau-rieng-300x169.jpg 300w, https:\/\/ktech4.k-tech-services.com\/phucan713\/wp-content\/uploads\/2024\/04\/Phan-biet-mit-to-nu-mit-mo-mit-to-nu-huong-sau-rieng-1024x576.jpg 1024w, https:\/\/ktech4.k-tech-services.com\/phucan713\/wp-content\/uploads\/2024\/04\/Phan-biet-mit-to-nu-mit-mo-mit-to-nu-huong-sau-rieng-768x432.jpg 768w, https:\/\/ktech4.k-tech-services.com\/phucan713\/wp-content\/uploads\/2024\/04\/Phan-biet-mit-to-nu-mit-mo-mit-to-nu-huong-sau-rieng-510x287.jpg 510w\" sizes=\"auto, (max-width: 1280px) 100vw, 1280px\" \/><\/p>\n<p style=\"text-align: center;\"><strong>Ph\u00e2n bi\u1ec7t m\u00edt t\u1ed1 n\u1eef, m\u00edt m\u01a1, m\u00edt t\u1ed1 n\u1eef h\u01b0\u01a1ng s\u1ea7u ri\u00eang<\/strong><\/p>\n<p>Ta s\u1ebd ph\u00e2n bi\u1ec7t 3 gi\u1ed1ng m\u00edt n\u00e0y ch\u1ee7 y\u1ebfu qua h\u00ecnh d\u00e1ng l\u00e1 \u0111\u1ec3 ch\u1ecdn c\u00e2y gi\u1ed1ng \u0111\u00fang theo \u00fd m\u00ecnh: M\u00edt t\u1ed1 n\u1eef l\u00e1 nh\u1ecf, nh\u00ecn kh\u00e1c bi\u1ec7t h\u1eb3n so v\u1edbi 2 gi\u1ed1ng kia. M\u00edt m\u01a1 v\u00e0 m\u00edt t\u1ed1 n\u1eef h\u01b0\u01a1ng s\u1ea7u ri\u00eang l\u00e0 d\u1ec5 b\u1ecb nh\u1ea7m l\u1eabn do d\u00e1ng l\u00e1 na n\u00e1 sau, tuy nhi\u00ean khi \u0111\u1eb7t c\u1ea1nh 2 c\u00e2y g\u1ea7n nhau th\u00ec ta s\u1ebd th\u1ea5y l\u00e1 c\u1ee7a m\u00edt t\u1ed1 n\u1eef h\u01b0\u01a1ng s\u1ea7u ri\u00eang c\u00f3 d\u00e1ng TO H\u01a0N l\u00e1 m\u00edt m\u01a1. L\u00e1 m\u00edt m\u01a1 nh\u1ecf h\u01a1n v\u00e0 c\u00f3 \u0111\u1ed9 xo\u1eafn h\u01a1n.<\/p>\n<p>C\u00e2y tr\u1ea3i qua quy tr\u00ecnh nh\u00e2n gi\u1ed1ng, d\u01b0\u1ee1ng c\u00e2y con, x\u1ea3 n\u1eafng ho\u00e0n ch\u1ec9nh. \u0110\u1ebfn tay c\u00f4 b\u00e1c s\u1ebd l\u00e0 t\u1eebng c\u00e2y \u0111\u00e3 c\u1ee9ng c\u00e1p \u0111\u00e3 ra c\u01a1i ch\u1ed3i m\u1edbi.<br \/>\nQu\u00fd c\u00f4 b\u00e1c c\u00f3 th\u1ec3 li\u00ean h\u1ec7 tr\u1ef1c ti\u1ebfp qua SDT\/ Zalo 0962.888.014 (<a href=\"http:\/\/localhost\/phucan713\/\" target=\"_blank\" rel=\"noopener\">C\u00e2y Gi\u1ed1ng Ph\u00fac An<\/a>) \u0111\u1ec3 ch\u00fang t\u00f4i t\u01b0 v\u1ea5n v\u00e0 b\u00e1o gi\u00e1 c\u1ee5 th\u1ec3. Xin c\u1ea3m \u01a1n qu\u00fd c\u00f4 b\u00e1c \u0111\u00e3 \u0111\u1eb7t ni\u1ec1m tin v\u1edbi nh\u00e0 v\u01b0\u1eddn.<\/p>\n<p>&gt;&gt; M\u1eddi b\u1ea1n \u0111\u1ecdc th\u00eam: <a href=\"https:\/\/kinhtedothi.vn\/mit-la-o-mien-tay-thom-mui-sau-rieng-gia-dat-van-chay-hang\" target=\"_blank\" rel=\"noopener\"><span style=\"color: #000080;\"><em><strong>M\u00edt l\u1ea1 \u1edf mi\u1ec1n T\u00e2y th\u01a1m m\u00f9i s\u1ea7u ri\u00eang, gi\u00e1 \u0111\u1eaft v\u1eabn \u201cch\u00e1y h\u00e0ng\u201d<\/strong><\/em><\/span><\/a><\/p>\n","protected":false},"excerpt":{"rendered":"<p>* Gi\u00e1 tham kh\u1ea3o cho s\u1ed1 l\u01b0\u1ee3ng t\u1eeb 30 c\u00e2y, c\u00f3 th\u1ec3 thay \u0111\u1ed5i theo th\u1eddi \u0111i\u1ec3m<br \/>\n* Ch\u01b0a bao g\u1ed3m ph\u00ed v\u1eadn chuy\u1ec3n (t\u00f9y theo s\u1ed1 l\u01b0\u1ee3ng c\u00e2y v\u00e0 \u0111\u1ecba \u0111i\u1ec3m giao h\u00e0ng)<\/p>\n","protected":false},"featured_media":2862,"comment_status":"open","ping_status":"closed","template":"","meta":[],"product_brand":[],"product_cat":[75],"product_tag":[],"class_list":{"0":"post-2688","1":"product","2":"type-product","3":"status-publish","4":"has-post-thumbnail","6":"product_cat-giong-mit","8":"first","9":"instock","10":"shipping-taxable","11":"purchasable","12":"product-type-simple"},"_links":{"self":[{"href":"https:\/\/ktech4.k-tech-services.com\/phucan713\/wp-json\/wp\/v2\/product\/2688","targetHints":{"allow":["GET"]}}],"collection":[{"href":"https:\/\/ktech4.k-tech-services.com\/phucan713\/wp-json\/wp\/v2\/product"}],"about":[{"href":"https:\/\/ktech4.k-tech-services.com\/phucan713\/wp-json\/wp\/v2\/types\/product"}],"replies":[{"embeddable":true,"href":"https:\/\/ktech4.k-tech-services.com\/phucan713\/wp-json\/wp\/v2\/comments?post=2688"}],"wp:featuredmedia":[{"embeddable":true,"href":"https:\/\/ktech4.k-tech-services.com\/phucan713\/wp-json\/wp\/v2\/media\/2862"}],"wp:attachment":[{"href":"https:\/\/ktech4.k-tech-services.com\/phucan713\/wp-json\/wp\/v2\/media?parent=2688"}],"wp:term":[{"taxonomy":"product_brand","embeddable":true,"href":"https:\/\/ktech4.k-tech-services.com\/phucan713\/wp-json\/wp\/v2\/product_brand?post=2688"},{"taxonomy":"product_cat","embeddable":true,"href":"https:\/\/ktech4.k-tech-services.com\/phucan713\/wp-json\/wp\/v2\/product_cat?post=2688"},{"taxonomy":"product_tag","embeddable":true,"href":"https:\/\/ktech4.k-tech-services.com\/phucan713\/wp-json\/wp\/v2\/product_tag?post=2688"}],"curies":[{"name":"wp","href":"https:\/\/api.w.org\/{rel}","templated":true}]}}