{"id":3665,"date":"2025-06-11T17:24:17","date_gmt":"2025-06-11T10:24:17","guid":{"rendered":"https:\/\/caygiongphucan.com\/?post_type=product&amp;p=3665"},"modified":"2025-06-11T17:24:17","modified_gmt":"2025-06-11T10:24:17","slug":"giong-man-dieu-do-thai","status":"publish","type":"product","link":"https:\/\/ktech4.k-tech-services.com\/phucan713\/san-pham\/giong-man-dieu-do-thai\/","title":{"rendered":"Gi\u1ed1ng M\u1eadn \u0110i\u1ec1u \u0110\u1ecf Th\u00e1i"},"content":{"rendered":"<p>Trong nh\u1eefng n\u0103m g\u1ea7n \u0111\u00e2y, gi\u1ed1ng m\u1eadn \u0111i\u1ec1u \u0111\u1ecf Th\u00e1i \u0111\u00e3 tr\u1edf th\u00e0nh m\u1ed9t trong nh\u1eefng c\u00e2y tr\u1ed3ng \u0111\u01b0\u1ee3c nhi\u1ec1u nh\u00e0 v\u01b0\u1eddn v\u00e0 nh\u00e0 \u0111\u1ea7u t\u01b0 n\u00f4ng nghi\u1ec7p quan t\u00e2m. V\u1edbi \u01b0u \u0111i\u1ec3m d\u1ec5 tr\u1ed3ng, n\u0103ng su\u1ea5t cao, v\u00e0 gi\u00e1 tr\u1ecb kinh t\u1ebf \u1ed5n \u0111\u1ecbnh, gi\u1ed1ng m\u1eadn n\u00e0y h\u1ee9a h\u1eb9n mang l\u1ea1i ngu\u1ed3n thu nh\u1eadp \u0111\u00e1ng k\u1ec3 cho ng\u01b0\u1eddi tr\u1ed3ng. B\u00e0i vi\u1ebft n\u00e0y s\u1ebd cung c\u1ea5p th\u00f4ng tin chi ti\u1ebft v\u1ec1 ngu\u1ed3n g\u1ed1c, \u0111\u1eb7c \u0111i\u1ec3m, c\u00e1ch tr\u1ed3ng v\u00e0 ch\u0103m s\u00f3c gi\u1ed1ng m\u1eadn \u0111i\u1ec1u \u0111\u1ecf Th\u00e1i, gi\u00fap b\u1ea1n c\u00f3 c\u00e1i nh\u00ecn t\u1ed5ng quan v\u00e0 t\u1ef1 tin h\u01a1n khi quy\u1ebft \u0111\u1ecbnh \u0111\u1ea7u t\u01b0 v\u00e0o lo\u1ea1i c\u00e2y n\u00e0y.<\/p>\n<h2><strong>Ngu\u1ed3n g\u1ed1c c\u00e2y m\u1eadn \u0111i\u1ec1u \u0111\u1ecf Th\u00e1i<\/strong><\/h2>\n<p>M\u1eadn \u0111i\u1ec1u \u0111\u1ecf Th\u00e1i l\u00e0 m\u1ed9t gi\u1ed1ng c\u00e2y \u0103n tr\u00e1i c\u00f3 ngu\u1ed3n g\u1ed1c t\u1eeb <strong>Th\u00e1i Lan<\/strong>, m\u1ed9t qu\u1ed1c gia n\u1ed5i ti\u1ebfng v\u1edbi n\u1ec1n n\u00f4ng nghi\u1ec7p ph\u00e1t tri\u1ec3n v\u00e0 nhi\u1ec1u gi\u1ed1ng c\u00e2y tr\u1ed3ng ch\u1ea5t l\u01b0\u1ee3ng cao. Gi\u1ed1ng m\u1eadn n\u00e0y \u0111\u01b0\u1ee3c nh\u1eadp kh\u1ea9u v\u00e0o Vi\u1ec7t Nam trong nh\u1eefng n\u0103m g\u1ea7n \u0111\u00e2y v\u00e0 \u0111\u01b0\u1ee3c nhi\u1ec1u chuy\u00ean gia nh\u00e0 n\u00f4ng \u0111\u00e1nh gi\u00e1 cao nh\u1edd nh\u1eefng \u01b0u \u0111i\u1ec3m v\u01b0\u1ee3t tr\u1ed9i nh\u01b0 n\u0103ng su\u1ea5t cao, ch\u1ea5t l\u01b0\u1ee3ng tr\u00e1i t\u1ed1t, v\u00e0 th\u1eddi gian thu ho\u1ea1ch ng\u1eafn.<\/p>\n<p>Ban \u0111\u1ea7u, m\u1eadn \u0111i\u1ec1u \u0111\u1ecf Th\u00e1i \u0111\u01b0\u1ee3c tr\u1ed3ng th\u1eed nghi\u1ec7m t\u1ea1i m\u1ed9t s\u1ed1 t\u1ec9nh ph\u00eda B\u1eafc v\u00e0 T\u00e2y Nguy\u00ean. Sau khi ch\u1ee9ng minh \u0111\u01b0\u1ee3c kh\u1ea3 n\u0103ng th\u00edch nghi v\u00e0 hi\u1ec7u qu\u1ea3 kinh t\u1ebf \u0111\u00e3 \u0111\u01b0\u1ee3c nh\u00e2n r\u1ed9ng ra nhi\u1ec1u \u0111\u1ecba ph\u01b0\u01a1ng kh\u00e1c tr\u00ean c\u1ea3 n\u01b0\u1edbc.<\/p>\n<h2><strong>\u0110\u1eb7c \u0111i\u1ec3m gi\u1ed1ng m\u1eadn \u0111i\u1ec1u \u0111\u1ecf Th\u00e1i<\/strong><\/h2>\n<p>H\u00ecnh th\u00e1i c\u00e2y: M\u1eadn \u0111i\u1ec1u \u0111\u1ecf Th\u00e1i thu\u1ed9c lo\u1ea1i c\u00e2y th\u00e2n g\u1ed7 nh\u1ecf, chi\u1ec1u cao trung b\u00ecnh t\u1eeb <strong>3-5 m\u00e9t<\/strong>\u00a0khi tr\u01b0\u1edfng th\u00e0nh. Th\u00e2n c\u00e2y ch\u1eafc kh\u1ecfe, t\u00e1n r\u1ed9ng, ph\u00f9 h\u1ee3p \u0111\u1ec3 tr\u1ed3ng v\u1edbi m\u1eadt \u0111\u1ed9 v\u1eeba ph\u1ea3i. L\u00e1 c\u00e2y c\u00f3 h\u00ecnh b\u1ea7u d\u1ee5c, m\u00e0u xanh \u0111\u1eadm, b\u1ec1 m\u1eb7t l\u00e1 nh\u1eb5n v\u00e0 c\u00f3 g\u00e2n n\u1ed5i r\u00f5, th\u01b0\u1eddng xanh quanh n\u0103m, t\u1ea1o \u0111i\u1ec1u ki\u1ec7n thu\u1eadn l\u1ee3i cho quang h\u1ee3p v\u00e0 ph\u00e1t tri\u1ec3n.<\/p>\n<p>H\u00ecnh th\u00e1i tr\u00e1i: Tr\u00e1i m\u1eadn \u0111i\u1ec1u \u0111\u1ecf Th\u00e1i c\u00f3 h\u00ecnh tr\u00f2n, v\u1ecf m\u1ecfng, m\u00e0u \u0111\u1ecf t\u01b0\u01a1i b\u1eaft m\u1eaft. Khi ch\u00edn, c\u00f3 v\u1ecb ng\u1ecdt thanh, h\u01a1i chua nh\u1eb9, r\u1ea5t ph\u00f9 h\u1ee3p v\u1edbi kh\u1ea9u v\u1ecb c\u1ee7a ng\u01b0\u1eddi Vi\u1ec7t.<\/p>\n<p>K\u00edch th\u01b0\u1edbc tr\u00e1i: Trung b\u00ecnh m\u1ed7i tr\u00e1i n\u1eb7ng kho\u1ea3ng <strong>50 &#8211; 70 gram<\/strong>, k\u00edch th\u01b0\u1edbc l\u1edbn h\u01a1n so v\u1edbi c\u00e1c gi\u1ed1ng m\u1eadn truy\u1ec1n th\u1ed1ng.<\/p>\n<p>Th\u1eddi gian b\u1ea3o qu\u1ea3n: M\u1eadn \u0111i\u1ec1u \u0111\u1ecf Th\u00e1i c\u00f3 th\u1ec3 b\u1ea3o qu\u1ea3n \u0111\u01b0\u1ee3c t\u1eeb <strong>7-10 ng\u00e0y<\/strong>\u00a0trong \u0111i\u1ec1u ki\u1ec7n th\u01b0\u1eddng, gi\u00fap thu\u1eadn ti\u1ec7n trong vi\u1ec7c v\u1eadn chuy\u1ec3n v\u00e0 ti\u00eau th\u1ee5.<\/p>\n<p>Kh\u1ea3 n\u0103ng ch\u1ed1ng ch\u1ecbu: Gi\u1ed1ng m\u1eadn \u0111i\u1ec1u \u0111\u1ecf Th\u00e1i c\u00f3 kh\u1ea3 n\u0103ng ch\u1ecbu nhi\u1ec7t, ch\u1ecbu kh\u00f4 h\u1ea1n v\u00e0 kh\u1ea3 n\u0103ng ch\u1ed1ng ch\u1ecbu s\u00e2u b\u1ec7nh kh\u00e1 t\u1ed1t, gi\u00fap gi\u1ea3m thi\u1ec3u chi ph\u00ed ch\u0103m s\u00f3c v\u00e0 t\u0103ng n\u0103ng su\u1ea5t cho ng\u01b0\u1eddi tr\u1ed3ng.<\/p>\n<h2><strong>Gi\u1ed1ng m\u1eadn \u0111i\u1ec1u \u0111\u1ecf Th\u00e1i bao l\u00e2u c\u00f3 tr\u00e1i thu ho\u1ea1ch?<\/strong><\/h2>\n<p>Gi\u1ed1ng m\u1eadn \u0111i\u1ec1u \u0111\u1ecf Th\u00e1i b\u1eaft \u0111\u1ea7u cho tr\u00e1i thu ho\u1ea1ch sau kho\u1ea3ng <strong>18 &#8211; 24 th\u00e1ng<\/strong>. Th\u1eddi gian n\u00e0y c\u00f3 th\u1ec3 thay \u0111\u1ed5i t\u00f9y thu\u1ed9c v\u00e0o \u0111i\u1ec1u ki\u1ec7n ch\u0103m s\u00f3c, kh\u00ed h\u1eadu, v\u00e0 ch\u1ea5t l\u01b0\u1ee3ng \u0111\u1ea5t tr\u1ed3ng. N\u1ebfu \u0111\u01b0\u1ee3c ch\u0103m s\u00f3c t\u1ed1t, c\u00e2y c\u00f3 th\u1ec3 cho tr\u00e1i s\u1edbm h\u01a1n, kho\u1ea3ng <strong>16-18 th\u00e1ng<\/strong>\u00a0sau khi tr\u1ed3ng.<\/p>\n<h2><strong>T\u1eeb l\u00fac ra hoa \u0111\u1ebfn khi thu ho\u1ea1ch c\u00e2y m\u1eadn \u0111i\u1ec1u \u0111\u1ecf Th\u00e1i kho\u1ea3ng bao l\u00e2u?<\/strong><\/h2>\n<p>Qu\u00e1 tr\u00ecnh t\u1eeb khi c\u00e2y m\u1eadn \u0111i\u1ec1u \u0111\u1ecf Th\u00e1i ra hoa \u0111\u1ebfn khi thu ho\u1ea1ch tr\u00e1i ch\u00edn th\u01b0\u1eddng m\u1ea5t kho\u1ea3ng <strong>2-3 th\u00e1ng<\/strong>. Qu\u00e1 tr\u00ecnh n\u00e0y bao g\u1ed3m c\u00e1c giai \u0111o\u1ea1n: ra hoa, \u0111\u1eadu tr\u00e1i, ph\u00e1t tri\u1ec3n, v\u00e0 ch\u00edn.<\/p>\n<p>Giai \u0111o\u1ea1n ra hoa th\u01b0\u1eddng b\u1eaft \u0111\u1ea7u v\u00e0o \u0111\u1ea7u m\u00f9a xu\u00e2n ho\u1eb7c m\u00f9a m\u01b0a, t\u00f9y thu\u1ed9c v\u00e0o \u0111i\u1ec1u ki\u1ec7n kh\u00ed h\u1eadu t\u1eebng v\u00f9ng. Hoa c\u00f3 m\u00e0u tr\u1eafng, nh\u1ecf, m\u1ecdc th\u00e0nh ch\u00f9m. Sau khi hoa n\u1edf kho\u1ea3ng <strong>1-2 tu\u1ea7n<\/strong>, tr\u00e1i b\u1eaft \u0111\u1ea7u h\u00ecnh th\u00e0nh. Giai \u0111o\u1ea1n n\u00e0y c\u1ea7n \u0111\u1ea3m b\u1ea3o \u0111\u1ee7 n\u01b0\u1edbc v\u00e0 dinh d\u01b0\u1ee1ng \u0111\u1ec3 tr\u00e1i ph\u00e1t tri\u1ec3n t\u1ed1t.<\/p>\n<p>Tr\u00e1i s\u1ebd l\u1edbn d\u1ea7n trong kho\u1ea3ng <strong>6-8 tu\u1ea7n<\/strong>. L\u00fac n\u00e0y, c\u00f3 m\u00e0u xanh v\u00e0 c\u1ee9ng. Sau kho\u1ea3ng <strong>2-3 th\u00e1ng<\/strong>\u00a0t\u1eeb khi ra hoa, tr\u00e1i chuy\u1ec3n sang m\u00e0u \u0111\u1ecf t\u01b0\u01a1i, v\u1ecf m\u1ecfng v\u00e0 b\u00f3ng. Tr\u00e1i ch\u00edn c\u00f3 v\u1ecb ng\u1ecdt thanh, h\u01a1i chua nh\u1eb9, v\u00e0 th\u1ecbt gi\u00f2n, nhi\u1ec1u n\u01b0\u1edbc.<\/p>\n<h2><strong>N\u0103ng su\u1ea5t gi\u1ed1ng m\u1eadn \u0111i\u1ec1u \u0111\u1ecf Th\u00e1i<\/strong><\/h2>\n<p>M\u1eadn \u0111i\u1ec1u \u0111\u1ecf Th\u00e1i \u0111\u01b0\u1ee3c \u0111\u00e1nh gi\u00e1 l\u00e0 gi\u1ed1ng c\u00e2y c\u00f3 n\u0103ng su\u1ea5t cao. M\u1ed7i c\u00e2y tr\u01b0\u1edfng th\u00e0nh c\u00f3 th\u1ec3 cho thu ho\u1ea1ch t\u1eeb <strong>50-70kg tr\u00e1i\/n\u0103m<\/strong>. V\u1edbi gi\u00e1 b\u00e1n tr\u00ean th\u1ecb tr\u01b0\u1eddng dao \u0111\u1ed9ng t\u1eeb <strong>30.000-50.000 \u0111\u1ed3ng\/kg<\/strong>, m\u1ed7i c\u00e2y c\u00f3 th\u1ec3 mang l\u1ea1i doanh thu t\u1eeb <strong>1,5-3,5 tri\u1ec7u \u0111\u1ed3ng\/n\u0103m<\/strong>.<\/p>\n<h2><strong>Kh\u00ed h\u1eadu v\u00e0 \u0111\u1ea5t tr\u1ed3ng th\u00edch h\u1ee3p v\u1edbi gi\u1ed1ng m\u1eadn \u0111i\u1ec1u \u0111\u1ecf Th\u00e1i<\/strong><\/h2>\n<p>Kh\u00ed h\u1eadu: C\u00e2y m\u1eadn \u0111i\u1ec1u \u0111\u1ecf Th\u00e1i th\u00edch h\u1ee3p v\u1edbi kh\u00ed h\u1eadu nhi\u1ec7t \u0111\u1edbi v\u00e0 c\u1eadn nhi\u1ec7t \u0111\u1edbi, ch\u1ecbu \u0111\u01b0\u1ee3c nhi\u1ec7t \u0111\u1ed9 t\u1eeb <strong>18 &#8211; 35\u00b0C<\/strong>, nhi\u1ec7t \u0111\u1ed9 l\u00fd t\u01b0\u1edfng nh\u1ea5t l\u00e0 t\u1eeb <strong>22 &#8211; 30\u00b0C<\/strong>. C\u00e2y c\u1ea7n nhi\u1ec1u \u00e1nh s\u00e1ng \u0111\u1ec3 quang h\u1ee3p v\u00e0 ph\u00e1t tri\u1ec3n, v\u00ec v\u1eady, c\u1ea7n tr\u1ed3ng \u1edf nh\u1eefng n\u01a1i c\u00f3 \u00e1nh n\u1eafng \u0111\u1ea7y \u0111\u1ee7, \u00edt b\u1ecb che khu\u1ea5t.<\/p>\n<p>\u0110\u1ea5t tr\u1ed3ng: C\u00e2y ph\u00e1t tri\u1ec3n t\u1ed1t tr\u00ean c\u00e1c lo\u1ea1i \u0111\u1ea5t nh\u01b0 \u0111\u1ea5t th\u1ecbt pha c\u00e1t, \u0111\u1ea5t ph\u00f9 sa, \u0111\u1ea5t \u0111\u1ecf bazan, ho\u1eb7c \u0111\u1ea5t \u0111\u1ed3i n\u00fai. \u0110\u1ed9 pH t\u1eeb <strong>5,5 &#8211; 6,5<\/strong>\u00a0l\u00e0 l\u00fd t\u01b0\u1edfng nh\u1ea5t, n\u1ebfu \u0111\u1ea5t qu\u00e1 chua ho\u1eb7c qu\u00e1 ki\u1ec1m, c\u1ea7n c\u1ea3i t\u1ea1o \u0111\u1ea5t tr\u01b0\u1edbc khi tr\u1ed3ng. Ngo\u00e0i ra, \u0111\u1ea5t c\u1ea7n c\u00f3 kh\u1ea3 n\u0103ng tho\u00e1t n\u01b0\u1edbc t\u1ed1t, tr\u00e1nh ng\u1eadp \u00fang. N\u1ebfu \u0111\u1ea5t qu\u00e1 \u1ea9m \u01b0\u1edbt, c\u00e2y d\u1ec5 b\u1ecb th\u1ed1i r\u1ec5 v\u00e0 ph\u00e1t tri\u1ec3n k\u00e9m.<\/p>\n<h2><strong>Kho\u1ea3ng c\u00e1ch tr\u1ed3ng c\u00e2y m\u1eadn \u0111i\u1ec1u \u0111\u1ecf Th\u00e1i<\/strong><\/h2>\n<p>Kho\u1ea3ng c\u00e1ch tr\u1ed3ng c\u00e2y m\u1eadn \u0111i\u1ec1u \u0111\u1ecf Th\u00e1i n\u00ean \u0111\u01b0\u1ee3c duy tr\u00ec t\u1ed1t nh\u1ea5t l\u00e0 kho\u1ea3ng <strong>4 &#8211; 5 m\u00e9t<\/strong>\u00a0gi\u1eefa c\u00e1c c\u00e2y, v\u00e0 <strong>4 &#8211; 6 m\u00e9t<\/strong>\u00a0gi\u1eefa c\u00e1c h\u00e0ng. Kho\u1ea3ng c\u00e1ch n\u00e0y kh\u00f4ng nh\u1eefng gi\u00fap c\u00e2y c\u00f3 \u0111\u1ee7 kh\u00f4ng gian \u0111\u1ec3 ph\u00e1t tri\u1ec3n b\u1ed9 r\u1ec5 v\u00e0 t\u00e1n l\u00e1, m\u00e0 c\u00f2n \u0111\u1ea3m b\u1ea3o c\u00e2y nh\u1eadn \u0111\u01b0\u1ee3c \u0111\u1ee7 \u00e1nh s\u00e1ng v\u00e0 kh\u00f4ng b\u1ecb che khu\u1ea5t b\u1edfi c\u00e1c c\u00e2y kh\u00e1c.<\/p>\n<p>Khi tr\u1ed3ng v\u1edbi kho\u1ea3ng c\u00e1ch th\u00edch h\u1ee3p, c\u00e2y m\u1eadn \u0111i\u1ec1u \u0111\u1ecf Th\u00e1i s\u1ebd ph\u00e1t tri\u1ec3n t\u1ed1t, cho tr\u00e1i \u0111\u1ec1u \u0111\u1eb7n, v\u00e0 n\u0103ng su\u1ea5t cao. M\u1eadt \u0111\u1ed9 tr\u1ed3ng l\u00fd t\u01b0\u1edfng l\u00e0 <strong>400-500 c\u00e2y\/ha<\/strong>.<\/p>\n<h2><strong>C\u00e1ch ch\u0103m s\u00f3c c\u00e2y m\u1eadn \u0111i\u1ec1u \u0111\u1ecf Th\u00e1i v\u00e0 c\u00e1c l\u01b0u \u00fd<\/strong><\/h2>\n<p>\u0110\u1ec3 ch\u0103m s\u00f3c c\u00e2y m\u1eadn \u0111i\u1ec1u \u0111\u1ecf Th\u00e1i v\u00e0 \u0111\u1ea3m b\u1ea3o c\u00e2y ph\u00e1t tri\u1ec3n kh\u1ecfe m\u1ea1nh, c\u1ea7n ch\u00fa \u00fd \u0111\u1ebfn m\u1ed9t s\u1ed1 y\u1ebfu t\u1ed1 quan tr\u1ecdng sau \u0111\u00e2y:<\/p>\n<p>T\u01b0\u1edbi n\u01b0\u1edbc: Giai \u0111o\u1ea1n m\u1edbi tr\u1ed3ng, c\u1ea7n t\u01b0\u1edbi n\u01b0\u1edbc \u0111\u1ec1u \u0111\u1eb7n \u0111\u1ec3 gi\u00fap c\u00e2y b\u00e9n r\u1ec5 v\u00e0 ph\u00e1t tri\u1ec3n. T\u01b0\u1edbi 2-3 l\u1ea7n\/tu\u1ea7n, t\u00f9y thu\u1ed9c v\u00e0o th\u1eddi ti\u1ebft. Giai \u0111o\u1ea1n ra hoa v\u00e0 \u0111\u1eadu tr\u00e1i l\u00e0 th\u1eddi \u0111i\u1ec3m c\u00e2y c\u1ea7n nhi\u1ec1u n\u01b0\u1edbc nh\u1ea5t. C\u1ea7n t\u01b0\u1edbi \u0111\u1ee7 \u1ea9m \u0111\u1ec3 \u0111\u1ea3m b\u1ea3o hoa kh\u00f4ng b\u1ecb r\u1ee5ng v\u00e0 tr\u00e1i ph\u00e1t tri\u1ec3n t\u1ed1t. Giai \u0111o\u1ea1n tr\u00e1i ch\u00edn, gi\u1ea3m l\u01b0\u1ee3ng n\u01b0\u1edbc t\u01b0\u1edbi \u0111\u1ec3 tr\u00e1nh tr\u00e1i b\u1ecb n\u1ee9t ho\u1eb7c gi\u1ea3m ch\u1ea5t l\u01b0\u1ee3ng.<\/p>\n<p>B\u00f3n ph\u00e2n: Sau khi tr\u1ed3ng, b\u00f3n l\u00f3t b\u1eb1ng ph\u00e2n h\u1eefu c\u01a1 (ph\u00e2n chu\u1ed3ng hoai m\u1ee5c ho\u1eb7c ph\u00e2n vi sinh) k\u1ebft h\u1ee3p v\u1edbi ph\u00e2n NPK (t\u1ec9 l\u1ec7 16-16-8 ho\u1eb7c 20-20-15). Giai \u0111o\u1ea1n c\u00e2y con, b\u00f3n th\u00fac 2-3 th\u00e1ng\/l\u1ea7n b\u1eb1ng ph\u00e2n NPK \u0111\u1ec3 k\u00edch th\u00edch c\u00e2y ph\u00e1t tri\u1ec3n th\u00e2n v\u00e0 l\u00e1. Giai \u0111o\u1ea1n ra hoa v\u00e0 \u0111\u1eadu tr\u00e1i, t\u0103ng c\u01b0\u1eddng b\u00f3n ph\u00e2n c\u00f3 h\u00e0m l\u01b0\u1ee3ng kali cao (v\u00ed d\u1ee5: NPK 15-5-20) \u0111\u1ec3 gi\u00fap tr\u00e1i to, ng\u1ecdt, v\u00e0 ch\u00edn \u0111\u1ec1u. Sau thu ho\u1ea1ch, b\u00f3n ph\u00e2n h\u1eefu c\u01a1 v\u00e0 ph\u00e2n NPK \u0111\u1ec3 ph\u1ee5c h\u1ed3i s\u1ee9c cho c\u00e2y, chu\u1ea9n b\u1ecb cho v\u1ee5 m\u00f9a ti\u1ebfp theo. <strong>L\u01b0u \u00fd<\/strong>: Kh\u00f4ng b\u00f3n ph\u00e2n qu\u00e1 g\u1ea7n g\u1ed1c c\u00e2y, tr\u00e1nh l\u00e0m ch\u00e1y r\u1ec5.<\/p>\n<p>Ph\u00f2ng tr\u1eeb s\u00e2u b\u1ec7nh: C\u00e2y m\u1eadn \u0111i\u1ec1u \u0111\u1ecf Th\u00e1i c\u00f3 th\u1ec3 g\u1eb7p m\u1ed9t s\u1ed1 v\u1ea5n \u0111\u1ec1 v\u1ec1 s\u00e2u b\u1ec7nh nh\u01b0 r\u1ec7p, s\u00e2u \u0103n l\u00e1, ho\u1eb7c b\u1ec7nh n\u1ea5m. \u0110\u1ec3 ph\u00f2ng ng\u1eeba, c\u00f3 th\u1ec3 d\u00f9ng c\u00e1c lo\u1ea1i thu\u1ed1c tr\u1eeb s\u00e2u h\u1eefu c\u01a1 ho\u1eb7c thu\u1ed1c b\u1ea3o v\u1ec7 th\u1ef1c v\u1eadt theo h\u01b0\u1edbng d\u1eabn \u0111\u1ec3 ki\u1ec3m so\u00e1t s\u00e2u b\u1ec7nh. Ho\u1eb7c tr\u1ed3ng c\u00e1c lo\u1ea1i c\u00e2y \u0111\u1ed3ng h\u00e0nh \u0111\u1ec3 thu h\u00fat c\u00f4n tr\u00f9ng c\u00f3 l\u1ee3i v\u00e0 t\u1ea1o m\u00f4i tr\u01b0\u1eddng t\u1ef1 nhi\u00ean gi\u00fap gi\u1ea3m s\u00e2u b\u1ec7nh.<\/p>\n<h2><strong>Gi\u00e1 c\u00e2y gi\u1ed1ng m\u1eadn \u0111i\u1ec1u \u0111\u1ecf Th\u00e1i<\/strong><\/h2>\n<p>Gi\u00e1 c\u00e2y gi\u1ed1ng m\u1eadn \u0111i\u1ec1u \u0111\u1ecf Th\u00e1i t\u1ea1i v\u01b0\u1eddn Ph\u00fac An \u0111ang dao \u0111\u1ed9ng t\u1eeb <strong>45.000 &#8211; 55.000 \u0111\u1ed3ng\/c\u00e2y<\/strong>\u00a0theo gi\u00e1 s\u1ec9. T\u00f9y theo l\u00f4 c\u00e2y v\u00e0 s\u1ed1 l\u01b0\u1ee3ng kh\u00e1ch \u0111\u1eb7t m\u00e0 m\u1ee9c gi\u00e1 c\u00f3 th\u1ec3 thay \u0111\u1ed5i. Tuy nhi\u00ean, ch\u00fang t\u00f4i cam k\u1ebft lu\u00f4n gi\u1eef m\u1ee9c gi\u00e1 ph\u1ea3i ch\u0103ng, c\u00e2y gi\u1ed1ng ch\u1ea5t l\u01b0\u1ee3ng, \u0111\u00fang gi\u1ed1ng v\u00e0 \u0111\u01b0\u1ee3c b\u1ea3o h\u00e0nh \u0111\u1ec3 m\u1ecdi kh\u00e1ch h\u00e0ng \u0111\u1ec1u c\u00f3 th\u1ec3 l\u1ef1a ch\u1ecdn c\u00e2y gi\u1ed1ng ch\u1ea5t l\u01b0\u1ee3ng t\u1ed1t cho v\u01b0\u1eddn c\u1ee7a m\u00ecnh.<\/p>\n<h2><strong>Mua C\u00e2y Gi\u1ed1ng M\u1eadn \u0110i\u1ec1u \u0110\u1ecf Th\u00e1i \u1ede \u0110\u00e2u Ch\u1ea5t L\u01b0\u1ee3ng?<\/strong><\/h2>\n<p>C\u00e2y gi\u1ed1ng Ph\u00fac An\u00a0l\u00e0 \u0111\u1ecba ch\u1ec9 uy t\u00edn cung c\u1ea5p c\u00e2y gi\u1ed1ng m\u1eadn \u0111i\u1ec1u \u0111\u1ecf Th\u00e1i ch\u1ea5t l\u01b0\u1ee3ng cao. C\u00e2y gi\u1ed1ng \u0111\u01b0\u1ee3c cam k\u1ebft b\u1ea3o h\u00e0nh \u0111\u00fang gi\u1ed1ng cho \u0111\u1ebfn khi c\u00f3 tr\u00e1i, \u0111\u1ea3m b\u1ea3o s\u1ef1 h\u00e0i l\u00f2ng c\u1ee7a kh\u00e1ch h\u00e0ng.<\/p>\n<h2><strong>Ti\u00eau Chu\u1ea9n C\u00e2y Gi\u1ed1ng T\u1ea1i Ph\u00fac An:<\/strong><\/h2>\n<ul>\n<li>C\u00e2y gh\u00e9p, chi\u1ec1u cao t\u1eeb <strong>70-80 cm<\/strong>.<\/li>\n<li>B\u1ea7u r\u1ec5 \u1ed5n \u0111\u1ecbnh, c\u00e2y c\u1ee9ng c\u00e1p, \u0111\u00e3 x\u1ea3 n\u1eafng.<\/li>\n<li>Kh\u00f4ng c\u00f3 d\u1ea5u hi\u1ec7u s\u00e2u b\u1ec7nh, b\u1ed9 l\u00e1 xanh t\u1ed1t.<\/li>\n<\/ul>\n<p>C\u00e2y tr\u1ea3i qua quy tr\u00ecnh nh\u00e2n gi\u1ed1ng, d\u01b0\u1ee1ng c\u00e2y con, x\u1ea3 n\u1eafng ho\u00e0n ch\u1ec9nh. \u0110\u1ebfn tay c\u00f4 b\u00e1c s\u1ebd l\u00e0 t\u1eebng c\u00e2y \u0111\u00e3 c\u1ee9ng c\u00e1p \u0111\u00e3 ra c\u01a1i ch\u1ed3i m\u1edbi.<br \/>\nQu\u00fd c\u00f4 b\u00e1c c\u00f3 th\u1ec3 li\u00ean h\u1ec7 tr\u1ef1c ti\u1ebfp qua SDT\/ Zalo 0962.888.014 (<a href=\"http:\/\/localhost\/phucan713\/\" target=\"_blank\" rel=\"noopener\">C\u00e2y Gi\u1ed1ng Ph\u00fac An<\/a>) \u0111\u1ec3 ch\u00fang t\u00f4i t\u01b0 v\u1ea5n v\u00e0 b\u00e1o gi\u00e1 c\u1ee5 th\u1ec3. Xin c\u1ea3m \u01a1n qu\u00fd c\u00f4 b\u00e1c \u0111\u00e3 \u0111\u1eb7t ni\u1ec1m tin v\u1edbi nh\u00e0 v\u01b0\u1eddn.<\/p>\n<p><strong><span style=\"color: #333399;\">M\u1eddi b\u1ea1n \u0111\u1ecdc b\u00e1o v\u1ec1 <a style=\"color: #333399;\" href=\"https:\/\/vietnamnet.vn\/qua-la-do-nhu-son-mon-an-vat-moi-chi-em-lung-mua-785124.html\" target=\"_blank\" rel=\"noopener\">Gi\u1ed1ng M\u1eadn \u0110i\u1ec1u \u0110\u1ecf Th\u00e1i\u00a0<\/a><\/span><\/strong><\/p>\n","protected":false},"excerpt":{"rendered":"<p>* Gi\u00e1 tham kh\u1ea3o cho s\u1ed1 l\u01b0\u1ee3ng t\u1eeb 30 c\u00e2y, c\u00f3 th\u1ec3 thay \u0111\u1ed5i theo th\u1eddi \u0111i\u1ec3m<br \/>\n* Ch\u01b0a bao g\u1ed3m ph\u00ed v\u1eadn chuy\u1ec3n (t\u00f9y theo s\u1ed1 l\u01b0\u1ee3ng c\u00e2y v\u00e0 \u0111\u1ecba \u0111i\u1ec3m giao h\u00e0ng)<\/p>\n","protected":false},"featured_media":3713,"comment_status":"open","ping_status":"closed","template":"","meta":[],"product_brand":[],"product_cat":[68],"product_tag":[],"class_list":{"0":"post-3665","1":"product","2":"type-product","3":"status-publish","4":"has-post-thumbnail","6":"product_cat-giong-man","8":"first","9":"instock","10":"shipping-taxable","11":"purchasable","12":"product-type-simple"},"_links":{"self":[{"href":"https:\/\/ktech4.k-tech-services.com\/phucan713\/wp-json\/wp\/v2\/product\/3665","targetHints":{"allow":["GET"]}}],"collection":[{"href":"https:\/\/ktech4.k-tech-services.com\/phucan713\/wp-json\/wp\/v2\/product"}],"about":[{"href":"https:\/\/ktech4.k-tech-services.com\/phucan713\/wp-json\/wp\/v2\/types\/product"}],"replies":[{"embeddable":true,"href":"https:\/\/ktech4.k-tech-services.com\/phucan713\/wp-json\/wp\/v2\/comments?post=3665"}],"wp:featuredmedia":[{"embeddable":true,"href":"https:\/\/ktech4.k-tech-services.com\/phucan713\/wp-json\/wp\/v2\/media\/3713"}],"wp:attachment":[{"href":"https:\/\/ktech4.k-tech-services.com\/phucan713\/wp-json\/wp\/v2\/media?parent=3665"}],"wp:term":[{"taxonomy":"product_brand","embeddable":true,"href":"https:\/\/ktech4.k-tech-services.com\/phucan713\/wp-json\/wp\/v2\/product_brand?post=3665"},{"taxonomy":"product_cat","embeddable":true,"href":"https:\/\/ktech4.k-tech-services.com\/phucan713\/wp-json\/wp\/v2\/product_cat?post=3665"},{"taxonomy":"product_tag","embeddable":true,"href":"https:\/\/ktech4.k-tech-services.com\/phucan713\/wp-json\/wp\/v2\/product_tag?post=3665"}],"curies":[{"name":"wp","href":"https:\/\/api.w.org\/{rel}","templated":true}]}}