{"id":3669,"date":"2025-06-11T17:45:23","date_gmt":"2025-06-11T10:45:23","guid":{"rendered":"https:\/\/caygiongphucan.com\/?post_type=product&amp;p=3669"},"modified":"2025-06-11T17:45:23","modified_gmt":"2025-06-11T10:45:23","slug":"giong-quyt-hong","status":"publish","type":"product","link":"https:\/\/ktech4.k-tech-services.com\/phucan713\/san-pham\/giong-quyt-hong\/","title":{"rendered":"Gi\u1ed1ng Qu\u00fdt H\u1ed3ng"},"content":{"rendered":"<p>Gi\u1ed1ng qu\u00fdt h\u1ed3ng\u00a0l\u00e0 m\u1ed9t trong nh\u1eefng c\u00e2y tr\u1ed3ng mang l\u1ea1i gi\u00e1 tr\u1ecb kinh t\u1ebf cao, \u0111\u01b0\u1ee3c nhi\u1ec1u nh\u00e0 v\u01b0\u1eddn v\u00e0 nh\u00e0 \u0111\u1ea7u t\u01b0 n\u00f4ng nghi\u1ec7p quan t\u00e2m. V\u1edbi h\u01b0\u01a1ng v\u1ecb ng\u1ecdt thanh, m\u00e0u s\u1eafc b\u1eaft m\u1eaft v\u00e0 n\u0103ng su\u1ea5t \u1ed5n \u0111\u1ecbnh, qu\u00fdt h\u1ed3ng kh\u00f4ng ch\u1ec9 \u0111\u00e1p \u1ee9ng nhu c\u1ea7u ti\u00eau d\u00f9ng trong n\u01b0\u1edbc m\u00e0 c\u00f2n c\u00f3 ti\u1ec1m n\u0103ng xu\u1ea5t kh\u1ea9u l\u1edbn. B\u00e0i vi\u1ebft n\u00e0y s\u1ebd cung c\u1ea5p th\u00f4ng tin chi ti\u1ebft v\u1ec1 gi\u1ed1ng qu\u00fdt h\u1ed3ng, t\u1eeb ngu\u1ed3n g\u1ed1c, \u0111\u1eb7c \u0111i\u1ec3m, c\u00e1ch tr\u1ed3ng v\u00e0 ch\u0103m s\u00f3c, \u0111\u1ebfn \u0111\u1ecba ch\u1ec9 mua c\u00e2y gi\u1ed1ng uy t\u00edn, gi\u00fap b\u1ea1n c\u00f3 c\u00e1i nh\u00ecn to\u00e0n di\u1ec7n \u0111\u1ec3 \u0111\u1ea7u t\u01b0 hi\u1ec7u qu\u1ea3.<\/p>\n<h2><strong>Ngu\u1ed3n g\u1ed1c c\u00e2y qu\u00fdt h\u1ed3ng<\/strong><\/h2>\n<p>Qu\u00fdt h\u1ed3ng l\u00e0 lo\u00e0i c\u00e2y thu\u1ed9c h\u1ecd cam qu\u00fdt (Rutaceae), c\u00f3 ngu\u1ed3n g\u1ed1c t\u1eeb <strong>\u0110\u00e0i Loan<\/strong>, n\u01a1i \u0111\u01b0\u1ee3c bi\u1ebft \u0111\u1ebfn v\u1edbi nhi\u1ec1u gi\u1ed1ng c\u00e2y tr\u1ed3ng ch\u1ea5t l\u01b0\u1ee3ng cao v\u00e0 c\u00f3 gi\u00e1 tr\u1ecb kinh t\u1ebf l\u1edbn. Gi\u1ed1ng qu\u00fdt n\u00e0y \u0111\u01b0\u1ee3c nh\u1eadp kh\u1ea9u v\u00e0o Vi\u1ec7t Nam trong nh\u1eefng n\u0103m g\u1ea7n \u0111\u00e2y v\u00e0 nhanh ch\u00f3ng tr\u1edf th\u00e0nh m\u1ed9t trong nh\u1eefng l\u1ef1a ch\u1ecdn h\u00e0ng \u0111\u1ea7u cho b\u00e0 con n\u00f4ng d\u00e2n nh\u1edd kh\u1ea3 n\u0103ng th\u00edch nghi t\u1ed1t v\u1edbi \u0111i\u1ec1u ki\u1ec7n kh\u00ed h\u1eadu v\u00e0 th\u1ed5 nh\u01b0\u1ee1ng t\u1ea1i nhi\u1ec1u v\u00f9ng mi\u1ec1n.<\/p>\n<p>T\u1ea1i Vi\u1ec7t Nam, qu\u00fdt h\u1ed3ng \u0111\u01b0\u1ee3c tr\u1ed3ng th\u1eed nghi\u1ec7m v\u00e0 nh\u00e2n r\u1ed9ng t\u1ea1i c\u00e1c t\u1ec9nh ph\u00eda B\u1eafc nh\u01b0 L\u00e0o Cai, Y\u00ean B\u00e1i, H\u00f2a B\u00ecnh, c\u0169ng nh\u01b0 m\u1ed9t s\u1ed1 khu v\u1ef1c t\u1ea1i T\u00e2y Nguy\u00ean nh\u01b0 \u0110\u1eafk L\u1eafk, L\u00e2m \u0110\u1ed3ng. Nh\u1edd \u0111\u1eb7c t\u00ednh d\u1ec5 tr\u1ed3ng, \u00edt s\u00e2u b\u1ec7nh v\u00e0 cho n\u0103ng su\u1ea5t cao, qu\u00fdt h\u1ed3ng \u0111\u00e3 ch\u1ee9ng minh \u0111\u01b0\u1ee3c ti\u1ec1m n\u0103ng ph\u00e1t tri\u1ec3n m\u1ea1nh m\u1ebd trong ng\u00e0nh n\u00f4ng nghi\u1ec7p n\u01b0\u1edbc ta.<\/p>\n<h2><strong>\u0110\u1eb7c \u0111i\u1ec3m gi\u1ed1ng qu\u00fdt h\u1ed3ng<\/strong><\/h2>\n<p>Qu\u00fdt h\u1ed3ng c\u00f3 nh\u1eefng \u0111\u1eb7c \u0111i\u1ec3m n\u1ed5i b\u1eadt nh\u01b0:<\/p>\n<p>H\u00ecnh th\u00e1i c\u00e2y: Qu\u00fdt h\u1ed3ng thu\u1ed9c lo\u1ea1i c\u00e2y th\u00e2n g\u1ed7 nh\u1ecf, chi\u1ec1u cao trung b\u00ecnh t\u1eeb <strong>2-3 m\u00e9t<\/strong>, ph\u00f9 h\u1ee3p v\u1edbi vi\u1ec7c tr\u1ed3ng \u1edf quy m\u00f4 v\u01b0\u1eddn nh\u1ecf ho\u1eb7c trang tr\u1ea1i l\u1edbn. L\u00e1 c\u00f3 m\u00e0u xanh \u0111\u1eadm, h\u00ecnh b\u1ea7u d\u1ee5c, b\u1ec1 m\u1eb7t tr\u01a1n v\u00e0 m\u00e9p l\u00e1 h\u01a1i l\u01b0\u1ee3n s\u00f3ng. L\u00e1 m\u1ecdc so le, gi\u00fap c\u00e2y h\u1ea5p th\u1ee5 \u00e1nh s\u00e1ng t\u1ed1t.<\/p>\n<p>H\u00ecnh th\u00e1i tr\u00e1i: Tr\u00e1i qu\u00fdt h\u1ed3ng c\u00f3 h\u00ecnh tr\u00f2n ho\u1eb7c h\u01a1i d\u1eb9t, v\u1ecf m\u1ecfng, m\u00e0u cam h\u1ed3ng \u0111\u1eb9p m\u1eaft khi ch\u00edn. K\u00edch th\u01b0\u1edbc tr\u00e1i trung b\u00ecnh t\u1eeb <strong>5 &#8211; 8cm<\/strong>, tr\u1ecdng l\u01b0\u1ee3ng dao \u0111\u1ed9ng t\u1eeb <strong>150 &#8211; 250g<\/strong><\/p>\n<p>H\u01b0\u01a1ng v\u1ecb: Qu\u00fdt h\u1ed3ng c\u00f3 v\u1ecb ng\u1ecdt thanh, chua nh\u1eb9, c\u00e2n b\u1eb1ng h\u00e0i h\u00f2a, ph\u00f9 h\u1ee3p v\u1edbi kh\u1ea9u v\u1ecb c\u1ee7a \u0111\u1ea1i \u0111a s\u1ed1 ng\u01b0\u1eddi ti\u00eau d\u00f9ng.<\/p>\n<p>Kh\u1ea3 n\u0103ng sinh tr\u01b0\u1edfng: C\u00e2y c\u00f3 s\u1ee9c s\u1ed1ng m\u1ea1nh m\u1ebd, \u00edt s\u00e2u b\u1ec7nh, c\u00f3 th\u1ec3 th\u00edch nghi t\u1ed1t v\u1edbi nhi\u1ec1u \u0111i\u1ec1u ki\u1ec7n kh\u00ed h\u1eadu v\u00e0 th\u1ed5 nh\u01b0\u1ee1ng kh\u00e1c nhau.<\/p>\n<h2><strong>Gi\u1ed1ng qu\u00fdt h\u1ed3ng bao l\u00e2u c\u00f3 tr\u00e1i thu ho\u1ea1ch?<\/strong><\/h2>\n<p>\u0110\u1ed1i v\u1edbi gi\u1ed1ng qu\u00fdt h\u1ed3ng, th\u1eddi gian t\u1eeb l\u00fac tr\u1ed3ng \u0111\u1ebfn khi c\u00e2y cho tr\u00e1i thu ho\u1ea1ch th\u01b0\u1eddng dao \u0111\u1ed9ng trong kho\u1ea3ng <strong>18-24 th\u00e1ng<\/strong>, t\u00f9y thu\u1ed9c v\u00e0o \u0111i\u1ec1u ki\u1ec7n ch\u0103m s\u00f3c, kh\u00ed h\u1eadu v\u00e0 ch\u1ea5t l\u01b0\u1ee3ng \u0111\u1ea5t tr\u1ed3ng.<\/p>\n<h2><strong>T\u1eeb l\u00fac ra hoa \u0111\u1ebfn khi thu ho\u1ea1ch c\u00e2y qu\u00fdt h\u1ed3ng kho\u1ea3ng bao l\u00e2u?<\/strong><\/h2>\n<p>Qu\u00e1 tr\u00ecnh t\u1eeb khi c\u00e2y qu\u00fdt h\u1ed3ng ra hoa \u0111\u1ebfn khi tr\u00e1i ch\u00edn v\u00e0 c\u00f3 th\u1ec3 thu ho\u1ea1ch th\u01b0\u1eddng k\u00e9o d\u00e0i kho\u1ea3ng <strong>6-8 th\u00e1ng<\/strong>, t\u00f9y thu\u1ed9c v\u00e0o \u0111i\u1ec1u ki\u1ec7n ch\u0103m s\u00f3c v\u00e0 kh\u00ed h\u1eadu c\u1ee7a t\u1eebng v\u00f9ng tr\u1ed3ng.<\/p>\n<p>Qu\u00fdt h\u1ed3ng th\u01b0\u1eddng ra hoa v\u00e0o kho\u1ea3ng th\u00e1ng 2 \u0111\u1ebfn th\u00e1ng 4 h\u00e0ng n\u0103m, t\u00f9y theo \u0111i\u1ec1u ki\u1ec7n th\u1eddi ti\u1ebft v\u00e0 khu v\u1ef1c tr\u1ed3ng. Hoa qu\u00fdt h\u1ed3ng c\u00f3 m\u00e0u tr\u1eafng, m\u1ecdc th\u00e0nh ch\u00f9m v\u00e0 t\u1ecfa h\u01b0\u01a1ng th\u01a1m nh\u1eb9, thu h\u00fat ong b\u01b0\u1edbm th\u1ee5 ph\u1ea5n. Sau khi hoa \u0111\u01b0\u1ee3c th\u1ee5 ph\u1ea5n, tr\u00e1i b\u1eaft \u0111\u1ea7u h\u00ecnh th\u00e0nh v\u00e0 ph\u00e1t tri\u1ec3n. V\u00e0 kho\u1ea3ng <strong>6-8 th\u00e1ng<\/strong>\u00a0sau khi ra hoa, tr\u00e1i \u00a0qu\u00fdt h\u1ed3ng s\u1ebd ch\u00edn v\u00e0 c\u00f3 th\u1ec3 thu ho\u1ea1ch. Th\u1eddi \u0111i\u1ec3m thu ho\u1ea1ch th\u01b0\u1eddng r\u01a1i v\u00e0o <strong>th\u00e1ng 10 \u0111\u1ebfn th\u00e1ng 12<\/strong>\u00a0h\u00e0ng n\u0103m.<\/p>\n<h2><strong>N\u0103ng su\u1ea5t gi\u1ed1ng qu\u00fdt h\u1ed3ng<\/strong><\/h2>\n<p>N\u0103ng su\u1ea5t c\u1ee7a gi\u1ed1ng qu\u00fdt h\u1ed3ng ph\u1ee5 thu\u1ed9c v\u00e0o nhi\u1ec1u y\u1ebfu t\u1ed1 nh\u01b0 tu\u1ed5i c\u00e2y, \u0111i\u1ec1u ki\u1ec7n ch\u0103m s\u00f3c v\u00e0 k\u1ef9 thu\u1eadt canh t\u00e1c. Trung b\u00ecnh, m\u1ed9t c\u00e2y qu\u00fdt h\u1ed3ng tr\u01b0\u1edfng th\u00e0nh (t\u1eeb 4 &#8211; 5 n\u0103m tu\u1ed5i) c\u00f3 th\u1ec3 cho thu ho\u1ea1ch t\u1eeb <strong>50 &#8211; 70kg<\/strong>\u00a0tr\u00e1i m\u1ed7i m\u00f9a. N\u1ebfu \u00e1p d\u1ee5ng k\u1ef9 thu\u1eadt ch\u0103m s\u00f3c ti\u00ean ti\u1ebfn nh\u01b0 b\u00f3n ph\u00e2n h\u1ee3p l\u00fd, c\u1eaft t\u1ec9a khoa h\u1ecdc v\u00e0 ki\u1ec3m so\u00e1t s\u00e2u b\u1ec7nh hi\u1ec7u tr\u00e1i, n\u0103ng su\u1ea5t c\u00f3 th\u1ec3 \u0111\u1ea1t tr\u00ean 100kg\/c\u00e2y\/m\u00f9a.<\/p>\n<p>V\u1edbi m\u1eadt \u0111\u1ed9 tr\u1ed3ng kho\u1ea3ng <strong>400 &#8211; 500 c\u00e2y\/ha<\/strong>, n\u0103ng su\u1ea5t trung b\u00ecnh c\u00f3 th\u1ec3 \u0111\u1ea1t t\u1eeb <strong>20 &#8211; 35 t\u1ea5n tr\u00e1i\/ha\/n\u0103m<\/strong>.<\/p>\n<h2><strong>Kh\u00ed h\u1eadu v\u00e0 \u0111\u1ea5t tr\u1ed3ng th\u00edch h\u1ee3p v\u1edbi gi\u1ed1ng qu\u00fdt h\u1ed3ng<\/strong><\/h2>\n<p>Kh\u00ed h\u1eadu: Qu\u00fdt h\u1ed3ng ph\u00f9 h\u1ee3p v\u1edbi kh\u00ed h\u1eadu nhi\u1ec7t \u0111\u1edbi v\u00e0 c\u1eadn nhi\u1ec7t \u0111\u1edbi, c\u00f3 l\u01b0\u1ee3ng m\u01b0a trung b\u00ecnh t\u1eeb 1.200 &#8211; 1.800mm\/n\u0103m v\u00e0 nhi\u1ec7t \u0111\u1ed9 l\u00fd t\u01b0\u1edfng t\u1eeb <strong>22 &#8211; 30\u00b0C<\/strong>. V\u00f9ng c\u00f3 kh\u00ed h\u1eadu \u00f4n h\u00f2a, kh\u00f4ng c\u00f3 s\u01b0\u01a1ng mu\u1ed1i nhi\u1ec1u s\u1ebd gi\u00fap c\u00e2y sinh tr\u01b0\u1edfng t\u1ed1t v\u00e0 h\u1ea1n ch\u1ebf s\u00e2u b\u1ec7nh.<\/p>\n<p>\u0110\u1ea5t tr\u1ed3ng: Qu\u00fdt h\u1ed3ng th\u00edch h\u1ee3p v\u1edbi \u0111\u1ea5t th\u1ecbt pha c\u00e1t, \u0111\u1ea5t ph\u00f9 sa ho\u1eb7c \u0111\u1ea5t \u0111\u1ecf bazan c\u00f3 \u0111\u1ed9 t\u01a1i x\u1ed1p cao, tho\u00e1t n\u01b0\u1edbc t\u1ed1t. \u0110\u1ed9 pH \u0111\u1ea5t ph\u00f9 h\u1ee3p t\u1eeb <strong>5.5 &#8211; 6.5<\/strong>\u00a0\u0111\u1ec3 c\u00e2y h\u1ea5p th\u1ee5 dinh d\u01b0\u1ee1ng hi\u1ec7u qu\u1ea3. Khi tr\u1ed3ng, c\u1ea7n l\u00e0m lu\u1ed1ng cao ho\u1eb7c \u0111\u00e0o h\u1ed1 tho\u00e1t n\u01b0\u1edbc \u0111\u1ec3 tr\u00e1nh c\u00e2y b\u1ecb ng\u1eadp \u00fang trong m\u00f9a m\u01b0a.<\/p>\n<h2><strong>Kho\u1ea3ng c\u00e1ch tr\u1ed3ng c\u00e2y qu\u00fdt h\u1ed3ng<\/strong><\/h2>\n<p>Tr\u1ed3ng th\u00e2m canh: Kho\u1ea3ng c\u00e1ch tr\u1ed3ng th\u00edch h\u1ee3p l\u00e0 <strong>3&#215;4 m\u00e9t<\/strong>\u00a0ho\u1eb7c <strong>4&#215;4 m\u00e9t<\/strong>, m\u1eadt \u0111\u1ed9 tr\u1ed3ng s\u1ebd \u0111\u1ea1t kho\u1ea3ng <strong>600-800 c\u00e2y\/ha<\/strong>.<\/p>\n<p>Tr\u1ed3ng xen canh ho\u1eb7c tr\u1ed3ng tr\u00ean \u0111\u1ea5t d\u1ed1c: Kho\u1ea3ng c\u00e1ch c\u00f3 th\u1ec3 r\u1ed9ng h\u01a1n, t\u1eeb <strong>4&#215;5 m\u00e9t<\/strong>\u00a0ho\u1eb7c <strong>5&#215;5 m\u00e9t<\/strong>, t\u00f9y theo \u0111i\u1ec1u ki\u1ec7n \u0111\u1ecba h\u00ecnh v\u00e0 m\u1ee5c \u0111\u00edch tr\u1ed3ng.<\/p>\n<h2><strong>C\u00e1ch ch\u0103m s\u00f3c c\u00e2y qu\u00fdt h\u1ed3ng v\u00e0 c\u00e1c l\u01b0u \u00fd<\/strong><\/h2>\n<p>T\u01b0\u1edbi n\u01b0\u1edbc: Qu\u00fdt h\u1ed3ng c\u1ea7n l\u01b0\u1ee3ng n\u01b0\u1edbc \u1ed5n \u0111\u1ecbnh \u0111\u1ec3 ph\u00e1t tri\u1ec3n t\u1ed1t, \u0111\u1eb7c bi\u1ec7t trong giai \u0111o\u1ea1n c\u00e2y con v\u00e0 ra hoa k\u1ebft tr\u00e1i. V\u00e0o m\u00f9a kh\u00f4, t\u01b0\u1edbi 2 l\u1ea7n\/ng\u00e0y v\u00e0o s\u00e1ng s\u1edbm v\u00e0 chi\u1ec1u m\u00e1t. V\u00e0o m\u00f9a m\u01b0a, gi\u1ea3m s\u1ed1 l\u1ea7n t\u01b0\u1edbi, ch\u1ec9 t\u01b0\u1edbi khi \u0111\u1ea5t qu\u00e1 kh\u00f4 \u0111\u1ec3 tr\u00e1nh ng\u1eadp \u00fang. C\u00f3 th\u1ec3 s\u1eed d\u1ee5ng h\u1ec7 th\u1ed1ng t\u01b0\u1edbi nh\u1ecf gi\u1ecdt gi\u00fap cung c\u1ea5p n\u01b0\u1edbc \u0111\u1ec1u v\u00e0 ti\u1ebft ki\u1ec7m c\u00f4ng ch\u0103m s\u00f3c.<\/p>\n<p>B\u00f3n ph\u00e2n: B\u00f3n ph\u00e2n \u0111\u1ea7y \u0111\u1ee7 theo t\u1eebng giai \u0111o\u1ea1n sinh tr\u01b0\u1edfng \u0111\u1ec3 gi\u00fap c\u00e2y kh\u1ecfe m\u1ea1nh. Giai \u0111o\u1ea1n c\u00e2y con, d\u00f9ng ph\u00e2n h\u1eefu c\u01a1 m\u1ee5c k\u1ebft h\u1ee3p ph\u00e2n l\u00e2n \u0111\u1ec3 k\u00edch th\u00edch r\u1ec5 ph\u00e1t tri\u1ec3n. Giai \u0111o\u1ea1n ra hoa, b\u00f3n ph\u00e2n NPK v\u1edbi t\u1ef7 l\u1ec7 10 &#8211; 50 &#8211; 10 \u0111\u1ec3 th\u00fac \u0111\u1ea9y ra hoa nhi\u1ec1u. Giai \u0111o\u1ea1n nu\u00f4i tr\u00e1i, t\u0103ng c\u01b0\u1eddng kali v\u00e0 canxi \u0111\u1ec3 tr\u00e1i l\u1edbn, ng\u1ecdt v\u00e0 c\u00f3 m\u00e0u \u0111\u1eb9p.<\/p>\n<p>Ph\u00f2ng tr\u1eeb s\u00e2u b\u1ec7nh: Ch\u1ee7 \u0111\u1ed9ng ph\u00f2ng ng\u1eeba c\u00e1c lo\u1ea1i s\u00e2u b\u1ec7nh ph\u1ed5 bi\u1ebfn nh\u01b0 r\u1ec7p s\u00e1p, s\u00e2u v\u1ebd b\u00f9a, b\u1ec7nh v\u00e0ng l\u00e1 b\u1eb1ng bi\u1ec7n ph\u00e1p sinh h\u1ecdc v\u00e0 thu\u1ed1c b\u1ea3o v\u1ec7 th\u1ef1c v\u1eadt an to\u00e0n.<\/p>\n<p>T\u1ec9a c\u00e0nh: T\u1ec9a b\u1edbt c\u00e0nh gi\u00e0, c\u00e0nh s\u00e2u b\u1ec7nh \u0111\u1ec3 c\u00e2y t\u1eadp trung dinh d\u01b0\u1ee1ng nu\u00f4i tr\u00e1i.<\/p>\n<h2><strong>Gi\u00e1 c\u00e2y gi\u1ed1ng qu\u00fdt h\u1ed3ng<\/strong><\/h2>\n<p>Gi\u00e1 c\u00e2y gi\u1ed1ng qu\u00fdt h\u1ed3ng t\u1ea1i v\u01b0\u1eddn Ph\u00fac An \u0111ang dao \u0111\u1ed9ng t\u1eeb\u00a0<strong>25.000 &#8211; 35.000 \u0111\u1ed3ng\/c\u00e2y<\/strong>\u00a0theo gi\u00e1 s\u1ec9. T\u00f9y theo l\u00f4 c\u00e2y v\u00e0 s\u1ed1 l\u01b0\u1ee3ng \u0111\u1eb7t h\u00e0ng, m\u1ee9c gi\u00e1 c\u00f3 th\u1ec3 thay \u0111\u1ed5i.<\/p>\n<p>V\u01b0\u1eddn Ph\u00fac An cam k\u1ebft cung c\u1ea5p c\u00e2y gi\u1ed1ng qu\u00fdt h\u1ed3ng ch\u1ea5t l\u01b0\u1ee3ng v\u1edbi gi\u00e1 c\u1ea3 ph\u1ea3i ch\u0103ng, gi\u00fap b\u00e0 con d\u1ec5 d\u00e0ng \u0111\u1ea7u t\u01b0 v\u00e0o gi\u1ed1ng c\u00e2y tr\u1ed3ng ti\u1ec1m n\u0103ng n\u00e0y.<\/p>\n<h2><strong>Mua c\u00e2y gi\u1ed1ng qu\u00fdt h\u1ed3ng \u1edf \u0111\u00e2u ch\u1ea5t l\u01b0\u1ee3ng?<\/strong><\/h2>\n<p>C\u00e2y gi\u1ed1ng Ph\u00fac An\u00a0l\u00e0 \u0111\u1ecba ch\u1ec9 uy t\u00edn cung c\u1ea5p c\u00e2y gi\u1ed1ng qu\u00fdt h\u1ed3ng ch\u1ea5t l\u01b0\u1ee3ng cao. V\u1edbi quy tr\u00ecnh nh\u00e2n gi\u1ed1ng chu\u1ea9n, c\u00e2y con \u0111\u01b0\u1ee3c gh\u00e9p t\u1eeb bo gh\u00e9p v\u00e0 c\u00e0nh gh\u00e9p ch\u1ecdn l\u1ecdc, \u0111\u1ea3m b\u1ea3o \u0111\u00fang gi\u1ed1ng v\u00e0 kh\u1ecfe m\u1ea1nh.<\/p>\n<h2><strong>Ti\u00eau chu\u1ea9n c\u00e2y gi\u1ed1ng t\u1ea1i Ph\u00fac An bao g\u1ed3m:<\/strong><\/h2>\n<p>C\u00e2y gh\u00e9p, chi\u1ec1u cao t\u1eeb <strong>70-80 cm<\/strong>.<\/p>\n<p>B\u1ea7u r\u1ec5 \u1ed5n \u0111\u1ecbnh, c\u00e2y \u0111\u00e3 x\u1ea3 n\u1eafng v\u00e0 c\u1ee9ng c\u00e1p.<\/p>\n<p>Kh\u00f4ng c\u00f3 d\u1ea5u hi\u1ec7u s\u00e2u b\u1ec7nh, b\u1ed9 l\u00e1 xanh t\u1ed1t.<\/p>\n<p>C\u00e2y tr\u1ea3i qua quy tr\u00ecnh nh\u00e2n gi\u1ed1ng, d\u01b0\u1ee1ng c\u00e2y con, x\u1ea3 n\u1eafng ho\u00e0n ch\u1ec9nh. \u0110\u1ebfn tay c\u00f4 b\u00e1c s\u1ebd l\u00e0 t\u1eebng c\u00e2y \u0111\u00e3 c\u1ee9ng c\u00e1p \u0111\u00e3 ra c\u01a1i ch\u1ed3i m\u1edbi.<br \/>\nQu\u00fd c\u00f4 b\u00e1c c\u00f3 th\u1ec3 li\u00ean h\u1ec7 tr\u1ef1c ti\u1ebfp qua SDT\/ Zalo 0962.888.014 (<a href=\"http:\/\/localhost\/phucan713\/\" target=\"_blank\" rel=\"noopener\">C\u00e2y Gi\u1ed1ng Ph\u00fac An<\/a>) \u0111\u1ec3 ch\u00fang t\u00f4i t\u01b0 v\u1ea5n v\u00e0 b\u00e1o gi\u00e1 c\u1ee5 th\u1ec3. Xin c\u1ea3m \u01a1n qu\u00fd c\u00f4 b\u00e1c \u0111\u00e3 \u0111\u1eb7t ni\u1ec1m tin v\u1edbi nh\u00e0 v\u01b0\u1eddn.<\/p>\n<p>&nbsp;<\/p>\n<p><span style=\"color: #333399;\"><em><strong>M\u1eddi b\u1ea1n \u0111\u1ecdc b\u00e1o v\u1ec1 <a style=\"color: #333399;\" href=\"https:\/\/tapchicongthuong.vn\/magazine\/quyt-hong-lai-vung--dac-san-miet-vuon-xu-thap-muoi-100807.htm\" target=\"_blank\" rel=\"noopener\">Gi\u1ed1ng Qu\u00fdt H\u1ed3ng<\/a><\/strong><\/em><\/span><\/p>\n<p>&nbsp;<\/p>\n","protected":false},"excerpt":{"rendered":"<div>* Gi\u00e1 tham kh\u1ea3o cho s\u1ed1 l\u01b0\u1ee3ng t\u1eeb 30 c\u00e2y, c\u00f3 th\u1ec3 thay \u0111\u1ed5i theo th\u1eddi \u0111i\u1ec3m<\/div>\n<div>* Ch\u01b0a bao g\u1ed3m ph\u00ed v\u1eadn chuy\u1ec3n (t\u00f9y theo s\u1ed1 l\u01b0\u1ee3ng c\u00e2y v\u00e0 \u0111\u1ecba \u0111i\u1ec3m giao h\u00e0ng)<\/div>\n","protected":false},"featured_media":3737,"comment_status":"open","ping_status":"closed","template":"","meta":[],"product_brand":[],"product_cat":[117],"product_tag":[],"class_list":{"0":"post-3669","1":"product","2":"type-product","3":"status-publish","4":"has-post-thumbnail","6":"product_cat-cay-co-mui","8":"first","9":"instock","10":"shipping-taxable","11":"purchasable","12":"product-type-simple"},"_links":{"self":[{"href":"https:\/\/ktech4.k-tech-services.com\/phucan713\/wp-json\/wp\/v2\/product\/3669","targetHints":{"allow":["GET"]}}],"collection":[{"href":"https:\/\/ktech4.k-tech-services.com\/phucan713\/wp-json\/wp\/v2\/product"}],"about":[{"href":"https:\/\/ktech4.k-tech-services.com\/phucan713\/wp-json\/wp\/v2\/types\/product"}],"replies":[{"embeddable":true,"href":"https:\/\/ktech4.k-tech-services.com\/phucan713\/wp-json\/wp\/v2\/comments?post=3669"}],"wp:featuredmedia":[{"embeddable":true,"href":"https:\/\/ktech4.k-tech-services.com\/phucan713\/wp-json\/wp\/v2\/media\/3737"}],"wp:attachment":[{"href":"https:\/\/ktech4.k-tech-services.com\/phucan713\/wp-json\/wp\/v2\/media?parent=3669"}],"wp:term":[{"taxonomy":"product_brand","embeddable":true,"href":"https:\/\/ktech4.k-tech-services.com\/phucan713\/wp-json\/wp\/v2\/product_brand?post=3669"},{"taxonomy":"product_cat","embeddable":true,"href":"https:\/\/ktech4.k-tech-services.com\/phucan713\/wp-json\/wp\/v2\/product_cat?post=3669"},{"taxonomy":"product_tag","embeddable":true,"href":"https:\/\/ktech4.k-tech-services.com\/phucan713\/wp-json\/wp\/v2\/product_tag?post=3669"}],"curies":[{"name":"wp","href":"https:\/\/api.w.org\/{rel}","templated":true}]}}