{"id":4178,"date":"2025-12-08T19:59:47","date_gmt":"2025-12-08T12:59:47","guid":{"rendered":"https:\/\/caygiongphucan.com\/?post_type=product&amp;p=4178"},"modified":"2025-12-08T19:59:47","modified_gmt":"2025-12-08T12:59:47","slug":"giong-chanh-day-vang-my","status":"publish","type":"product","link":"https:\/\/ktech4.k-tech-services.com\/phucan713\/san-pham\/giong-chanh-day-vang-my\/","title":{"rendered":"Gi\u1ed1ng Chanh D\u00e2y V\u00e0ng M\u1ef9"},"content":{"rendered":"<p>Chanh d\u00e2y v\u00e0ng M\u1ef9 (hay c\u00f2n g\u1ecdi l\u00e0 chanh d\u00e2y kh\u1ed5ng l\u1ed3) \u0111ang t\u1ea1o n\u00ean m\u1ed9t c\u01a1n s\u1ed1t trong gi\u1edbi nh\u00e0 n\u00f4ng nh\u1edd k\u00edch th\u01b0\u1edbc tr\u00e1i to v\u01b0\u1ee3t tr\u1ed9i v\u00e0 n\u0103ng su\u1ea5t &#8220;kh\u1ee7ng&#8221;. \u0110\u00e2y l\u00e0 gi\u1ed1ng c\u00e2y m\u1edbi, mang l\u1ea1i hi\u1ec7u qu\u1ea3 kinh t\u1ebf cao v\u00e0 \u0111ang \u0111\u01b0\u1ee3c nhi\u1ec1u b\u00e0 con s\u0103n \u0111\u00f3n \u0111\u1ec3 canh t\u00e1c quy m\u00f4 l\u1edbn.<\/p>\n<p>Trong b\u00e0i vi\u1ebft n\u00e0y, C\u00e2y Gi\u1ed1ng Ph\u00fac An s\u1ebd chia s\u1ebb chi ti\u1ebft v\u1ec1 \u0111\u1eb7c t\u00ednh, n\u0103ng su\u1ea5t th\u1ef1c t\u1ebf v\u00e0 quy tr\u00ecnh k\u1ef9 thu\u1eadt canh t\u00e1c gi\u1ed1ng chanh d\u00e2y v\u00e0ng M\u1ef9 \u0111\u1ec3 b\u00e0 con tham kh\u1ea3o \u0111\u1ea7u t\u01b0.<\/p>\n<h2>Gi\u1edbi thi\u1ec7u v\u00e0 \u0111\u1eb7c \u0111i\u1ec3m n\u1ed5i b\u1eadt c\u1ee7a gi\u1ed1ng chanh d\u00e2y v\u00e0ng m\u1ef9<\/h2>\n<p>Chanh d\u00e2y v\u00e0ng M\u1ef9 c\u00f3 ngu\u1ed3n g\u1ed1c t\u1eeb khu v\u1ef1c Nam M\u1ef9 v\u00e0 \u0111\u01b0\u1ee3c ph\u00e1t tri\u1ec3n m\u1ea1nh t\u1ea1i M\u1ef9 (Hawaii). \u0110i\u1ec3m thu h\u00fat nh\u1ea5t c\u1ee7a gi\u1ed1ng n\u00e0y ch\u00ednh l\u00e0 k\u00edch th\u01b0\u1edbc &#8220;kh\u1ed5ng l\u1ed3&#8221; so v\u1edbi c\u00e1c lo\u1ea1i chanh d\u00e2y truy\u1ec1n th\u1ed1ng.<\/p>\n<h3>\u0110\u1eb7c \u0111i\u1ec3m h\u00ecnh th\u00e1i<\/h3>\n<ul>\n<li>Th\u00e2n v\u00e0 l\u00e1: C\u00e2y c\u00f3 s\u1ee9c sinh tr\u01b0\u1edfng r\u1ea5t m\u1ea1nh, d\u00e2y leo to, l\u00e1 c\u00f3 k\u00edch th\u01b0\u1edbc l\u1edbn h\u01a1n h\u1eb3n chanh d\u00e2y th\u01b0\u1eddng, m\u00e0u xanh \u0111\u1eadm v\u00e0 b\u00f3ng.<\/li>\n<li>\u0110\u1eb7c \u0111i\u1ec3m tr\u00e1i:\n<ul>\n<li>K\u00edch th\u01b0\u1edbc: Tr\u00e1i r\u1ea5t to, tr\u1ecdng l\u01b0\u1ee3ng trung b\u00ecnh t\u1eeb 300g \u2013 500g\/tr\u00e1i (c\u00f3 tr\u00e1i l\u00ean t\u1edbi g\u1ea7n 1kg).<\/li>\n<li>M\u00e0u s\u1eafc: Khi c\u00f2n non tr\u00e1i m\u00e0u xanh, khi ch\u00edn v\u1ecf chuy\u1ec3n sang m\u00e0u v\u00e0ng t\u01b0\u01a1i, b\u00f3ng m\u01b0\u1ee3t r\u1ea5t b\u1eaft m\u1eaft. V\u1ecf tr\u00e1i d\u00e0y, c\u1ee9ng c\u00e1p, r\u1ea5t thu\u1eadn ti\u1ec7n cho vi\u1ec7c b\u1ea3o qu\u1ea3n v\u00e0 v\u1eadn chuy\u1ec3n \u0111\u01b0\u1eddng d\u00e0i m\u00e0 kh\u00f4ng lo d\u1eadp n\u00e1t.<\/li>\n<li>Ru\u1ed9t: B\u00ean trong ch\u1ee9a nhi\u1ec1u d\u1ecbch tr\u00e1i m\u00e0u v\u00e0ng cam.<\/li>\n<\/ul>\n<\/li>\n<li>H\u01b0\u01a1ng v\u1ecb: Chanh d\u00e2y v\u00e0ng M\u1ef9 c\u00f3 v\u1ecb ng\u1ecdt thanh pha ch\u00fat chua nh\u1eb9 (t\u1ef7 l\u1ec7 ng\u1ecdt cao), m\u00f9i th\u01a1m d\u1ecbu. C\u00f3 th\u1ec3 d\u00f9ng \u0103n t\u01b0\u01a1i ho\u1eb7c l\u00e0m n\u01b0\u1edbc gi\u1ea3i kh\u00e1t \u0111\u1ec1u r\u1ea5t ngon.<\/li>\n<\/ul>\n<h3>\u0110\u1eb7c t\u00ednh sinh tr\u01b0\u1edfng<\/h3>\n<p>C\u00e2y th\u00edch nghi t\u1ed1t v\u1edbi kh\u00ed h\u1eadu nhi\u1ec7t \u0111\u1edbi c\u1ee7a Vi\u1ec7t Nam. Nh\u1edd b\u1ed9 gen kh\u1ecfe, gi\u1ed1ng n\u00e0y c\u00f3 kh\u1ea3 n\u0103ng kh\u00e1ng s\u00e2u b\u1ec7nh t\u1ed1t, \u0111\u1eb7c bi\u1ec7t l\u00e0 c\u00e1c b\u1ec7nh v\u1ec1 n\u1ea5m r\u1ec5 v\u00e0 l\u00e1.<\/p>\n<h2>Chanh d\u00e2y v\u00e0ng m\u1ef9 tr\u1ed3ng bao l\u00e2u c\u00f3 tr\u00e1i?<\/h2>\n<p>M\u1eb7c d\u00f9 cho tr\u00e1i to nh\u01b0ng th\u1eddi gian sinh tr\u01b0\u1edfng c\u1ee7a chanh d\u00e2y v\u00e0ng M\u1ef9 c\u0169ng r\u1ea5t nhanh, kh\u00f4ng thua k\u00e9m g\u00ec c\u00e1c gi\u1ed1ng chanh d\u00e2y t\u00edm:<\/p>\n<ul>\n<li>Th\u1eddi gian cho tr\u00e1i: T\u1eeb khi tr\u1ed3ng c\u00e2y con ra v\u01b0\u1eddn, ch\u1ec9 m\u1ea5t kho\u1ea3ng 5 \u2013 7 th\u00e1ng ch\u0103m s\u00f3c l\u00e0 c\u00e2y b\u1eaft \u0111\u1ea7u cho thu ho\u1ea1ch l\u1ee9a tr\u00e1i \u0111\u1ea7u ti\u00ean.<\/li>\n<li>L\u1ee3i th\u1ebf: C\u00e2y leo gi\u00e0n v\u00e0 ph\u1ee7 t\u00e1n r\u1ea5t nhanh, gi\u00fap b\u00e0 con s\u1edbm c\u00f3 thu nh\u1eadp \u0111\u1ec3 quay v\u00f2ng v\u1ed1n.<\/li>\n<\/ul>\n<h2>Chu k\u1ef3 ra hoa v\u00e0 thu ho\u1ea1ch<\/h2>\n<ul>\n<li>Th\u1eddi gian nu\u00f4i tr\u00e1i: Do k\u00edch th\u01b0\u1edbc tr\u00e1i l\u1edbn n\u00ean th\u1eddi gian t\u1eeb l\u00fac \u0111\u1eadu tr\u00e1i \u0111\u1ebfn khi thu ho\u1ea1ch s\u1ebd d\u00e0i h\u01a1n chanh d\u00e2y th\u01b0\u1eddng m\u1ed9t ch\u00fat, kho\u1ea3ng 80 \u2013 90 ng\u00e0y.<\/li>\n<li>M\u00f9a v\u1ee5: C\u00e2y c\u00f3 kh\u1ea3 n\u0103ng ra hoa \u0111\u1eadu tr\u00e1i quanh n\u0103m n\u1ebfu \u0111\u01b0\u1ee3c cung c\u1ea5p \u0111\u1ee7 n\u01b0\u1edbc v\u00e0 dinh d\u01b0\u1ee1ng.<\/li>\n<li>Thu ho\u1ea1ch: Khi tr\u00e1i chuy\u1ec3n v\u00e0ng kho\u1ea3ng 2\/3 di\u1ec7n t\u00edch v\u1ecf l\u00e0 c\u00f3 th\u1ec3 thu ho\u1ea1ch. N\u00ean d\u00f9ng k\u00e9o c\u1eaft cu\u1ed1ng \u0111\u1ec3 gi\u1eef m\u1eabu m\u00e3 \u0111\u1eb9p, b\u00e1n \u0111\u01b0\u1ee3c gi\u00e1 cao h\u01a1n.<\/li>\n<\/ul>\n<h2>N\u0103ng su\u1ea5t gi\u1ed1ng chanh d\u00e2y v\u00e0ng m\u1ef9<\/h2>\n<p>\u0110\u00e2y l\u00e0 gi\u1ed1ng c\u00e2y cho n\u0103ng su\u1ea5t thu\u1ed9c h\u00e0ng &#8220;v\u00f4 \u0111\u1ecbch&#8221; nh\u1edd tr\u1ecdng l\u01b0\u1ee3ng tr\u00e1i l\u1edbn:<\/p>\n<ul>\n<li>S\u1ea3n l\u01b0\u1ee3ng: Trung b\u00ecnh m\u1ed9t hecta canh t\u00e1c t\u1ed1t c\u00f3 th\u1ec3 \u0111\u1ea1t n\u0103ng su\u1ea5t t\u1eeb 40 \u2013 60 t\u1ea5n\/n\u0103m.<\/li>\n<li>S\u1ed1 l\u01b0\u1ee3ng: Tuy s\u1ed1 l\u01b0\u1ee3ng tr\u00e1i tr\u00ean c\u00e2y c\u00f3 th\u1ec3 kh\u00f4ng chi ch\u00edt nh\u01b0 chanh d\u00e2y t\u00edm, nh\u01b0ng b\u00f9 l\u1ea1i m\u1ed7i tr\u00e1i \u0111\u1ec1u r\u1ea5t n\u1eb7ng k\u00fd (ch\u1ec9 c\u1ea7n 2-3 tr\u00e1i l\u00e0 \u0111\u01b0\u1ee3c 1kg), gi\u00fap t\u1ed5ng s\u1ea3n l\u01b0\u1ee3ng thu \u0111\u01b0\u1ee3c r\u1ea5t cao.<\/li>\n<li>Tu\u1ed5i th\u1ecd khai th\u00e1c: V\u01b0\u1eddn c\u00e2y c\u00f3 th\u1ec3 khai th\u00e1c kinh t\u1ebf hi\u1ec7u qu\u1ea3 trong kho\u1ea3ng 3 \u2013 4 n\u0103m nh\u1edd s\u1ee9c s\u1ed1ng b\u1ec1n b\u1ec9 c\u1ee7a c\u00e2y.<\/li>\n<\/ul>\n<h2>K\u1ef9 thu\u1eadt tr\u1ed3ng v\u00e0 ch\u0103m s\u00f3c theo h\u01b0\u1edbng b\u1ec1n v\u1eefng<\/h2>\n<p>V\u00ec tr\u00e1i r\u1ea5t to v\u00e0 n\u1eb7ng, k\u1ef9 thu\u1eadt l\u00e0m gi\u00e0n v\u00e0 b\u00f3n ph\u00e2n cho chanh d\u00e2y v\u00e0ng M\u1ef9 c\u1ea7n l\u01b0u \u00fd m\u1ed9t s\u1ed1 \u0111i\u1ec3m \u0111\u1eb7c bi\u1ec7t:<\/p>\n<h3>Chu\u1ea9n b\u1ecb \u0111\u1ea5t v\u00e0 l\u00e0m gi\u00e0n<\/h3>\n<ul>\n<li>L\u00e0m gi\u00e0n: Gi\u00e0n ph\u1ea3i th\u1eadt ch\u1eafc ch\u1eafn. Khuy\u00ean d\u00f9ng c\u1ed9t b\u00ea t\u00f4ng ho\u1eb7c tr\u1ee5 g\u1ed7 t\u1ed1t, d\u00e2y c\u00e1p ch\u1ecbu l\u1ef1c v\u00ec khi c\u00e2y mang tr\u00e1i, s\u1ee9c n\u1eb7ng \u0111\u00e8 l\u00ean gi\u00e0n l\u00e0 r\u1ea5t l\u1edbn (h\u00e0ng t\u1ea5n tr\u00e1i).<\/li>\n<li>M\u1eadt \u0111\u1ed9: N\u00ean tr\u1ed3ng th\u01b0a tho\u00e1ng, kho\u1ea3ng c\u00e1ch 4m x 4m ho\u1eb7c 4m x 5m \u0111\u1ec3 c\u00e2y c\u00f3 kh\u00f4ng gian nu\u00f4i tr\u00e1i to.<\/li>\n<li>Ch\u1ecdn gi\u1ed1ng: Ch\u1ecdn c\u00e2y gh\u00e9p ho\u1eb7c c\u00e2y \u01b0\u01a1m t\u1eeb c\u00e2y m\u1eb9 \u0111\u00fang gi\u1ed1ng, s\u1ea1ch b\u1ec7nh, ng\u1ecdn m\u1eadp m\u1ea1p.<\/li>\n<\/ul>\n<h3>Quy tr\u00ecnh b\u00f3n ph\u00e2n<\/h3>\n<ul>\n<li>Giai \u0111o\u1ea1n Ki\u1ebfn thi\u1ebft:\n<ul>\n<li>B\u00f3n l\u00f3t th\u1eadt k\u1ef9 b\u1eb1ng ph\u00e2n chu\u1ed3ng \u1ee7 hoai, v\u00f4i v\u00e0 l\u00e2n.<\/li>\n<li>S\u1eed d\u1ee5ng ph\u00e2n NPK c\u00e2n \u0111\u1ed1i \u0111\u1ec3 nu\u00f4i b\u1ed9 khung t\u00e1n kh\u1ecfe.<\/li>\n<\/ul>\n<\/li>\n<li>Giai \u0111o\u1ea1n Nu\u00f4i tr\u00e1i (R\u1ea5t quan tr\u1ecdng):\n<ul>\n<li>C\u00e2y c\u1ea7n l\u01b0\u1ee3ng dinh d\u01b0\u1ee1ng l\u1edbn \u0111\u1ec3 &#8220;b\u01a1m&#8221; cho tr\u00e1i to. C\u1ea7n b\u00f3n \u0111\u1ecbnh k\u1ef3 15 ng\u00e0y\/l\u1ea7n.<\/li>\n<li>T\u0103ng c\u01b0\u1eddng Kali v\u00e0 Canxi Bo. Kali gi\u00fap tr\u00e1i ng\u1ecdt, l\u00ean m\u00e0u \u0111\u1eb9p. Canxi Bo gi\u00fap v\u1ecf tr\u00e1i dai, h\u1ea1n ch\u1ebf n\u1ee9t tr\u00e1i khi tr\u00e1i l\u1edbn qu\u00e1 nhanh.<\/li>\n<li>H\u1eefu c\u01a1: B\u1eaft bu\u1ed9c ph\u1ea3i b\u1ed5 sung ph\u00e2n h\u1eefu c\u01a1 th\u01b0\u1eddng xuy\u00ean \u0111\u1ec3 \u0111\u1ea5t kh\u00f4ng b\u1ecb suy ki\u1ec7t, \u0111\u1ea3m b\u1ea3o c\u00e2y \u0111\u1ee7 s\u1ee9c nu\u00f4i tr\u00e1i li\u00ean t\u1ee5c trong nhi\u1ec1u n\u0103m.<\/li>\n<\/ul>\n<\/li>\n<\/ul>\n<h3>Qu\u1ea3n l\u00fd n\u01b0\u1edbc t\u01b0\u1edbi v\u00e0 s\u00e2u b\u1ec7nh<\/h3>\n<ul>\n<li>N\u01b0\u1edbc t\u01b0\u1edbi: T\u01b0\u1edbi \u0111\u1ee7 n\u01b0\u1edbc l\u00e0 y\u1ebfu t\u1ed1 s\u1ed1ng c\u00f2n \u0111\u1ec3 tr\u00e1i to v\u00e0 m\u1ecdng n\u01b0\u1edbc.<\/li>\n<li>S\u00e2u b\u1ec7nh: Ch\u00fa \u00fd ph\u00f2ng tr\u1eeb ru\u1ed3i v\u00e0ng (v\u00ec tr\u00e1i to, v\u1ecf v\u00e0ng r\u1ea5t thu h\u00fat ru\u1ed3i) v\u00e0 nh\u1ec7n \u0111\u1ecf. N\u00ean bao tr\u00e1i ho\u1eb7c d\u00f9ng b\u1eaby sinh h\u1ecdc \u0111\u1ec3 b\u1ea3o v\u1ec7 th\u00e0nh qu\u1ea3.<\/li>\n<\/ul>\n<h2>Mua c\u00e2y gi\u1ed1ng chanh d\u00e2y v\u00e0ng m\u1ef9 \u1edf \u0111\u00e2u uy t\u00edn?<\/h2>\n<p>Hi\u1ec7n nay gi\u1ed1ng chanh d\u00e2y v\u00e0ng M\u1ef9 \u0111ang r\u1ea5t &#8220;hot&#8221;, n\u00ean t\u00ecnh tr\u1ea1ng gi\u1ed1ng gi\u1ea3, gi\u1ed1ng lai t\u1ea1p k\u00e9m ch\u1ea5t l\u01b0\u1ee3ng xu\u1ea5t hi\u1ec7n nhi\u1ec1u. B\u00e0 con c\u1ea7n t\u1ec9nh t\u00e1o l\u1ef1a ch\u1ecdn nh\u00e0 v\u01b0\u1eddn uy t\u00edn.<\/p>\n<p>C\u00e2y Gi\u1ed1ng Ph\u00fac An t\u1ef1 h\u00e0o l\u00e0 \u0111\u01a1n v\u1ecb cung c\u1ea5p c\u00e2y gi\u1ed1ng uy t\u00edn, \u0111\u01b0\u1ee3c nhi\u1ec1u b\u00e0 con tin t\u01b0\u1edfng:<\/p>\n<p>Chu\u1ea9n gi\u1ed1ng: C\u00e2y gi\u1ed1ng \u0111\u01b0\u1ee3c gh\u00e9p t\u1eeb nh\u1eefng c\u00e2y m\u1eb9 \u0111\u00fang gi\u1ed1ng, kh\u1ecfe m\u1ea1nh, \u0111\u00e3 \u0111\u01b0\u1ee3c tuy\u1ec3n ch\u1ecdn k\u1ef9 l\u01b0\u1ee1ng. C\u00e2y tr\u1ea3i qua quy tr\u00ecnh nh\u00e2n gi\u1ed1ng, d\u01b0\u1ee1ng c\u00e2y con, x\u1ea3 n\u1eafng ho\u00e0n ch\u1ec9nh. \u0110\u1ebfn tay c\u00f4 b\u00e1c s\u1ebd l\u00e0 t\u1eebng c\u00e2y \u0111\u00e3 c\u1ee9ng c\u00e1p \u0111\u00e3 ra c\u01a1i ch\u1ed3i m\u1edbi.<\/p>\n<p>Qu\u00fd c\u00f4 b\u00e1c c\u00f3 th\u1ec3 li\u00ean h\u1ec7 tr\u1ef1c ti\u1ebfp qua SDT\/ Zalo 0962.888.014 (<a href=\"http:\/\/localhost\/phucan713\/\" target=\"_blank\" rel=\"noopener\">C\u00e2y Gi\u1ed1ng Ph\u00fac An<\/a>) \u0111\u1ec3 ch\u00fang t\u00f4i t\u01b0 v\u1ea5n v\u00e0 b\u00e1o gi\u00e1 c\u1ee5 th\u1ec3. Xin c\u1ea3m \u01a1n qu\u00fd c\u00f4 b\u00e1c \u0111\u00e3 \u0111\u1eb7t ni\u1ec1m tin v\u1edbi nh\u00e0 v\u01b0\u1eddn.<\/p>\n<p>&gt;&gt; M\u1eddi b\u1ea1n \u0111\u1ecdc th\u00eam: <a href=\"https:\/\/nongnghiepmoitruong.vn\/an-tuong-giong-chanh-vang-khong-hat-dep-mat-song-khoe-d773554.html\" target=\"_blank\" rel=\"noopener\"><span style=\"color: #000080;\"><em><strong>\u1ea4n t\u01b0\u1ee3ng gi\u1ed1ng chanh v\u00e0ng kh\u00f4ng h\u1ea1t \u2018\u0111\u1eb9p m\u1eaft, s\u1ed1ng kho\u1ebb\u2019<\/strong><\/em><\/span><\/a><\/p>\n<p>&nbsp;<\/p>\n","protected":false},"excerpt":{"rendered":"<p>* Gi\u00e1 tham kh\u1ea3o cho s\u1ed1 l\u01b0\u1ee3ng t\u1eeb 30 c\u00e2y, c\u00f3 th\u1ec3 thay \u0111\u1ed5i theo th\u1eddi \u0111i\u1ec3m<br \/>\n* Ch\u01b0a bao g\u1ed3m ph\u00ed v\u1eadn chuy\u1ec3n (t\u00f9y theo s\u1ed1 l\u01b0\u1ee3ng c\u00e2y v\u00e0 \u0111\u1ecba \u0111i\u1ec3m giao h\u00e0ng)<\/p>\n","protected":false},"featured_media":0,"comment_status":"open","ping_status":"closed","template":"","meta":[],"product_brand":[],"product_cat":[35,37],"product_tag":[],"class_list":{"0":"post-4178","1":"product","2":"type-product","3":"status-publish","5":"product_cat-san-pham-giong-cay-an-trai","6":"product_cat-cay-giong-khac","8":"first","9":"instock","10":"shipping-taxable","11":"purchasable","12":"product-type-simple"},"_links":{"self":[{"href":"https:\/\/ktech4.k-tech-services.com\/phucan713\/wp-json\/wp\/v2\/product\/4178","targetHints":{"allow":["GET"]}}],"collection":[{"href":"https:\/\/ktech4.k-tech-services.com\/phucan713\/wp-json\/wp\/v2\/product"}],"about":[{"href":"https:\/\/ktech4.k-tech-services.com\/phucan713\/wp-json\/wp\/v2\/types\/product"}],"replies":[{"embeddable":true,"href":"https:\/\/ktech4.k-tech-services.com\/phucan713\/wp-json\/wp\/v2\/comments?post=4178"}],"wp:attachment":[{"href":"https:\/\/ktech4.k-tech-services.com\/phucan713\/wp-json\/wp\/v2\/media?parent=4178"}],"wp:term":[{"taxonomy":"product_brand","embeddable":true,"href":"https:\/\/ktech4.k-tech-services.com\/phucan713\/wp-json\/wp\/v2\/product_brand?post=4178"},{"taxonomy":"product_cat","embeddable":true,"href":"https:\/\/ktech4.k-tech-services.com\/phucan713\/wp-json\/wp\/v2\/product_cat?post=4178"},{"taxonomy":"product_tag","embeddable":true,"href":"https:\/\/ktech4.k-tech-services.com\/phucan713\/wp-json\/wp\/v2\/product_tag?post=4178"}],"curies":[{"name":"wp","href":"https:\/\/api.w.org\/{rel}","templated":true}]}}