{"id":4179,"date":"2025-12-08T20:23:20","date_gmt":"2025-12-08T13:23:20","guid":{"rendered":"https:\/\/caygiongphucan.com\/?post_type=product&amp;p=4179"},"modified":"2025-12-08T20:23:20","modified_gmt":"2025-12-08T13:23:20","slug":"giong-chuoi-xiem","status":"publish","type":"product","link":"https:\/\/ktech4.k-tech-services.com\/phucan713\/san-pham\/giong-chuoi-xiem\/","title":{"rendered":"Gi\u1ed1ng Chu\u1ed1i Xi\u00eam-S\u1ee9-M\u1ed1c-T\u00e2y"},"content":{"rendered":"<p>Gi\u1ed1ng chu\u1ed1i xi\u00eam (hay c\u00f2n g\u1ecdi l\u00e0 chu\u1ed1i s\u1ee9) l\u00e0 lo\u1ea1i tr\u00e1i c\u00e2y quen thu\u1ed9c, g\u1eafn b\u00f3 bao \u0111\u1eddi nay v\u1edbi ng\u01b0\u1eddi d\u00e2n Vi\u1ec7t Nam. Kh\u00f4ng ch\u1ec9 \u0111\u1ec3 \u0103n t\u01b0\u01a1i, chu\u1ed1i xi\u00eam c\u00f2n l\u00e0 nguy\u00ean li\u1ec7u kh\u00f4ng th\u1ec3 thi\u1ebfu trong c\u00e1c m\u00f3n b\u00e1nh, ch\u00e8 hay chu\u1ed1i chi\u00ean&#8230; Ch\u00ednh v\u00ec nhu c\u1ea7u ti\u00eau th\u1ee5 \u0111a d\u1ea1ng n\u00ean \u0111\u00e2y lu\u00f4n l\u00e0 lo\u1ea1i c\u00e2y tr\u1ed3ng mang l\u1ea1i ngu\u1ed3n thu nh\u1eadp \u1ed5n \u0111\u1ecbnh cho b\u00e0 con n\u00f4ng d\u00e2n.<\/p>\n<p>Trong b\u00e0i vi\u1ebft n\u00e0y, C\u00e2y Gi\u1ed1ng Ph\u00fac An s\u1ebd chia s\u1ebb chi ti\u1ebft v\u1ec1 \u0111\u1eb7c t\u00ednh, n\u0103ng su\u1ea5t th\u1ef1c t\u1ebf v\u00e0 quy tr\u00ecnh k\u1ef9 thu\u1eadt canh t\u00e1c chu\u1ed1i xi\u00eam sao cho c\u00e2y kh\u1ecfe, bu\u1ed3ng to v\u00e0 tr\u00e1i ng\u1ecdt.<\/p>\n<h2>Gi\u1edbi thi\u1ec7u v\u00e0 \u0111\u1eb7c \u0111i\u1ec3m n\u1ed5i b\u1eadt c\u1ee7a gi\u1ed1ng chu\u1ed1i xi\u00eam<\/h2>\n<p>Chu\u1ed1i xi\u00eam c\u00f3 hai d\u00f2ng ch\u00ednh l\u00e0 Xi\u00eam tr\u1eafng v\u00e0 Xi\u00eam \u0111en (Xi\u00eam xanh). Tuy nhi\u00ean, hi\u1ec7n nay b\u00e0 con th\u01b0\u1eddng \u01b0a chu\u1ed9ng d\u00f2ng Xi\u00eam \u0111en h\u01a1n v\u00ec v\u1ecb ng\u1ecdt \u0111\u1eadm v\u00e0 \u0111\u1ed9 d\u1ebbo \u0111\u1eb7c tr\u01b0ng.<\/p>\n<h3>\u0110\u1eb7c \u0111i\u1ec3m h\u00ecnh th\u00e1i<\/h3>\n<ul>\n<li>Th\u00e2n v\u00e0 l\u00e1: Th\u00e2n gi\u1ea3 to, m\u1eadp m\u1ea1p, cao kho\u1ea3ng 3m &#8211; 4m. T\u00e0u l\u00e1 r\u1ed9ng, xanh m\u01b0\u1edbt. Chu\u1ed1i xi\u00eam c\u00f3 s\u1ee9c s\u1ed1ng r\u1ea5t kh\u1ecfe, \u0111\u1ebb c\u00e2y con (nh\u1ea3y con) m\u1ea1nh t\u1ea1o th\u00e0nh b\u1ee5i l\u1edbn.<\/li>\n<li>\u0110\u1eb7c \u0111i\u1ec3m tr\u00e1i:\n<ul>\n<li>Tr\u00e1i chu\u1ed1i xi\u00eam to, m\u1eadp, c\u00f3 3 g\u1edd r\u00f5 r\u1ec7t. V\u1ecf d\u00e0y, khi ch\u00edn chuy\u1ec3n sang m\u00e0u v\u00e0ng t\u01b0\u01a1i.<\/li>\n<li>M\u1ed7i bu\u1ed3ng chu\u1ed1i th\u01b0\u1eddng c\u00f3 t\u1eeb 7 \u2013 10 n\u1ea3i (ho\u1eb7c h\u01a1n t\u00f9y k\u1ef9 thu\u1eadt ch\u0103m s\u00f3c).<\/li>\n<li>Th\u1ecbt tr\u00e1i m\u00e0u tr\u1eafng ng\u00e0 ho\u1eb7c v\u00e0ng nh\u1ea1t.<\/li>\n<\/ul>\n<\/li>\n<li>H\u01b0\u01a1ng v\u1ecb: Chu\u1ed1i xi\u00eam ch\u00edn c\u00f3 v\u1ecb ng\u1ecdt \u0111\u1eadm, d\u1ebbo v\u00e0 th\u01a1m. \u0110\u1eb7c bi\u1ec7t, \u0111\u00e2y l\u00e0 lo\u1ea1i chu\u1ed1i &#8220;\u0111a n\u0103ng&#8221; nh\u1ea5t: c\u00f3 th\u1ec3 \u0103n ch\u00edn c\u00e2y, lu\u1ed9c, n\u01b0\u1edbng, chi\u00ean hay l\u00e0m b\u00e1nh \u0111\u1ec1u r\u1ea5t ngon.<\/li>\n<\/ul>\n<h3>\u0110\u1eb7c t\u00ednh sinh tr\u01b0\u1edfng<\/h3>\n<p>Gi\u1ed1ng chu\u1ed1i xi\u00eam ch\u1ecbu \u0111\u01b0\u1ee3c \u0111\u1ea5t ph\u00e8n, \u0111\u1ea5t m\u1eb7n nh\u1eb9 v\u00e0 ch\u1ecbu h\u1ea1n kh\u00e1 t\u1ed1t. \u0110\u00e2y l\u00e0 lo\u1ea1i c\u00e2y d\u1ec5 t\u00ednh, \u00edt t\u1ed1n c\u00f4ng ch\u0103m s\u00f3c nh\u1ea5t trong c\u00e1c lo\u1ea1i c\u00e2y \u0103n tr\u00e1i, ph\u00f9 h\u1ee3p \u0111\u1ec3 tr\u1ed3ng chuy\u00ean canh ho\u1eb7c tr\u1ed3ng xen v\u01b0\u1eddn d\u1eeba, v\u01b0\u1eddn c\u00e2y \u0103n tr\u00e1i kh\u00e1c \u0111\u1ec3 l\u1ea5y ng\u1eafn nu\u00f4i d\u00e0i.<\/p>\n<h2>Chu\u1ed1i xi\u00eam tr\u1ed3ng bao l\u00e2u c\u00f3 tr\u00e1i?<\/h2>\n<p>Chu\u1ed1i xi\u00eam c\u00f3 t\u1ed1c \u0111\u1ed9 sinh tr\u01b0\u1edfng c\u1ef1c nhanh, gi\u00fap b\u00e0 con nhanh ch\u00f3ng c\u00f3 thu ho\u1ea1ch:<\/p>\n<ul>\n<li>Th\u1eddi gian tr\u1ed5 bu\u1ed3ng: K\u1ec3 t\u1eeb khi tr\u1ed3ng c\u00e2y con, sau kho\u1ea3ng 8 \u2013 10 th\u00e1ng l\u00e0 c\u00e2y b\u1eaft \u0111\u1ea7u tr\u1ed5 hoa (tr\u1ed5 b\u1eafp).<\/li>\n<li>Th\u1eddi gian thu ho\u1ea1ch: T\u1eeb l\u00fac tr\u1ed5 bu\u1ed3ng \u0111\u1ebfn khi tr\u00e1i gi\u00e0 thu ho\u1ea1ch \u0111\u01b0\u1ee3c m\u1ea5t kho\u1ea3ng 2.5 \u2013 3 th\u00e1ng.<\/li>\n<li>T\u1ed5ng c\u1ed9ng: Ch\u1ec9 sau kho\u1ea3ng 11 \u2013 12 th\u00e1ng (1 n\u0103m) l\u00e0 b\u00e0 con \u0111\u00e3 c\u00f3 th\u1ec3 thu ho\u1ea1ch l\u1ee9a \u0111\u1ea7u ti\u00ean.<\/li>\n<\/ul>\n<h2>Chu\u1ed1i xi\u00eam cho thu ho\u1ea1ch li\u00ean t\u1ee5c nh\u01b0 th\u1ebf n\u00e0o?<\/h2>\n<p>\u0110i\u1ec3m hay c\u1ee7a c\u00e2y chu\u1ed1i l\u00e0 kh\u1ea3 n\u0103ng &#8220;nh\u1ea3y con&#8221; li\u00ean t\u1ee5c.<\/p>\n<ul>\n<li>Khi c\u00e2y m\u1eb9 \u0111ang nu\u00f4i bu\u1ed3ng, c\u00e1c c\u00e2y con (c\u00e2y ch\u1ed3i) b\u00ean c\u1ea1nh \u0111\u00e3 ph\u00e1t tri\u1ec3n l\u1edbn.<\/li>\n<li>Sau khi thu ho\u1ea1ch c\u00e2y m\u1eb9, b\u00e0 con ch\u1ec9 c\u1ea7n \u0111\u1ed1n b\u1ecf th\u00e2n m\u1eb9, c\u00e2y con s\u1ebd ti\u1ebfp t\u1ee5c l\u1edbn v\u00e0 tr\u1ed5 bu\u1ed3ng k\u1ebf ti\u1ebfp.<\/li>\n<li>Nh\u1edd v\u1eady, v\u01b0\u1eddn chu\u1ed1i sau n\u0103m \u0111\u1ea7u ti\u00ean s\u1ebd cho thu ho\u1ea1ch lai rai quanh n\u0103m, \u0111\u1ea3m b\u1ea3o d\u00f2ng ti\u1ec1n li\u00ean t\u1ee5c cho nh\u00e0 v\u01b0\u1eddn.<\/li>\n<\/ul>\n<h2>N\u0103ng su\u1ea5t gi\u1ed1ng chu\u1ed1i xi\u00eam<\/h2>\n<p>N\u0103ng su\u1ea5t chu\u1ed1i ph\u1ee5 thu\u1ed9c nhi\u1ec1u v\u00e0o ch\u1ebf \u0111\u1ed9 b\u00f3n ph\u00e2n v\u00e0 t\u1ec9a c\u00e2y con:<\/p>\n<ul>\n<li>Tr\u1ecdng l\u01b0\u1ee3ng bu\u1ed3ng: Trung b\u00ecnh m\u1ed9t bu\u1ed3ng chu\u1ed1i xi\u00eam n\u1eb7ng t\u1eeb 15 \u2013 20kg. C\u00e1 bi\u1ec7t nh\u1eefng v\u01b0\u1eddn ch\u0103m s\u00f3c t\u1ed1t, bu\u1ed3ng c\u00f3 th\u1ec3 n\u1eb7ng t\u1edbi 25kg.<\/li>\n<li>S\u1ea3n l\u01b0\u1ee3ng: V\u1edbi m\u1eadt \u0111\u1ed9 tr\u1ed3ng h\u1ee3p l\u00fd, m\u1ed9t c\u00f4ng \u0111\u1ea5t (1000m2) tr\u1ed3ng chu\u1ed1i xi\u00eam c\u00f3 th\u1ec3 mang l\u1ea1i thu nh\u1eadp r\u1ea5t kh\u00e1, \u0111\u1eb7c bi\u1ec7t l\u00e0 v\u00e0o c\u00e1c d\u1ecbp L\u1ec5, T\u1ebft hay R\u1eb1m l\u1edbn khi nhu c\u1ea7u l\u00e0m b\u00e1nh, c\u00fang ki\u1ebfn t\u0103ng cao.<\/li>\n<li>Tu\u1ed5i th\u1ecd v\u01b0\u1eddn: M\u1ed9t b\u1ee5i chu\u1ed1i c\u00f3 th\u1ec3 khai th\u00e1c li\u00ean t\u1ee5c trong nhi\u1ec1u n\u0103m (3-5 n\u0103m) m\u1edbi c\u1ea7n ph\u00e1 b\u1ecf tr\u1ed3ng l\u1ea1i.<\/li>\n<\/ul>\n<h2>K\u1ef9 thu\u1eadt tr\u1ed3ng v\u00e0 ch\u0103m s\u00f3c theo h\u01b0\u1edbng b\u1ec1n v\u1eefng<\/h2>\n<p>M\u1eb7c d\u00f9 chu\u1ed1i d\u1ec5 s\u1ed1ng, nh\u01b0ng \u0111\u1ec3 tr\u00e1i to, v\u1ecf \u0111\u1eb9p kh\u00f4ng b\u1ecb n\u00e1m v\u00e0 b\u00e1n \u0111\u01b0\u1ee3c gi\u00e1, C\u00e2y Gi\u1ed1ng Ph\u00fac An l\u01b0u \u00fd b\u00e0 con m\u1ed9t s\u1ed1 k\u1ef9 thu\u1eadt sau:<\/p>\n<h3>Chu\u1ea9n b\u1ecb \u0111\u1ea5t v\u00e0 m\u1eadt \u0111\u1ed9 tr\u1ed3ng<\/h3>\n<ul>\n<li>L\u00ean m\u00f4: Chu\u1ed1i r\u1ea5t s\u1ee3 ng\u1eadp \u00fang (ng\u1eadp l\u00e0 th\u1ed1i c\u1ee7). B\u00e0 con c\u1ea7n l\u00ean li\u1ebfp, x\u1ebb r\u00e3nh tho\u00e1t n\u01b0\u1edbc t\u1ed1t.<\/li>\n<li>M\u1eadt \u0111\u1ed9: Tr\u1ed3ng kho\u1ea3ng c\u00e1ch 2.5m x 3m ho\u1eb7c 3m x 3m. Kh\u00f4ng n\u00ean tr\u1ed3ng qu\u00e1 d\u00e0y, c\u00e2y s\u1ebd v\u01b0\u01a1n cao, th\u00e2n y\u1ebfu d\u1ec5 \u0111\u1ed5 ng\u00e3 khi mang bu\u1ed3ng n\u1eb7ng.<\/li>\n<li>Ch\u1ecdn gi\u1ed1ng: N\u00ean ch\u1ecdn c\u00e2y gi\u1ed1ng nu\u00f4i c\u1ea5y m\u00f4 ho\u1eb7c c\u00e2y con t\u00e1ch t\u1eeb b\u1ee5i m\u1eb9 kh\u1ecfe m\u1ea1nh, kh\u00f4ng b\u1ecb b\u1ec7nh s\u00f9ng c\u1ee7 hay tuy\u1ebfn tr\u00f9ng.<\/li>\n<\/ul>\n<h3>Quy tr\u00ecnh b\u00f3n ph\u00e2n<\/h3>\n<ul>\n<li>B\u00f3n l\u00f3t: Chu\u1ed1i r\u1ea5t \u01b0a ph\u00e2n h\u1eefu c\u01a1 v\u00e0 tro b\u1ebfp. B\u00f3n l\u00f3t ph\u00e2n chu\u1ed3ng hoai m\u1ee5c + l\u00e2n v\u00f4i \u0111\u1ec3 h\u1ea1 ph\u00e8n v\u00e0 cung c\u1ea5p m\u00f9n cho \u0111\u1ea5t.<\/li>\n<li>Giai \u0111o\u1ea1n nu\u00f4i c\u00e2y: B\u00f3n NPK c\u00f3 h\u00e0m l\u01b0\u1ee3ng \u0110\u1ea1m cao \u0111\u1ec3 c\u00e2y ra l\u00e1 nhanh, th\u00e2n m\u1eadp.<\/li>\n<li>Giai \u0111o\u1ea1n nu\u00f4i bu\u1ed3ng:\n<ul>\n<li>Khi c\u00e2y tr\u1ed5 bu\u1ed3ng, c\u1ea7n b\u00f3n Kali \u0111\u1ec3 tr\u00e1i l\u1edbn nhanh, ch\u1eafc th\u1ecbt v\u00e0 ng\u1ecdt.<\/li>\n<li>M\u1eb9o nh\u1ecf: T\u1ee7 g\u1ed1c b\u1eb1ng r\u01a1m r\u1ea1 ho\u1eb7c l\u00e1 chu\u1ed1i kh\u00f4 \u0111\u1ec3 gi\u1eef \u1ea9m v\u00e0 b\u1ed5 sung Kali h\u1eefu c\u01a1 cho c\u00e2y.<\/li>\n<\/ul>\n<\/li>\n<\/ul>\n<h3>Qu\u1ea3n l\u00fd n\u01b0\u1edbc t\u01b0\u1edbi v\u00e0 s\u00e2u b\u1ec7nh<\/h3>\n<ul>\n<li>T\u1ec9a c\u00e2y con: M\u1ed7i b\u1ee5i ch\u1ec9 n\u00ean gi\u1eef l\u1ea1i 1 c\u00e2y m\u1eb9 v\u00e0 2-3 c\u00e2y con \u1edf c\u00e1c \u0111\u1ed9 tu\u1ed5i kh\u00e1c nhau (c\u00e2y con, c\u00e2y ch\u00e1u). C\u1ea7n t\u1ec9a b\u1ecf b\u1edbt c\u00e1c c\u00e2y con y\u1ebfu \u1edbt \u0111\u1ec3 t\u1eadp trung dinh d\u01b0\u1ee1ng nu\u00f4i bu\u1ed3ng.<\/li>\n<li>S\u00e2u b\u1ec7nh:\n<ul>\n<li>S\u00f9ng \u0111\u1ee5c c\u1ee7: \u0110\u1ed1i t\u01b0\u1ee3ng nguy hi\u1ec3m nh\u1ea5t. C\u1ea7n x\u1eed l\u00fd \u0111\u1ea5t k\u1ef9 v\u00e0 r\u1ea3i thu\u1ed1c ph\u00f2ng ng\u1eeba \u0111\u1ecbnh k\u1ef3.<\/li>\n<li>B\u1ec7nh v\u00e0ng l\u00e1 (Panama) v\u00e0 \u0110\u1ed1m l\u00e1: C\u1ea7n th\u0103m v\u01b0\u1eddn, c\u1eaft b\u1ecf l\u00e1 gi\u00e0, l\u00e1 b\u1ec7nh \u0111em ti\u00eau h\u1ee7y \u0111\u1ec3 v\u01b0\u1eddn th\u00f4ng tho\u00e1ng.<\/li>\n<\/ul>\n<\/li>\n<\/ul>\n<h2>Mua gi\u1ed1ng chu\u1ed1i xi\u00eam \u1edf \u0111\u00e2u uy t\u00edn?<\/h2>\n<p>\u0110\u1ec3 v\u01b0\u1eddn chu\u1ed1i ph\u00e1t tri\u1ec3n \u0111\u1ed3ng \u0111\u1ec1u, kh\u00f4ng b\u1ecb b\u1ec7nh s\u00f9ng c\u1ee7 ngay t\u1eeb \u0111\u1ea7u, b\u00e0 con n\u00ean ch\u1ecdn mua c\u00e2y gi\u1ed1ng t\u1ea1i c\u00e1c c\u01a1 s\u1edf uy t\u00edn, tr\u00e1nh mua c\u00e2y tr\u00f4i n\u1ed5i nhi\u1ec5m b\u1ec7nh s\u1eb5n trong \u0111\u1ea5t.<\/p>\n<p>C\u00e2y Gi\u1ed1ng Ph\u00fac An t\u1ef1 h\u00e0o l\u00e0 \u0111\u01a1n v\u1ecb cung c\u1ea5p c\u00e2y gi\u1ed1ng uy t\u00edn, \u0111\u01b0\u1ee3c nhi\u1ec1u b\u00e0 con tin t\u01b0\u1edfng:<\/p>\n<p>Chu\u1ea9n gi\u1ed1ng: C\u00e2y gi\u1ed1ng \u0111\u01b0\u1ee3c gh\u00e9p t\u1eeb nh\u1eefng c\u00e2y m\u1eb9 \u0111\u00fang gi\u1ed1ng, kh\u1ecfe m\u1ea1nh, \u0111\u00e3 \u0111\u01b0\u1ee3c tuy\u1ec3n ch\u1ecdn k\u1ef9 l\u01b0\u1ee1ng (ho\u1eb7c c\u00e2y c\u1ea5y m\u00f4 s\u1ea1ch b\u1ec7nh t\u00f9y lo\u1ea1i). C\u00e2y tr\u1ea3i qua quy tr\u00ecnh nh\u00e2n gi\u1ed1ng, d\u01b0\u1ee1ng c\u00e2y con, x\u1ea3 n\u1eafng ho\u00e0n ch\u1ec9nh. \u0110\u1ebfn tay c\u00f4 b\u00e1c s\u1ebd l\u00e0 t\u1eebng c\u00e2y \u0111\u00e3 c\u1ee9ng c\u00e1p \u0111\u00e3 ra c\u01a1i ch\u1ed3i m\u1edbi.<\/p>\n<p>Qu\u00fd c\u00f4 b\u00e1c c\u00f3 th\u1ec3 li\u00ean h\u1ec7 tr\u1ef1c ti\u1ebfp qua SDT\/ Zalo 0962.888.014 (<a href=\"http:\/\/localhost\/phucan713\/\" target=\"_blank\" rel=\"noopener\">C\u00e2y Gi\u1ed1ng Ph\u00fac An<\/a>) \u0111\u1ec3 ch\u00fang t\u00f4i t\u01b0 v\u1ea5n v\u00e0 b\u00e1o gi\u00e1 c\u1ee5 th\u1ec3. Xin c\u1ea3m \u01a1n qu\u00fd c\u00f4 b\u00e1c \u0111\u00e3 \u0111\u1eb7t ni\u1ec1m tin v\u1edbi nh\u00e0 v\u01b0\u1eddn.<\/p>\n<p>&gt;&gt; M\u1eddi b\u1ea1n \u0111\u1ecdc th\u00eam: <a href=\"https:\/\/www.vietnamplus.vn\/chuoi-xiem-kien-giang-co-muc-gia-cao-nhat-tu-truoc-toi-nay-post1042305.vnp\" target=\"_blank\" rel=\"noopener\"><span style=\"color: #000080;\"><em><strong>Chu\u1ed1i xi\u00eam Ki\u00ean Giang c\u00f3 m\u1ee9c gi\u00e1 cao nh\u1ea5t t\u1eeb tr\u01b0\u1edbc t\u1edbi nay<\/strong><\/em><\/span><\/a><\/p>\n","protected":false},"excerpt":{"rendered":"<p>* Gi\u00e1 tham kh\u1ea3o cho s\u1ed1 l\u01b0\u1ee3ng t\u1eeb 30 c\u00e2y, c\u00f3 th\u1ec3 thay \u0111\u1ed5i theo th\u1eddi \u0111i\u1ec3m<br \/>\n* Ch\u01b0a bao g\u1ed3m ph\u00ed v\u1eadn chuy\u1ec3n (t\u00f9y theo s\u1ed1 l\u01b0\u1ee3ng c\u00e2y v\u00e0 \u0111\u1ecba \u0111i\u1ec3m giao h\u00e0ng)<\/p>\n","protected":false},"featured_media":4180,"comment_status":"open","ping_status":"closed","template":"","meta":[],"product_brand":[],"product_cat":[35,37],"product_tag":[],"class_list":{"0":"post-4179","1":"product","2":"type-product","3":"status-publish","4":"has-post-thumbnail","6":"product_cat-san-pham-giong-cay-an-trai","7":"product_cat-cay-giong-khac","9":"first","10":"instock","11":"shipping-taxable","12":"purchasable","13":"product-type-simple"},"_links":{"self":[{"href":"https:\/\/ktech4.k-tech-services.com\/phucan713\/wp-json\/wp\/v2\/product\/4179","targetHints":{"allow":["GET"]}}],"collection":[{"href":"https:\/\/ktech4.k-tech-services.com\/phucan713\/wp-json\/wp\/v2\/product"}],"about":[{"href":"https:\/\/ktech4.k-tech-services.com\/phucan713\/wp-json\/wp\/v2\/types\/product"}],"replies":[{"embeddable":true,"href":"https:\/\/ktech4.k-tech-services.com\/phucan713\/wp-json\/wp\/v2\/comments?post=4179"}],"wp:featuredmedia":[{"embeddable":true,"href":"https:\/\/ktech4.k-tech-services.com\/phucan713\/wp-json\/wp\/v2\/media\/4180"}],"wp:attachment":[{"href":"https:\/\/ktech4.k-tech-services.com\/phucan713\/wp-json\/wp\/v2\/media?parent=4179"}],"wp:term":[{"taxonomy":"product_brand","embeddable":true,"href":"https:\/\/ktech4.k-tech-services.com\/phucan713\/wp-json\/wp\/v2\/product_brand?post=4179"},{"taxonomy":"product_cat","embeddable":true,"href":"https:\/\/ktech4.k-tech-services.com\/phucan713\/wp-json\/wp\/v2\/product_cat?post=4179"},{"taxonomy":"product_tag","embeddable":true,"href":"https:\/\/ktech4.k-tech-services.com\/phucan713\/wp-json\/wp\/v2\/product_tag?post=4179"}],"curies":[{"name":"wp","href":"https:\/\/api.w.org\/{rel}","templated":true}]}}