{"id":4195,"date":"2025-12-09T18:39:24","date_gmt":"2025-12-09T11:39:24","guid":{"rendered":"https:\/\/caygiongphucan.com\/?post_type=product&amp;p=4195"},"modified":"2025-12-09T18:39:24","modified_gmt":"2025-12-09T11:39:24","slug":"giong-mang-cut-uong-hat-cao-1m","status":"publish","type":"product","link":"https:\/\/ktech4.k-tech-services.com\/phucan713\/san-pham\/giong-mang-cut-uong-hat-cao-1m\/","title":{"rendered":"Gi\u1ed1ng m\u0103ng c\u1ee5t \u01b0\u01a1ng h\u1ea1t cao 1m"},"content":{"rendered":"<p>\u0110\u01b0\u1ee3c m\u1ec7nh danh l\u00e0 &#8220;N\u1eef ho\u00e0ng tr\u00e1i c\u00e2y&#8221;, m\u0103ng c\u1ee5t lu\u00f4n gi\u1eef m\u1ee9c gi\u00e1 b\u00e1n \u1ed5n \u0111\u1ecbnh v\u00e0 cao ng\u1ea5t ng\u01b0\u1edfng tr\u00ean th\u1ecb tr\u01b0\u1eddng. D\u00f9 th\u1eddi gian ch\u1edd thu ho\u1ea1ch l\u00e2u h\u01a1n c\u00e1c lo\u1ea1i c\u00e2y kh\u00e1c, nh\u01b0ng tr\u1ed3ng m\u0103ng c\u1ee5t \u01b0\u01a1ng h\u1ea1t (c\u00e2y th\u1ef1c sinh) l\u1ea1i l\u00e0 kho\u1ea3n \u0111\u1ea7u t\u01b0 &#8220;\u0111\u1ec3 d\u00e0nh&#8221; c\u1ef1c k\u1ef3 gi\u00e1 tr\u1ecb nh\u1edd tu\u1ed5i th\u1ecd c\u00e2y r\u1ea5t cao v\u00e0 n\u0103ng su\u1ea5t t\u0103ng d\u1ea7n theo n\u0103m th\u00e1ng.<\/p>\n<h2>Gi\u1edbi thi\u1ec7u v\u00e0 \u0110\u1eb7c \u0111i\u1ec3m n\u1ed5i b\u1eadt c\u1ee7a Gi\u1ed1ng M\u0103ng C\u1ee5t \u01af\u01a1ng H\u1ea1t<\/h2>\n<p>M\u0103ng c\u1ee5t (t\u00ean khoa h\u1ecdc <em>Garcinia mangostana<\/em>) l\u00e0 lo\u1ea1i c\u00e2y \u0103n tr\u00e1i nhi\u1ec7t \u0111\u1edbi n\u1ed5i ti\u1ebfng. Kh\u00e1c v\u1edbi nhi\u1ec1u lo\u1ea1i c\u00e2y kh\u00e1c c\u00f3 th\u1ec3 gh\u00e9p c\u00e0nh ph\u1ed5 bi\u1ebfn, m\u0103ng c\u1ee5t th\u01b0\u1eddng \u0111\u01b0\u1ee3c \u01b0u ti\u00ean tr\u1ed3ng b\u1eb1ng c\u00e2y \u01b0\u01a1m h\u1ea1t \u0111\u1ec3 \u0111\u1ea3m b\u1ea3o b\u1ed9 r\u1ec5 kh\u1ecfe nh\u1ea5t v\u00e0 tu\u1ed5i th\u1ecd b\u1ec1n nh\u1ea5t.<\/p>\n<h3>\u0110\u1eb7c \u0111i\u1ec3m h\u00ecnh th\u00e1i<\/h3>\n<p>Th\u00e2n v\u00e0 t\u00e1n c\u00e2y: M\u0103ng c\u1ee5t \u01b0\u01a1ng h\u1ea1t l\u00e0 c\u00e2y th\u00e2n g\u1ed7 l\u1edbn, m\u1ecdc th\u1eb3ng, t\u00e1n c\u00e2y h\u00ecnh th\u00e1p r\u1ea5t \u0111\u1eb9p v\u00e0 c\u00e2n \u0111\u1ed1i. L\u00e1 d\u00e0y, c\u1ee9ng, m\u00e0u xanh \u0111\u1eadm. Nh\u1ef1a c\u00e2y (m\u1ee7) c\u00f3 m\u00e0u v\u00e0ng.<\/p>\n<h3>\u0110\u1eb7c \u0111i\u1ec3m tr\u00e1i<\/h3>\n<p>Tr\u00e1i h\u00ecnh c\u1ea7u, v\u1ecf d\u00e0y m\u00e0u t\u00edm s\u1eabm khi ch\u00edn. Cu\u1ed1ng tr\u00e1i c\u00f3 c\u00e1c tai xanh (\u0111\u00e0i hoa) bao quanh r\u1ea5t \u0111\u1eb7c tr\u01b0ng.<\/p>\n<p>Th\u1ecbt tr\u00e1i: B\u00ean trong l\u00e0 c\u00e1c m\u00fai tr\u1eafng ng\u1ea7n nh\u01b0 b\u00f4ng g\u01b0\u1edfi, m\u1ecdng n\u01b0\u1edbc.<\/p>\n<p>H\u01b0\u01a1ng v\u1ecb: M\u0103ng c\u1ee5t c\u00f3 s\u1ef1 c\u00e2n b\u1eb1ng ho\u00e0n h\u1ea3o gi\u1eefa v\u1ecb ng\u1ecdt v\u00e0 v\u1ecb chua thanh nh\u1eb9, k\u00e8m theo h\u01b0\u01a1ng th\u01a1m d\u1ecbu d\u00e0ng. \u0110\u00e2y l\u00e0 lo\u1ea1i tr\u00e1i c\u00e2y \u0111\u01b0\u1ee3c c\u1ea3 th\u1ecb tr\u01b0\u1eddng trong n\u01b0\u1edbc v\u00e0 xu\u1ea5t kh\u1ea9u c\u1ef1c k\u1ef3 \u01b0a chu\u1ed9ng.<\/p>\n<h3>\u0110\u1eb7c t\u00ednh sinh tr\u01b0\u1edfng<\/h3>\n<p>M\u0103ng c\u1ee5t l\u00e0 lo\u1ea1i c\u00e2y &#8220;ch\u1eadm m\u00e0 ch\u1eafc&#8221;. C\u00e2y \u01b0a b\u00f3ng r\u00e2m khi c\u00f2n nh\u1ecf (giai \u0111o\u1ea1n ki\u1ebfn thi\u1ebft) v\u00e0 \u01b0a s\u00e1ng khi \u0111\u00e3 tr\u01b0\u1edfng th\u00e0nh. C\u00e2y \u01b0\u01a1ng h\u1ea1t c\u00f3 b\u1ed9 r\u1ec5 c\u1ecdc c\u1eafm s\u00e2u v\u00e0o \u0111\u1ea5t n\u00ean ch\u1ecbu gi\u00f3 b\u00e3o r\u1ea5t t\u1ed1t, \u00edt khi b\u1ecb \u0111\u1ed5 ng\u00e3.<\/p>\n<h2>M\u0103ng c\u1ee5t \u01b0\u01a1ng h\u1ea1t tr\u1ed3ng bao l\u00e2u c\u00f3 tr\u00e1i?<\/h2>\n<p>\u0110\u00e2y l\u00e0 c\u00e2u h\u1ecfi khi\u1ebfn nhi\u1ec1u b\u00e0 con \u0111\u1eafn \u0111o nh\u1ea5t. M\u0103ng c\u1ee5t \u01b0\u01a1ng h\u1ea1t \u0111\u00f2i h\u1ecfi ng\u01b0\u1eddi tr\u1ed3ng ph\u1ea3i ki\u00ean nh\u1eabn:<\/p>\n<p>Th\u1eddi gian cho tr\u00e1i: Th\u00f4ng th\u01b0\u1eddng, c\u00e2y m\u0103ng c\u1ee5t \u01b0\u01a1m t\u1eeb h\u1ea1t s\u1ebd b\u1eaft \u0111\u1ea7u cho tr\u00e1i b\u00f3i (tr\u00e1i chi\u1ebfn) sau kho\u1ea3ng 7 \u2013 9 n\u0103m tr\u1ed3ng.<\/p>\n<p>So s\u00e1nh: D\u00f9 l\u00e2u h\u01a1n c\u00e2y gh\u00e9p (4-5 n\u0103m), nh\u01b0ng c\u00e2y \u01b0\u01a1ng h\u1ea1t l\u1ea1i c\u00f3 \u01b0u \u0111i\u1ec3m v\u01b0\u1ee3t tr\u1ed9i l\u00e0 tu\u1ed5i th\u1ecd r\u1ea5t cao (c\u00f3 th\u1ec3 khai th\u00e1c c\u1ea3 tr\u0103m n\u0103m) v\u00e0 kh\u1ea3 n\u0103ng ch\u1ed1ng ch\u1ecbu s\u00e2u b\u1ec7nh, th\u1eddi ti\u1ebft kh\u1eafc nghi\u1ec7t t\u1ed1t h\u01a1n h\u1eb3n. Tr\u1ed3ng m\u0103ng c\u1ee5t \u01b0\u01a1ng h\u1ea1t \u0111\u01b0\u1ee3c v\u00ed nh\u01b0 &#8220;tr\u1ed3ng cho \u0111\u1eddi con, \u0111\u1eddi ch\u00e1u h\u01b0\u1edfng&#8221;.<\/p>\n<h2>Chu k\u1ef3 ra hoa v\u00e0 thu ho\u1ea1ch<\/h2>\n<p>M\u00f9a v\u1ee5: M\u0103ng c\u1ee5t th\u01b0\u1eddng ra hoa v\u00e0o kho\u1ea3ng th\u00e1ng 12 &#8211; 1 (d\u01b0\u01a1ng l\u1ecbch) v\u00e0 cho thu ho\u1ea1ch r\u1ed9 v\u00e0o m\u00f9a h\u00e8 (th\u00e1ng 5 &#8211; 8 d\u01b0\u01a1ng l\u1ecbch).<\/p>\n<p>Th\u1eddi gian nu\u00f4i tr\u00e1i: T\u1eeb khi \u0111\u1eadu tr\u00e1i \u0111\u1ebfn khi thu ho\u1ea1ch m\u1ea5t kho\u1ea3ng 4 \u2013 5 th\u00e1ng.<\/p>\n<p>\u0110\u1eb7c \u0111i\u1ec3m thu ho\u1ea1ch: Tr\u00e1i m\u0103ng c\u1ee5t kh\u00f4ng ch\u00edn c\u00f9ng l\u00fac m\u00e0 ch\u00edn lai rai. Khi v\u1ecf tr\u00e1i chuy\u1ec3n sang m\u00e0u h\u1ed3ng t\u00edm l\u00e0 c\u00f3 th\u1ec3 thu ho\u1ea1ch. Vi\u1ec7c h\u00e1i tr\u00e1i c\u1ea7n nh\u1eb9 nh\u00e0ng, tr\u00e1nh l\u00e0m d\u1eadp v\u1ecf ho\u1eb7c r\u1ee5ng cu\u1ed1ng s\u1ebd m\u1ea5t gi\u00e1 tr\u1ecb.<\/p>\n<h2>N\u0103ng su\u1ea5t gi\u1ed1ng m\u0103ng c\u1ee5t<\/h2>\n<p>N\u0103ng su\u1ea5t c\u1ee7a m\u0103ng c\u1ee5t t\u0103ng t\u1ef7 l\u1ec7 thu\u1eadn v\u1edbi \u0111\u1ed9 tu\u1ed5i v\u00e0 \u0111\u1ed9 r\u1ed9ng c\u1ee7a t\u00e1n c\u00e2y:<\/p>\n<p>Giai \u0111o\u1ea1n \u0111\u1ea7u (N\u0103m th\u1ee9 8-10): C\u00e2y m\u1edbi b\u1eaft \u0111\u1ea7u cho tr\u00e1i, n\u0103ng su\u1ea5t c\u00f2n th\u1ea5p, kho\u1ea3ng 20 \u2013 40kg\/c\u00e2y\/n\u0103m.<\/p>\n<p>Giai \u0111o\u1ea1n kinh doanh \u1ed5n \u0111\u1ecbnh (T\u1eeb n\u0103m th\u1ee9 15 tr\u1edf \u0111i): C\u00e2y c\u00e0ng gi\u00e0, t\u00e1n c\u00e0ng l\u1edbn th\u00ec tr\u00e1i c\u00e0ng sai. M\u1ed9t c\u00e2y m\u0103ng c\u1ee5t l\u00e2u n\u0103m c\u00f3 th\u1ec3 cho thu ho\u1ea1ch t\u1eeb 100 \u2013 200kg tr\u00e1i\/n\u0103m, th\u1eadm ch\u00ed h\u01a1n.<\/p>\n<p>Gi\u00e1 tr\u1ecb kinh t\u1ebf: Do gi\u00e1 m\u0103ng c\u1ee5t lu\u00f4n \u1edf m\u1ee9c cao (th\u01b0\u1eddng t\u1eeb 40.000\u0111 &#8211; 80.000\u0111\/kg t\u00f9y th\u1eddi \u0111i\u1ec3m), n\u00ean doanh thu t\u1eeb v\u01b0\u1eddn m\u0103ng c\u1ee5t tr\u01b0\u1edfng th\u00e0nh l\u00e0 r\u1ea5t l\u1edbn.<\/p>\n<h2>K\u1ef9 thu\u1eadt tr\u1ed3ng v\u00e0 Ch\u0103m s\u00f3c theo h\u01b0\u1edbng B\u1ec1n v\u1eefng<\/h2>\n<p>M\u0103ng c\u1ee5t giai \u0111o\u1ea1n \u0111\u1ea7u l\u1edbn r\u1ea5t ch\u1eadm, b\u00e0 con c\u1ea7n n\u1eafm v\u1eefng k\u1ef9 thu\u1eadt \u0111\u1ec3 c\u00e2y kh\u00f4ng b\u1ecb suy:<\/p>\n<h3>Chu\u1ea9n b\u1ecb \u0111\u1ea5t v\u00e0 Che b\u00f3ng (Quan tr\u1ecdng nh\u1ea5t)<\/h3>\n<p>Che b\u00f3ng: C\u00e2y m\u0103ng c\u1ee5t con r\u1ea5t s\u1ee3 n\u1eafng g\u1eaft. Trong 2-3 n\u0103m \u0111\u1ea7u, b\u1eaft bu\u1ed9c ph\u1ea3i c\u00f3 c\u00e2y che b\u00f3ng (nh\u01b0 chu\u1ed1i, \u0111i\u1ec1n thanh&#8230;) ho\u1eb7c l\u00e0m gi\u00e0n che l\u01b0\u1edbi lan. N\u1ebfu \u0111\u1ec3 n\u1eafng tr\u1ef1c ti\u1ebfp 100%, c\u00e2y s\u1ebd b\u1ecb ch\u00e1y l\u00e1 v\u00e0 ch\u1eadm l\u1edbn.<\/p>\n<p>M\u1eadt \u0111\u1ed9: V\u00ec c\u00e2y c\u00f3 t\u00e1n l\u1edbn v\u00e0 tu\u1ed5i th\u1ecd d\u00e0i, n\u00ean tr\u1ed3ng th\u01b0a v\u1edbi kho\u1ea3ng c\u00e1ch 7m x 7m ho\u1eb7c 8m x 8m. C\u00f3 th\u1ec3 tr\u1ed3ng xen c\u00e1c c\u00e2y ng\u1eafn ng\u00e0y (\u1ed5i, h\u1ea1nh, chu\u1ed1i) \u1edf gi\u1eefa \u0111\u1ec3 l\u1ea5y ng\u1eafn nu\u00f4i d\u00e0i trong nh\u1eefng n\u0103m \u0111\u1ea7u.<\/p>\n<h3>Quy tr\u00ecnh b\u00f3n ph\u00e2n (K\u1ebft h\u1ee3p H\u1eefu c\u01a1 &amp; H\u00f3a h\u1ecdc)<\/h3>\n<p>Giai \u0111o\u1ea1n ki\u1ebfn thi\u1ebft: T\u1eadp trung b\u00f3n ph\u00e2n h\u1eefu c\u01a1 (ph\u00e2n b\u00f2, ph\u00e2n g\u00e0 hoai m\u1ee5c) \u0111\u1ec3 nu\u00f4i b\u1ed9 r\u1ec5 v\u00e0 c\u1ea3i t\u1ea1o \u0111\u1ea5t. B\u00f3n l\u01b0\u1ee3ng nh\u1ecf NPK c\u00f3 \u0111\u1ea1m cao \u0111\u1ec3 gi\u00fap c\u00e2y ra l\u00e1.<\/p>\n<p>Giai \u0111o\u1ea1n kinh doanh<\/p>\n<ul>\n<li>Sau thu ho\u1ea1ch: T\u1ec9a c\u00e0nh, b\u00f3n ph\u00e2n h\u1eefu c\u01a1 v\u00e0 NPK 20-20-15 \u0111\u1ec3 ph\u1ee5c h\u1ed3i c\u00e2y.<\/li>\n<li>Tr\u01b0\u1edbc ra hoa: B\u00f3n NPK c\u00f3 L\u00e2n cao (nh\u01b0 10-60-10 ho\u1eb7c DAP) \u0111\u1ec3 t\u1ea1o m\u1ea7m hoa.<\/li>\n<li>Nu\u00f4i tr\u00e1i: B\u00f3n NPK c\u00f3 Kali cao \u0111\u1ec3 tr\u00e1i ng\u1ecdt, v\u1ecf b\u00f3ng \u0111\u1eb9p v\u00e0 h\u1ea1n ch\u1ebf hi\u1ec7n t\u01b0\u1ee3ng x\u00ec m\u1ee7 tr\u00e1i.<\/li>\n<\/ul>\n<h3>Qu\u1ea3n l\u00fd n\u01b0\u1edbc t\u01b0\u1edbi v\u00e0 s\u00e2u b\u1ec7nh<\/h3>\n<p>N\u01b0\u1edbc t\u01b0\u1edbi: M\u0103ng c\u1ee5t r\u1ea5t c\u1ea7n n\u01b0\u1edbc \u0111\u1ec3 ra \u0111\u1ecdt v\u00e0 nu\u00f4i tr\u00e1i. \u0110\u1eb7c bi\u1ec7t giai \u0111o\u1ea1n ra hoa, c\u1ea7n xi\u1ebft n\u01b0\u1edbc (t\u1ea1o kh\u00f4 h\u1ea1n) r\u1ed3i t\u01b0\u1edbi \u0111\u1eabm l\u1ea1i \u0111\u1ec3 k\u00edch th\u00edch c\u00e2y tr\u1ed5 b\u00f4ng \u0111\u1ed3ng lo\u1ea1t.<\/p>\n<p>S\u00e2u b\u1ec7nh:<\/p>\n<ul>\n<li>B\u1ecd tr\u0129, nh\u1ec7n \u0111\u1ecf: G\u00e2y h\u1ea1i l\u00e0m v\u1ecf tr\u00e1i b\u1ecb s\u1ea7n s\u00f9i (da c\u00e1m), b\u00e1n m\u1ea5t gi\u00e1.<\/li>\n<li>X\u00ec m\u1ee7 tr\u00e1i (S\u01b0\u1ee3ng tr\u00e1i): Do r\u1ed1i lo\u1ea1n dinh d\u01b0\u1ee1ng ho\u1eb7c m\u01b0a nhi\u1ec1u tr\u01b0\u1edbc thu ho\u1ea1ch. C\u1ea7n c\u00e2n \u0111\u1ed1i l\u01b0\u1ee3ng n\u01b0\u1edbc v\u00e0 b\u00f3n v\u00f4i\/Canxi \u0111\u1ec3 kh\u1eafc ph\u1ee5c.<\/li>\n<\/ul>\n<h2>Mua gi\u1ed1ng M\u0103ng C\u1ee5t \u01af\u01a1ng H\u1ea1t \u1edf \u0111\u00e2u uy t\u00edn?<\/h2>\n<p>V\u00ec th\u1eddi gian ch\u1edd \u0111\u1ee3i c\u00e2y m\u0103ng c\u1ee5t ra tr\u00e1i r\u1ea5t d\u00e0i (g\u1ea7n 10 n\u0103m), n\u00ean vi\u1ec7c ch\u1ecdn \u0111\u00fang gi\u1ed1ng ngay t\u1eeb \u0111\u1ea7u l\u00e0 y\u1ebfu t\u1ed1 s\u1ed1ng c\u00f2n. N\u1ebfu mua ph\u1ea3i c\u00e2y con \u1ed1m y\u1ebfu, b\u1ed9 r\u1ec5 k\u00e9m ph\u00e1t tri\u1ec3n th\u00ec c\u00e2y s\u1ebd r\u1ea5t ch\u1eadm l\u1edbn (&#8220;c\u00e2y \u0111\u1eb9t&#8221;).<\/p>\n<p>C\u00e2y Gi\u1ed1ng Ph\u00fac An t\u1ef1 h\u00e0o l\u00e0 \u0111\u01a1n v\u1ecb cung c\u1ea5p c\u00e2y gi\u1ed1ng uy t\u00edn, \u0111\u01b0\u1ee3c nhi\u1ec1u b\u00e0 con tin t\u01b0\u1edfng:<\/p>\n<p>Chu\u1ea9n gi\u1ed1ng: C\u00e2y gi\u1ed1ng \u0111\u01b0\u1ee3c \u01b0\u01a1m t\u1eeb h\u1ea1t c\u1ee7a nh\u1eefng c\u00e2y m\u1eb9 \u0111\u00fang gi\u1ed1ng, kh\u1ecfe m\u1ea1nh, n\u0103ng su\u1ea5t cao, \u0111\u00e3 \u0111\u01b0\u1ee3c tuy\u1ec3n ch\u1ecdn k\u1ef9 l\u01b0\u1ee1ng. C\u00e2y tr\u1ea3i qua quy tr\u00ecnh nh\u00e2n gi\u1ed1ng, d\u01b0\u1ee1ng c\u00e2y con (th\u01b0\u1eddng l\u00e0 c\u00e2y \u0111\u00e3 \u0111\u01b0\u1ee3c nu\u00f4i trong b\u1ea7u t\u1eeb 1-2 n\u0103m tu\u1ed5i), x\u1ea3 n\u1eafng ho\u00e0n ch\u1ec9nh. \u0110\u1ebfn tay c\u00f4 b\u00e1c s\u1ebd l\u00e0 t\u1eebng c\u00e2y \u0111\u00e3 c\u1ee9ng c\u00e1p, ra c\u01a1i \u0111\u1ecdt m\u1edbi xanh t\u1ed1t.<\/p>\n<p>Qu\u00fd c\u00f4 b\u00e1c c\u00f3 th\u1ec3 li\u00ean h\u1ec7 tr\u1ef1c ti\u1ebfp qua SDT\/ Zalo 0962.888.014 (<a href=\"http:\/\/localhost\/phucan713\/\" target=\"_blank\" rel=\"noopener\">C\u00e2y Gi\u1ed1ng Ph\u00fac An<\/a>) \u0111\u1ec3 ch\u00fang t\u00f4i t\u01b0 v\u1ea5n v\u00e0 b\u00e1o gi\u00e1 c\u1ee5 th\u1ec3. Xin c\u1ea3m \u01a1n qu\u00fd c\u00f4 b\u00e1c \u0111\u00e3 \u0111\u1eb7t ni\u1ec1m tin v\u1edbi nh\u00e0 v\u01b0\u1eddn.<\/p>\n<p><span style=\"color: #000080;\"><em><strong>&gt; M\u1eddi b\u1ea1n xem th\u00eam: <a style=\"color: #000080;\" href=\"https:\/\/vov.vn\/suc-khoe\/mang-cut-nu-hoang-trai-cay-va-nhung-loi-ich-suc-khoe-it-ai-ngo-post1224672.vov\" target=\"_blank\" rel=\"noopener\">M\u0103ng c\u1ee5t &#8211; \u201cn\u1eef ho\u00e0ng tr\u00e1i c\u00e2y\u201d v\u00e0 nh\u1eefng l\u1ee3i \u00edch s\u1ee9c kh\u1ecfe \u00edt ai ng\u1edd<\/a><\/strong><\/em><\/span><\/p>\n<p>&nbsp;<\/p>\n","protected":false},"excerpt":{"rendered":"<p>* Gi\u00e1 tham kh\u1ea3o cho s\u1ed1 l\u01b0\u1ee3ng t\u1eeb 30 c\u00e2y, c\u00f3 th\u1ec3 thay \u0111\u1ed5i theo th\u1eddi \u0111i\u1ec3m<br \/>\n* Ch\u01b0a bao g\u1ed3m ph\u00ed v\u1eadn chuy\u1ec3n (t\u00f9y theo s\u1ed1 l\u01b0\u1ee3ng c\u00e2y v\u00e0 \u0111\u1ecba \u0111i\u1ec3m giao h\u00e0ng)<\/p>\n","protected":false},"featured_media":4196,"comment_status":"open","ping_status":"closed","template":"","meta":[],"product_brand":[],"product_cat":[35,37],"product_tag":[],"class_list":{"0":"post-4195","1":"product","2":"type-product","3":"status-publish","4":"has-post-thumbnail","6":"product_cat-san-pham-giong-cay-an-trai","7":"product_cat-cay-giong-khac","9":"first","10":"instock","11":"shipping-taxable","12":"purchasable","13":"product-type-simple"},"_links":{"self":[{"href":"https:\/\/ktech4.k-tech-services.com\/phucan713\/wp-json\/wp\/v2\/product\/4195","targetHints":{"allow":["GET"]}}],"collection":[{"href":"https:\/\/ktech4.k-tech-services.com\/phucan713\/wp-json\/wp\/v2\/product"}],"about":[{"href":"https:\/\/ktech4.k-tech-services.com\/phucan713\/wp-json\/wp\/v2\/types\/product"}],"replies":[{"embeddable":true,"href":"https:\/\/ktech4.k-tech-services.com\/phucan713\/wp-json\/wp\/v2\/comments?post=4195"}],"wp:featuredmedia":[{"embeddable":true,"href":"https:\/\/ktech4.k-tech-services.com\/phucan713\/wp-json\/wp\/v2\/media\/4196"}],"wp:attachment":[{"href":"https:\/\/ktech4.k-tech-services.com\/phucan713\/wp-json\/wp\/v2\/media?parent=4195"}],"wp:term":[{"taxonomy":"product_brand","embeddable":true,"href":"https:\/\/ktech4.k-tech-services.com\/phucan713\/wp-json\/wp\/v2\/product_brand?post=4195"},{"taxonomy":"product_cat","embeddable":true,"href":"https:\/\/ktech4.k-tech-services.com\/phucan713\/wp-json\/wp\/v2\/product_cat?post=4195"},{"taxonomy":"product_tag","embeddable":true,"href":"https:\/\/ktech4.k-tech-services.com\/phucan713\/wp-json\/wp\/v2\/product_tag?post=4195"}],"curies":[{"name":"wp","href":"https:\/\/api.w.org\/{rel}","templated":true}]}}