{"id":4207,"date":"2025-12-09T19:44:45","date_gmt":"2025-12-09T12:44:45","guid":{"rendered":"https:\/\/caygiongphucan.com\/?post_type=product&amp;p=4207"},"modified":"2025-12-09T19:44:45","modified_gmt":"2025-12-09T12:44:45","slug":"giong-nho-xanh","status":"publish","type":"product","link":"https:\/\/ktech4.k-tech-services.com\/phucan713\/san-pham\/giong-nho-xanh\/","title":{"rendered":"Gi\u1ed1ng Nho Xanh"},"content":{"rendered":"<p>Gi\u1ed1ng Nho Xanh (\u0111\u1eb7c bi\u1ec7t l\u00e0 gi\u1ed1ng NH01-48) lu\u00f4n gi\u1eef v\u1ecb th\u1ebf cao h\u01a1n tr\u00ean th\u1ecb tr\u01b0\u1eddng nh\u1edd c\u1ea5u tr\u00fac th\u1ecbt tr\u00e1i ch\u1eafc, \u0111\u1ed9 gi\u00f2n cao v\u00e0 v\u1ecb ng\u1ecdt thanh tao. \u0110\u00e2y l\u00e0 lo\u1ea1i c\u00e2y tr\u1ed3ng \u0111\u00f2i h\u1ecfi k\u1ef9 thu\u1eadt ch\u0103m s\u00f3c t\u1ec9 m\u1ec9 nh\u01b0ng b\u00f9 l\u1ea1i gi\u00e1 tr\u1ecb kinh t\u1ebf mang l\u1ea1i l\u00e0 r\u1ea5t l\u1edbn, ph\u00f9 h\u1ee3p cho nh\u1eefng nh\u00e0 v\u01b0\u1eddn mu\u1ed1n ph\u00e1t tri\u1ec3n m\u00f4 h\u00ecnh n\u00f4ng nghi\u1ec7p c\u00f4ng ngh\u1ec7 cao ho\u1eb7c tr\u1ed3ng ch\u1eadu l\u00e0m c\u1ea3nh.<\/p>\n<p>Trong b\u00e0i vi\u1ebft n\u00e0y, C\u00e2y Gi\u1ed1ng Ph\u00fac An s\u1ebd chia s\u1ebb chi ti\u1ebft v\u1ec1 \u0111\u1eb7c t\u00ednh, n\u0103ng su\u1ea5t th\u1ef1c t\u1ebf v\u00e0 quy tr\u00ecnh k\u1ef9 thu\u1eadt canh t\u00e1c gi\u1ed1ng nho xanh \u0111\u1ec3 b\u00e0 con tham kh\u1ea3o.<\/p>\n<h2>Gi\u1edbi thi\u1ec7u v\u00e0 \u0111\u1eb7c \u0111i\u1ec3m n\u1ed5i b\u1eadt c\u1ee7a gi\u1ed1ng nho xanh<\/h2>\n<p>Hi\u1ec7n nay c\u00f3 nhi\u1ec1u gi\u1ed1ng nho xanh nh\u1eadp ngo\u1ea1i (nh\u01b0 nho M\u1eabu \u0110\u01a1n), nh\u01b0ng ph\u1ed5 bi\u1ebfn v\u00e0 th\u00edch nghi t\u1ed1t nh\u1ea5t v\u1edbi kh\u00ed h\u1eadu Vi\u1ec7t Nam v\u1eabn l\u00e0 gi\u1ed1ng Nho xanh Ninh Thu\u1eadn (NH01-48).<\/p>\n<h3>\u0110\u1eb7c \u0111i\u1ec3m h\u00ecnh th\u00e1i<\/h3>\n<p>Th\u00e2n v\u00e0 l\u00e1: Nho l\u00e0 c\u00e2y d\u00e2y leo th\u00e2n g\u1ed7. Th\u00e2n m\u00e0u n\u00e2u, c\u00f3 l\u1edbp v\u1ecf bong tr\u00f3c. L\u00e1 nho xanh c\u00f3 m\u00e0u xanh \u0111\u1eadm, h\u00ecnh tim, vi\u1ec1n l\u00e1 c\u00f3 r\u0103ng c\u01b0a.<\/p>\n<p>\u0110\u1eb7c \u0111i\u1ec3m tr\u00e1i:<\/p>\n<p>H\u00ecnh d\u00e1ng: Tr\u00e1i h\u00ecnh b\u1ea7u d\u1ee5c (d\u00e0i), thon h\u01a1n nho \u0111\u1ecf.<\/p>\n<p>M\u00e0u s\u1eafc: Khi c\u00f2n non tr\u00e1i m\u00e0u xanh l\u00e1 c\u00e2y, khi ch\u00edn chuy\u1ec3n sang m\u00e0u xanh ng\u1ea3 v\u00e0ng nh\u1ea1t ho\u1eb7c h\u01a1i trong.<\/p>\n<p>Ch\u00f9m: Ch\u00f9m tr\u00e1i r\u1ea5t kh\u00edt, ch\u1eb7t, tr\u1ecdng l\u01b0\u1ee3ng ch\u00f9m l\u1edbn (c\u00f3 th\u1ec3 \u0111\u1ea1t 500g \u2013 1kg\/ch\u00f9m).<\/p>\n<p>C\u1ea5u tr\u00fac: V\u1ecf tr\u00e1i h\u01a1i d\u00e0y (gi\u00fap v\u1eadn chuy\u1ec3n t\u1ed1t), th\u1ecbt tr\u00e1i trong, r\u1ea5t ch\u1eafc v\u00e0 gi\u00f2n (c\u1eafn nghe r\u1ed1p r\u1ed1p).<\/p>\n<p>H\u01b0\u01a1ng v\u1ecb: V\u1ecb ng\u1ecdt \u0111\u1eadm \u0111\u00e0 pha ch\u00fat chua nh\u1eb9 r\u1ea5t thanh (kh\u00f4ng ng\u1ecdt g\u1eaft), c\u00f3 h\u1ea1t.<\/p>\n<h3>\u0110\u1eb7c t\u00ednh sinh tr\u01b0\u1edfng<\/h3>\n<p>Gi\u1ed1ng Nho xanh \u01b0a kh\u00ed h\u1eadu kh\u00f4 r\u00e1o, nhi\u1ec1u n\u1eafng v\u00e0 tho\u00e1ng gi\u00f3. C\u00e2y kh\u00f4ng k\u00e9n \u0111\u1ea5t nh\u01b0ng c\u1ea7n \u0111\u1ea5t tho\u00e1t n\u01b0\u1edbc t\u1ed1t. Tuy nhi\u00ean, nho xanh m\u1eabn c\u1ea3m v\u1edbi \u0111\u1ed9 \u1ea9m cao v\u00e0 n\u1ea5m b\u1ec7nh h\u01a1n nho \u0111\u1ecf, n\u00ean c\u1ea7n k\u1ef9 thu\u1eadt ch\u0103m s\u00f3c k\u1ef9 h\u01a1n.<\/p>\n<h2>Nho xanh tr\u1ed3ng bao l\u00e2u c\u00f3 tr\u00e1i?<\/h2>\n<p>Nho l\u00e0 m\u1ed9t trong nh\u1eefng lo\u1ea1i c\u00e2y \u0103n tr\u00e1i cho thu ho\u1ea1ch s\u1edbm nh\u1ea5t:<\/p>\n<p>Th\u1eddi gian sinh tr\u01b0\u1edfng: N\u1ebfu tr\u1ed3ng t\u1eeb c\u00e2y gh\u00e9p ho\u1eb7c c\u00e2y gi\u00e2m c\u00e0nh kh\u1ecfe m\u1ea1nh, ch\u0103m s\u00f3c \u0111\u00fang quy tr\u00ecnh, ch\u1ec9 sau kho\u1ea3ng 6 \u2013 8 th\u00e1ng ki\u1ebfn thi\u1ebft l\u00e0 c\u00e2y \u0111\u00e3 leo k\u00edn gi\u00e0n v\u00e0 c\u00f3 th\u1ec3 ti\u1ebfn h\u00e0nh c\u1eaft c\u00e0nh cho tr\u00e1i b\u00f3i.<\/p>\n<p>L\u1ee3i th\u1ebf: Th\u1eddi gian ch\u1edd \u0111\u1ee3i ng\u1eafn, thu h\u1ed3i v\u1ed1n nhanh.<\/p>\n<h2>Chu k\u1ef3 ra hoa v\u00e0 thu ho\u1ea1ch<\/h2>\n<p>\u0110i\u1ec3m \u0111\u1eb7c bi\u1ec7t c\u1ee7a c\u00e2y nho l\u00e0 ra hoa ph\u1ee5 thu\u1ed9c v\u00e0o k\u1ef9 thu\u1eadt c\u1eaft c\u00e0nh.<\/p>\n<p>Quy tr\u00ecnh: Sau khi c\u1eaft c\u00e0nh, c\u00e2y s\u1ebd n\u1ee9t m\u1ea7m v\u00e0 ra hoa. T\u1eeb l\u00fac c\u1eaft c\u00e0nh \u0111\u1ebfn khi thu ho\u1ea1ch tr\u00e1i ch\u00edn m\u1ea5t kho\u1ea3ng 110 \u2013 120 ng\u00e0y (kho\u1ea3ng 4 th\u00e1ng).<\/p>\n<p>S\u1ed1 v\u1ee5 trong n\u0103m: T\u1ea1i c\u00e1c v\u00f9ng chuy\u00ean canh nh\u01b0 Ninh Thu\u1eadn, nh\u00e0 v\u01b0\u1eddn c\u00f3 th\u1ec3 khai th\u00e1c 2 \u2013 3 v\u1ee5\/n\u0103m. V\u1edbi b\u00e0 con tr\u1ed3ng s\u00e2n th\u01b0\u1ee3ng ho\u1eb7c v\u00f9ng kh\u00e1c, n\u00ean \u0111\u1ec3 2 v\u1ee5\/n\u0103m \u0111\u1ec3 c\u00e2y c\u00f3 th\u1eddi gian ngh\u1ec9 ng\u01a1i, h\u1ed3i s\u1ee9c.<\/p>\n<h2>N\u0103ng su\u1ea5t gi\u1ed1ng nho xanh<\/h2>\n<p>Nho xanh cho n\u0103ng su\u1ea5t r\u1ea5t cao n\u1ebfu gi\u00e0n nho ph\u00e1t tri\u1ec3n t\u1ed1t:<\/p>\n<p>S\u1ea3n l\u01b0\u1ee3ng:<\/p>\n<p>M\u1ed9t s\u00e0o nho (1000m2) c\u00f3 th\u1ec3 cho thu ho\u1ea1ch t\u1eeb 1.5 \u2013 2 t\u1ea5n\/v\u1ee5.<\/p>\n<p>T\u00ednh tr\u00ean di\u1ec7n t\u00edch l\u1edbn, n\u0103ng su\u1ea5t c\u00f3 th\u1ec3 \u0111\u1ea1t 10 \u2013 15 t\u1ea5n\/hecta\/v\u1ee5.<\/p>\n<p>Gi\u00e1 tr\u1ecb kinh t\u1ebf: Gi\u00e1 nho xanh t\u1ea1i v\u01b0\u1eddn lu\u00f4n cao h\u01a1n nho \u0111\u1ecf t\u1eeb 1.5 \u0111\u1ebfn 2 l\u1ea7n. Nhu c\u1ea7u th\u1ecb tr\u01b0\u1eddng \u0111\u1ed1i v\u1edbi nho xanh lu\u00f4n r\u1ea5t l\u1edbn, th\u01b0\u1eddng xuy\u00ean &#8220;ch\u00e1y h\u00e0ng&#8221;.<\/p>\n<h2>K\u1ef9 thu\u1eadt tr\u1ed3ng v\u00e0 ch\u0103m s\u00f3c theo h\u01b0\u1edbng b\u1ec1n v\u1eefng<\/h2>\n<p>Tr\u1ed3ng nho xanh th\u00e0nh c\u00f4ng hay kh\u00f4ng ph\u1ee5 thu\u1ed9c 80% v\u00e0o k\u1ef9 thu\u1eadt l\u00e0m gi\u00e0n, c\u1eaft c\u00e0nh v\u00e0 ph\u00f2ng tr\u1eeb n\u1ea5m b\u1ec7nh.<\/p>\n<h3>Chu\u1ea9n b\u1ecb \u0111\u1ea5t v\u00e0 l\u00e0m gi\u00e0n<\/h3>\n<p>\u0110\u1ea5t tr\u1ed3ng: C\u1ea7n \u0111\u1ea5t t\u01a1i x\u1ed1p, tr\u1ed9n nhi\u1ec1u ph\u00e2n h\u1eefu c\u01a1. Nho r\u1ea5t s\u1ee3 ng\u1eadp \u00fang, \u0111\u1ea5t ph\u1ea3i tho\u00e1t n\u01b0\u1edbc c\u1ef1c t\u1ed1t.<\/p>\n<p>L\u00e0m gi\u00e0n:<\/p>\n<p>Gi\u00e0n l\u01b0\u1edbi (Gi\u00e0n truy\u1ec1n th\u1ed1ng): Cao kho\u1ea3ng 1.8m &#8211; 2m, d\u00e2y k\u1ebdm \u0111an \u00f4 vu\u00f4ng.<\/p>\n<p>Gi\u00e0n ch\u1eef Y: M\u00f4 h\u00ecnh m\u1edbi gi\u00fap c\u00e2y quang h\u1ee3p t\u1ed1t h\u01a1n, d\u1ec5 ch\u0103m s\u00f3c v\u00e0 h\u1ea1n ch\u1ebf n\u1ea5m b\u1ec7nh.<\/p>\n<p>Ch\u1ecdn gi\u1ed1ng: Ch\u1ecdn c\u00e2y gh\u00e9p tr\u00ean g\u1ed1c nho d\u1ea1i (\u0111\u1ec3 kh\u00e1ng tuy\u1ebfn tr\u00f9ng, ch\u1ecbu h\u1ea1n) ho\u1eb7c c\u00e2y gi\u00e2m c\u00e0nh t\u1eeb c\u00e2y m\u1eb9 kh\u1ecfe m\u1ea1nh, s\u1ea1ch b\u1ec7nh th\u00e1n th\u01b0.<\/p>\n<h3>Quy tr\u00ecnh b\u00f3n ph\u00e2n<\/h3>\n<p>Giai \u0111o\u1ea1n Ki\u1ebfn thi\u1ebft: B\u00f3n ph\u00e2n NPK 20-20-15 k\u1ebft h\u1ee3p t\u01b0\u1edbi Humic \u0111\u1ec3 c\u00e2y nhanh leo gi\u00e0n. B\u1ea5m ng\u1ecdn li\u00ean t\u1ee5c \u0111\u1ec3 t\u1ea1o c\u00e0nh c\u1ea5p 1, c\u1ea5p 2.<\/p>\n<p>Giai \u0111o\u1ea1n C\u1eaft c\u00e0nh &amp; Nu\u00f4i tr\u00e1i:<\/p>\n<p>Tr\u01b0\u1edbc khi c\u1eaft c\u00e0nh: Si\u1ebft n\u01b0\u1edbc v\u00e0 b\u00f3n Kali \u0111\u1ec3 c\u00e2y gi\u00e0 c\u00e0nh, t\u00edch tr\u1eef dinh d\u01b0\u1ee1ng ph\u00e2n h\u00f3a m\u1ea7m hoa.<\/p>\n<p>Sau khi \u0111\u1eadu tr\u00e1i: B\u00f3n NPK c\u00e2n \u0111\u1ed1i + Trung vi l\u01b0\u1ee3ng (Canxi, Bo) \u0111\u1ec3 ch\u1ed1ng r\u1ee5ng tr\u00e1i non.<\/p>\n<p>Giai \u0111o\u1ea1n tr\u00e1i l\u1edbn: T\u0103ng c\u01b0\u1eddng Kali tr\u1eafng \u0111\u1ec3 tr\u00e1i ng\u1ecdt, gi\u00f2n v\u00e0 v\u1ecf s\u00e1ng \u0111\u1eb9p.<\/p>\n<p>H\u1eefu c\u01a1: Sau m\u1ed7i v\u1ee5 thu ho\u1ea1ch, b\u1eaft bu\u1ed9c b\u00f3n l\u1ea1i l\u01b0\u1ee3ng l\u1edbn ph\u00e2n chu\u1ed3ng hoai m\u1ee5c \u0111\u1ec3 c\u1ea3i t\u1ea1o \u0111\u1ea5t, tr\u00e1nh l\u00e0m \u0111\u1ea5t b\u1ecb chai c\u1ee9ng do b\u00f3n ph\u00e2n h\u00f3a h\u1ecdc.<\/p>\n<h3>Qu\u1ea3n l\u00fd n\u01b0\u1edbc t\u01b0\u1edbi v\u00e0 s\u00e2u b\u1ec7nh (R\u1ea5t quan tr\u1ecdng)<\/h3>\n<p>M\u00e1i che: N\u1ebfu tr\u1ed3ng \u1edf v\u00f9ng m\u01b0a nhi\u1ec1u (mi\u1ec1n T\u00e2y, mi\u1ec1n B\u1eafc), n\u00ean c\u00f3 m\u00e1i che nilon trong su\u1ed1t \u0111\u1ec3 tr\u00e1nh n\u01b0\u1edbc m\u01b0a tr\u1ef1c ti\u1ebfp l\u00e0m n\u1ee9t tr\u00e1i v\u00e0 g\u00e2y n\u1ea5m b\u1ec7nh.<\/p>\n<p>S\u00e2u b\u1ec7nh:<\/p>\n<p>N\u1ea5m b\u1ec7nh: Nho xanh r\u1ea5t s\u1ee3 n\u1ea5m ph\u1ea5n tr\u1eafng v\u00e0 th\u00e1n th\u01b0. C\u1ea7n phun ph\u00f2ng ng\u1eeba \u0111\u1ecbnh k\u1ef3 b\u1eb1ng ch\u1ebf ph\u1ea9m sinh h\u1ecdc.<\/p>\n<p>B\u1ecd tr\u0129: H\u00fat nh\u1ef1a l\u00e0m xo\u0103n \u0111\u1ecdt.<\/p>\n<h2>Mua c\u00e2y gi\u1ed1ng nho xanh \u1edf \u0111\u00e2u uy t\u00edn?<\/h2>\n<p>Nho xanh r\u1ea5t kh\u00f3 ph\u00e2n bi\u1ec7t v\u1edbi nho \u0111\u1ecf khi c\u00e2y c\u00f2n nh\u1ecf (l\u00e1 kh\u00e1 gi\u1ed1ng nhau). Vi\u1ec7c mua nh\u1ea7m gi\u1ed1ng nho \u0111\u1ecf (gi\u00e1 tr\u1ecb th\u1ea5p h\u01a1n) l\u00e0 r\u1ee7i ro th\u01b0\u1eddng g\u1eb7p. B\u00e0 con c\u1ea7n ch\u1ecdn nh\u00e0 v\u01b0\u1eddn uy t\u00edn, c\u00f3 b\u1ea3o h\u00e0nh chu\u1ea9n gi\u1ed1ng.<\/p>\n<p>C\u00e2y Gi\u1ed1ng Ph\u00fac An t\u1ef1 h\u00e0o l\u00e0 \u0111\u01a1n v\u1ecb cung c\u1ea5p c\u00e2y gi\u1ed1ng uy t\u00edn, \u0111\u01b0\u1ee3c nhi\u1ec1u b\u00e0 con tin t\u01b0\u1edfng:<\/p>\n<p>Chu\u1ea9n gi\u1ed1ng: C\u00e2y gi\u1ed1ng \u0111\u01b0\u1ee3c gh\u00e9p t\u1eeb nh\u1eefng c\u00e2y m\u1eb9 \u0111\u00fang gi\u1ed1ng, kh\u1ecfe m\u1ea1nh, \u0111\u00e3 \u0111\u01b0\u1ee3c tuy\u1ec3n ch\u1ecdn k\u1ef9 l\u01b0\u1ee1ng. C\u00e2y tr\u1ea3i qua quy tr\u00ecnh nh\u00e2n gi\u1ed1ng, d\u01b0\u1ee1ng c\u00e2y con, x\u1ea3 n\u1eafng ho\u00e0n ch\u1ec9nh. \u0110\u1ebfn tay c\u00f4 b\u00e1c s\u1ebd l\u00e0 t\u1eebng c\u00e2y \u0111\u00e3 c\u1ee9ng c\u00e1p \u0111\u00e3 ra c\u01a1i ch\u1ed3i m\u1edbi.<\/p>\n<p>Qu\u00fd c\u00f4 b\u00e1c c\u00f3 th\u1ec3 li\u00ean h\u1ec7 tr\u1ef1c ti\u1ebfp qua SDT\/ Zalo 0962.888.014 (<a href=\"http:\/\/localhost\/phucan713\/\" target=\"_blank\" rel=\"noopener\">C\u00e2y Gi\u1ed1ng Ph\u00fac An<\/a>) \u0111\u1ec3 ch\u00fang t\u00f4i t\u01b0 v\u1ea5n v\u00e0 b\u00e1o gi\u00e1 c\u1ee5 th\u1ec3. Xin c\u1ea3m \u01a1n qu\u00fd c\u00f4 b\u00e1c \u0111\u00e3 \u0111\u1eb7t ni\u1ec1m tin v\u1edbi nh\u00e0 v\u01b0\u1eddn.<\/p>\n<p>&gt;&gt; M\u1eddi b\u1ea1n \u0111\u1ecdc th\u00eam: <a href=\"https:\/\/kinhtedothi.vn\/nang-nong-keo-dai-nho-xanh-ninh-thuan-van-dat-san-luong-cao\" target=\"_blank\" rel=\"noopener\"><span style=\"color: #000080;\"><em><strong>N\u1eafng n\u00f3ng k\u00e9o d\u00e0i, nho xanh Ninh Thu\u1eadn v\u1eabn \u0111\u1ea1t s\u1ea3n l\u01b0\u1ee3ng cao<\/strong><\/em><\/span><\/a><\/p>\n","protected":false},"excerpt":{"rendered":"<p>* Gi\u00e1 tham kh\u1ea3o cho s\u1ed1 l\u01b0\u1ee3ng t\u1eeb 30 c\u00e2y, c\u00f3 th\u1ec3 thay \u0111\u1ed5i theo th\u1eddi \u0111i\u1ec3m<br \/>\n* Ch\u01b0a bao g\u1ed3m ph\u00ed v\u1eadn chuy\u1ec3n (t\u00f9y theo s\u1ed1 l\u01b0\u1ee3ng c\u00e2y v\u00e0 \u0111\u1ecba \u0111i\u1ec3m giao h\u00e0ng)<\/p>\n","protected":false},"featured_media":4208,"comment_status":"open","ping_status":"closed","template":"","meta":[],"product_brand":[],"product_cat":[35,37],"product_tag":[],"class_list":{"0":"post-4207","1":"product","2":"type-product","3":"status-publish","4":"has-post-thumbnail","6":"product_cat-san-pham-giong-cay-an-trai","7":"product_cat-cay-giong-khac","9":"first","10":"instock","11":"shipping-taxable","12":"purchasable","13":"product-type-simple"},"_links":{"self":[{"href":"https:\/\/ktech4.k-tech-services.com\/phucan713\/wp-json\/wp\/v2\/product\/4207","targetHints":{"allow":["GET"]}}],"collection":[{"href":"https:\/\/ktech4.k-tech-services.com\/phucan713\/wp-json\/wp\/v2\/product"}],"about":[{"href":"https:\/\/ktech4.k-tech-services.com\/phucan713\/wp-json\/wp\/v2\/types\/product"}],"replies":[{"embeddable":true,"href":"https:\/\/ktech4.k-tech-services.com\/phucan713\/wp-json\/wp\/v2\/comments?post=4207"}],"wp:featuredmedia":[{"embeddable":true,"href":"https:\/\/ktech4.k-tech-services.com\/phucan713\/wp-json\/wp\/v2\/media\/4208"}],"wp:attachment":[{"href":"https:\/\/ktech4.k-tech-services.com\/phucan713\/wp-json\/wp\/v2\/media?parent=4207"}],"wp:term":[{"taxonomy":"product_brand","embeddable":true,"href":"https:\/\/ktech4.k-tech-services.com\/phucan713\/wp-json\/wp\/v2\/product_brand?post=4207"},{"taxonomy":"product_cat","embeddable":true,"href":"https:\/\/ktech4.k-tech-services.com\/phucan713\/wp-json\/wp\/v2\/product_cat?post=4207"},{"taxonomy":"product_tag","embeddable":true,"href":"https:\/\/ktech4.k-tech-services.com\/phucan713\/wp-json\/wp\/v2\/product_tag?post=4207"}],"curies":[{"name":"wp","href":"https:\/\/api.w.org\/{rel}","templated":true}]}}