{"id":4215,"date":"2025-12-09T20:25:55","date_gmt":"2025-12-09T13:25:55","guid":{"rendered":"https:\/\/caygiongphucan.com\/?post_type=product&amp;p=4215"},"modified":"2025-12-09T20:25:55","modified_gmt":"2025-12-09T13:25:55","slug":"giong-tre-bat-do","status":"publish","type":"product","link":"https:\/\/ktech4.k-tech-services.com\/phucan713\/san-pham\/giong-tre-bat-do\/","title":{"rendered":"Gi\u1ed1ng Tre B\u00e1t \u0110\u1ed9"},"content":{"rendered":"<p>Trong c\u00e1c lo\u1ea1i tre l\u1ea5y m\u0103ng hi\u1ec7n nay, Gi\u1ed1ng Tre B\u00e1t \u0110\u1ed9 lu\u00f4n gi\u1eef v\u1ecb tr\u00ed qu\u00e1n qu\u00e2n v\u1ec1 n\u0103ng su\u1ea5t v\u00e0 k\u00edch th\u01b0\u1edbc m\u0103ng. Kh\u00f4ng ch\u1ec9 cung c\u1ea5p ngu\u1ed3n th\u1ef1c ph\u1ea9m s\u1ea1ch, ngon, ng\u1ecdt (ch\u1ebf bi\u1ebfn \u0111\u01b0\u1ee3c c\u1ea3 m\u0103ng t\u01b0\u01a1i v\u00e0 m\u0103ng kh\u00f4 xu\u1ea5t kh\u1ea9u), c\u00e2y tre B\u00e1t \u0110\u1ed9 c\u00f2n r\u1ea5t d\u1ec5 tr\u1ed3ng, ch\u1ecbu \u0111\u01b0\u1ee3c \u0111\u1ea5t x\u1ea5u v\u00e0 \u00edt t\u1ed1n c\u00f4ng ch\u0103m s\u00f3c.<\/p>\n<p>Trong b\u00e0i vi\u1ebft n\u00e0y, C\u00e2y Gi\u1ed1ng Ph\u00fac An s\u1ebd chia s\u1ebb chi ti\u1ebft v\u1ec1 \u0111\u1eb7c t\u00ednh, n\u0103ng su\u1ea5t th\u1ef1c t\u1ebf v\u00e0 quy tr\u00ecnh k\u1ef9 thu\u1eadt canh t\u00e1c gi\u1ed1ng tre B\u00e1t \u0110\u1ed9 \u0111\u1ec3 b\u00e0 con tham kh\u1ea3o \u0111\u1ea7u t\u01b0.<\/p>\n<h2>Gi\u1edbi thi\u1ec7u v\u00e0 \u0111\u1eb7c \u0111i\u1ec3m n\u1ed5i b\u1eadt c\u1ee7a gi\u1ed1ng tre B\u00e1t \u0110\u1ed9<\/h2>\n<p>Gi\u1ed1ng Tre B\u00e1t \u0110\u1ed9 (t\u00ean khoa h\u1ecdc <em>Dendrocalamus latiflorus<\/em>) c\u00f3 ngu\u1ed3n g\u1ed1c t\u1eeb v\u00f9ng nhi\u1ec7t \u0111\u1edbi, c\u00f2n \u0111\u01b0\u1ee3c bi\u1ebft \u0111\u1ebfn v\u1edbi t\u00ean g\u1ecdi l\u00e0 tre ng\u1ecdt.<\/p>\n<h3>\u0110\u1eb7c \u0111i\u1ec3m h\u00ecnh th\u00e1i<\/h3>\n<p>Th\u00e2n v\u00e0 l\u00e1:<\/p>\n<p>C\u00e2y m\u1ecdc th\u00e0nh b\u1ee5i l\u1edbn, kh\u00f4ng lan ng\u1ea7m n\u00ean kh\u00f4ng x\u00e2m l\u1ea5n \u0111\u1ea5t c\u1ee7a c\u00e2y kh\u00e1c.<\/p>\n<p>Th\u00e2n tre to, l\u00f3ng d\u00e0i, v\u00e1ch th\u00e2n d\u00e0y.<\/p>\n<p>L\u00e1: L\u00e1 tre B\u00e1t \u0110\u1ed9 r\u1ea5t to (b\u1ea3n r\u1ed9ng), m\u00e0u xanh \u0111\u1eadm. Ngo\u00e0i l\u1ea5y m\u0103ng, l\u00e1 tre B\u00e1t \u0110\u1ed9 c\u00f2n \u0111\u01b0\u1ee3c thu mua \u0111\u1ec3 g\u00f3i b\u00e1nh (b\u00e1nh ch\u01b0ng, b\u00e1nh t\u1ebb) xu\u1ea5t kh\u1ea9u r\u1ea5t \u0111\u01b0\u1ee3c gi\u00e1.<\/p>\n<p>Gai: Gi\u1ed1ng n\u00e0y kh\u00f4ng c\u00f3 gai \u1edf th\u00e2n v\u00e0 c\u00e0nh, r\u1ea5t thu\u1eadn ti\u1ec7n cho vi\u1ec7c thu ho\u1ea1ch v\u00e0 ch\u0103m s\u00f3c.<\/p>\n<p>\u0110\u1eb7c \u0111i\u1ec3m m\u0103ng:<\/p>\n<p>K\u00edch th\u01b0\u1edbc: M\u0103ng B\u00e1t \u0110\u1ed9 r\u1ea5t to, v\u1ecf c\u00f3 l\u00f4ng t\u01a1 m\u00e0u n\u00e2u \u0111en ho\u1eb7c t\u00edm th\u1eabm.<\/p>\n<p>Ch\u1ea5t l\u01b0\u1ee3ng: Th\u1ecbt m\u0103ng d\u00e0y, \u0111\u1eb7c ru\u1ed9t, m\u00e0u tr\u1eafng ng\u00e0. T\u1ef7 l\u1ec7 th\u1ecbt th\u01b0\u01a1ng ph\u1ea9m cao (\u00edt v\u1ecf).<\/p>\n<p>H\u01b0\u01a1ng v\u1ecb: M\u0103ng c\u00f3 v\u1ecb ng\u1ecdt, gi\u00f2n, kh\u00f4ng b\u1ecb \u0111\u1eafng hay ch\u00e1t k\u1ec3 c\u1ea3 khi ch\u01b0a lu\u1ed9c k\u1ef9. \u0110\u00e2y l\u00e0 \u01b0u \u0111i\u1ec3m gi\u00fap m\u0103ng B\u00e1t \u0110\u1ed9 r\u1ea5t d\u1ec5 b\u00e1n.<\/p>\n<h3>\u0110\u1eb7c t\u00ednh sinh tr\u01b0\u1edfng<\/h3>\n<p>C\u00e2y c\u00f3 t\u1ed1c \u0111\u1ed9 sinh tr\u01b0\u1edfng r\u1ea5t nhanh, ch\u1ecbu \u0111\u01b0\u1ee3c h\u1ea1n v\u00e0 \u00fang c\u1ee5c b\u1ed9 (trong th\u1eddi gian ng\u1eafn). Tre B\u00e1t \u0110\u1ed9 th\u00edch h\u1ee3p tr\u1ed3ng \u1edf c\u1ea3 v\u00f9ng \u0111\u1ed3ng b\u1eb1ng, \u0111\u1ea5t b\u00e3i b\u1ed3i ven s\u00f4ng cho \u0111\u1ebfn v\u00f9ng \u0111\u1ed3i n\u00fai d\u1ed1c.<\/p>\n<h2>Tre B\u00e1t \u0110\u1ed9 tr\u1ed3ng bao l\u00e2u thu ho\u1ea1ch?<\/h2>\n<p>\u0110\u00e2y l\u00e0 lo\u1ea1i c\u00e2y l\u00e2m nghi\u1ec7p nh\u01b0ng cho thu ho\u1ea1ch nhanh nh\u01b0 c\u00e2y n\u00f4ng nghi\u1ec7p:<\/p>\n<p>Th\u1eddi gian cho m\u0103ng: N\u1ebfu tr\u1ed3ng t\u1eeb c\u1ee7 gi\u1ed1ng ho\u1eb7c c\u00e2y chi\u1ebft c\u00e0nh kh\u1ecfe m\u1ea1nh, ch\u1ec9 sau kho\u1ea3ng 10 \u2013 12 th\u00e1ng (1 n\u0103m) l\u00e0 b\u1ee5i tre \u0111\u00e3 b\u1eaft \u0111\u1ea7u cho nh\u1eefng m\u1ee5t m\u0103ng \u0111\u1ea7u ti\u00ean.<\/p>\n<p>Giai \u0111o\u1ea1n kinh doanh: T\u1eeb n\u0103m th\u1ee9 2 tr\u1edf \u0111i, b\u1ee5i tre \u0111\u00e3 l\u1edbn v\u00e0 \u0111i v\u00e0o giai \u0111o\u1ea1n khai th\u00e1c \u1ed5n \u0111\u1ecbnh.<\/p>\n<h2>Chu k\u1ef3 ra m\u0103ng v\u00e0 thu ho\u1ea1ch<\/h2>\n<p>M\u00f9a v\u1ee5: M\u00f9a m\u0103ng ch\u00ednh v\u1ee5 th\u01b0\u1eddng b\u1eaft \u0111\u1ea7u v\u00e0o m\u00f9a m\u01b0a (t\u1eeb th\u00e1ng 3 \u0111\u1ebfn th\u00e1ng 9 \u00e2m l\u1ecbch).<\/p>\n<p>M\u0103ng tr\u00e1i v\u1ee5: N\u1ebfu ch\u1ee7 \u0111\u1ed9ng \u0111\u01b0\u1ee3c ngu\u1ed3n n\u01b0\u1edbc t\u01b0\u1edbi v\u00e0 b\u00f3n ph\u00e2n, tre B\u00e1t \u0110\u1ed9 ho\u00e0n to\u00e0n c\u00f3 th\u1ec3 cho m\u0103ng v\u00e0o m\u00f9a kh\u00f4, b\u00e1n v\u1edbi gi\u00e1 cao h\u01a1n g\u1ea5p nhi\u1ec1u l\u1ea7n.<\/p>\n<p>C\u00e1ch thu ho\u1ea1ch: Khi m\u1ee5t m\u0103ng nh\u00fa kh\u1ecfi m\u1eb7t \u0111\u1ea5t kho\u1ea3ng 15 \u2013 20cm l\u00e0 th\u1eddi \u0111i\u1ec3m thu ho\u1ea1ch t\u1ed1t nh\u1ea5t (c\u1eaft s\u00e2u xu\u1ed1ng \u0111\u1ea5t \u0111\u1ec3 l\u1ea5y ph\u1ea7n c\u1ee7 m\u0103ng to).<\/p>\n<h2>N\u0103ng su\u1ea5t gi\u1ed1ng tre B\u00e1t \u0110\u1ed9<\/h2>\n<p>V\u1ec1 s\u1ea3n l\u01b0\u1ee3ng, tre B\u00e1t \u0110\u1ed9 v\u01b0\u1ee3t tr\u1ed9i h\u01a1n h\u1eb3n c\u00e1c gi\u1ed1ng tre ta hay tre M\u1ea1nh T\u00f4ng:<\/p>\n<p>Tr\u1ecdng l\u01b0\u1ee3ng m\u0103ng: Trung b\u00ecnh m\u1ed7i m\u1ee5t m\u0103ng n\u1eb7ng t\u1eeb 1.5kg \u2013 3kg. Nh\u1eefng b\u1ee5i sung s\u1ee9c, m\u1ee5t m\u0103ng c\u00f3 th\u1ec3 n\u1eb7ng t\u1edbi 5kg \u2013 7kg\/m\u1ee5t.<\/p>\n<p>S\u1ea3n l\u01b0\u1ee3ng:<\/p>\n<p>M\u1ed9t b\u1ee5i tre tr\u01b0\u1edfng th\u00e0nh c\u00f3 th\u1ec3 cho t\u1eeb 15 \u2013 30 m\u1ee5t m\u0103ng\/n\u0103m.<\/p>\n<p>N\u0103ng su\u1ea5t trung b\u00ecnh \u0111\u1ea1t t\u1eeb 30 \u2013 50 t\u1ea5n\/hecta\/n\u0103m. N\u1ebfu th\u00e2m canh t\u1ed1t c\u00f3 th\u1ec3 l\u00ean t\u1edbi 80 t\u1ea5n.<\/p>\n<p>Tu\u1ed5i th\u1ecd khai th\u00e1c: Tre B\u00e1t \u0110\u1ed9 l\u00e0 c\u00e2y l\u01b0u ni\u00ean, tr\u1ed3ng m\u1ed9t l\u1ea7n c\u00f3 th\u1ec3 khai th\u00e1c li\u00ean t\u1ee5c 30 \u2013 40 n\u0103m n\u1ebfu bi\u1ebft c\u00e1ch ch\u0103m s\u00f3c v\u00e0 v\u1ec7 sinh b\u1ee5i.<\/p>\n<h2>K\u1ef9 thu\u1eadt tr\u1ed3ng v\u00e0 ch\u0103m s\u00f3c theo h\u01b0\u1edbng b\u1ec1n v\u1eefng<\/h2>\n<p>Tre B\u00e1t \u0110\u1ed9 r\u1ea5t &#8220;ph\u00e0m \u0103n&#8221;, mu\u1ed1n m\u0103ng to nh\u01b0 c\u00e1i ph\u00edch n\u01b0\u1edbc th\u00ec b\u00e0 con c\u1ea7n ch\u00fa \u00fd dinh d\u01b0\u1ee1ng:<\/p>\n<h3>Chu\u1ea9n b\u1ecb \u0111\u1ea5t v\u00e0 m\u1eadt \u0111\u1ed9 tr\u1ed3ng<\/h3>\n<p>\u0110\u1ea5t tr\u1ed3ng: C\u00e2y kh\u00f4ng k\u00e9n \u0111\u1ea5t, t\u1eadn d\u1ee5ng \u0111\u01b0\u1ee3c \u0111\u1ea5t d\u1ed1c, \u0111\u1ea5t x\u1ea5u.<\/p>\n<p>M\u1eadt \u0111\u1ed9: Tr\u1ed3ng kho\u1ea3ng c\u00e1ch 4m x 4m ho\u1eb7c 5m x 5m (kho\u1ea3ng 400 &#8211; 600 c\u00e2y\/ha). C\u1ea7n tr\u1ed3ng th\u01b0a \u0111\u1ec3 b\u1ee5i tre ph\u00e1t tri\u1ec3n v\u00e0 \u0111\u1ebb m\u0103ng nhi\u1ec1u.<\/p>\n<p>Ch\u1ecdn gi\u1ed1ng: Ch\u1ecdn c\u00e2y gi\u1ed1ng chi\u1ebft c\u00e0nh ho\u1eb7c c\u1ee7 gi\u1ed1ng t\u1eeb b\u1ee5i m\u1eb9 to kh\u1ecfe, s\u1ea1ch b\u1ec7nh v\u00f2i voi.<\/p>\n<h3>Quy tr\u00ecnh b\u00f3n ph\u00e2n v\u00e0 ch\u0103m s\u00f3c<\/h3>\n<p>K\u1ef9 thu\u1eadt vun g\u1ed1c (Quan tr\u1ecdng): \u0110\u1ea7u m\u00f9a m\u01b0a (tr\u01b0\u1edbc khi ra m\u0103ng), c\u1ea7n cu\u1ed1c \u0111\u1ea5t xung quanh v\u00e0 vun cao v\u00e0o g\u1ed1c tre. Vi\u1ec7c n\u00e0y gi\u00fap m\u0103ng m\u1ecdc ra t\u1eeb d\u01b0\u1edbi s\u00e2u s\u1ebd to, m\u1ec1m v\u00e0 tr\u1eafng h\u01a1n (m\u0103ng m\u1ecdc n\u1ed5i tr\u00ean m\u1eb7t \u0111\u1ea5t th\u01b0\u1eddng b\u1ecb xanh v\u00e0 c\u1ee9ng).<\/p>\n<p>B\u00f3n ph\u00e2n:<\/p>\n<p>H\u1eefu c\u01a1: B\u00f3n l\u00f3t v\u00e0 b\u00f3n \u0111\u1ecbnh k\u1ef3 ph\u00e2n chu\u1ed3ng hoai m\u1ee5c (ph\u00e2n tr\u00e2u, b\u00f2, heo). Tre r\u1ea5t \u01b0a m\u00f9n h\u1eefu c\u01a1.<\/p>\n<p>H\u00f3a h\u1ecdc: B\u00f3n NPK h\u00e0m l\u01b0\u1ee3ng \u0110\u1ea1m cao v\u00e0o \u0111\u1ea7u v\u00e0 gi\u1eefa m\u00f9a m\u01b0a \u0111\u1ec3 th\u00fac m\u0103ng m\u1ecdc nhanh.<\/p>\n<p>V\u1ec7 sinh b\u1ee5i: Sau m\u1ed7i m\u00f9a thu ho\u1ea1ch, c\u1ea7n ch\u1eb7t b\u1ecf c\u00e1c c\u00e2y tre gi\u00e0 (tr\u00ean 3 n\u0103m tu\u1ed5i), c\u00e2y c\u00f2i c\u1ecdc, ch\u1ec9 gi\u1eef l\u1ea1i 3-4 c\u00e2y m\u1eb9 kh\u1ecfe m\u1ea1nh (1-2 n\u0103m tu\u1ed5i) \u0111\u1ec3 nu\u00f4i b\u1ee5i cho v\u1ee5 sau. Kh\u00f4ng \u0111\u1ec3 b\u1ee5i tre qu\u00e1 r\u1eadm r\u1ea1p s\u1ebd sinh mu\u1ed7i v\u00e0 m\u0103ng m\u1ecdc nh\u1ecf.<\/p>\n<h3>Qu\u1ea3n l\u00fd n\u01b0\u1edbc t\u01b0\u1edbi v\u00e0 s\u00e2u b\u1ec7nh<\/h3>\n<p>S\u00e2u b\u1ec7nh: Tre B\u00e1t \u0110\u1ed9 \u00edt s\u00e2u b\u1ec7nh. Ch\u1ee7 y\u1ebfu ph\u00f2ng s\u00e2u v\u00f2i voi \u0111\u1ee5c m\u0103ng (b\u1eb1ng c\u00e1ch v\u1ec7 sinh v\u01b0\u1eddn s\u1ea1ch s\u1ebd) v\u00e0 s\u00e2u cu\u1ed1n l\u00e1.<\/p>\n<p>N\u01b0\u1edbc: C\u00e2y ch\u1ecbu h\u1ea1n t\u1ed1t nh\u01b0ng v\u00e0o m\u00f9a ra m\u0103ng r\u1ea5t c\u1ea7n n\u01b0\u1edbc. \u0110\u1ee7 n\u01b0\u1edbc m\u0103ng m\u1edbi ng\u1ecdt v\u00e0 to.<\/p>\n<h2>Mua gi\u1ed1ng tre B\u00e1t \u0110\u1ed9 \u1edf \u0111\u00e2u uy t\u00edn?<\/h2>\n<p>\u0110\u1ec3 tr\u1ed3ng r\u1eebng kinh t\u1ebf ho\u1eb7c tr\u1ed3ng v\u01b0\u1eddn \u0111\u1ed3i hi\u1ec7u qu\u1ea3, vi\u1ec7c ch\u1ecdn c\u00e2y gi\u1ed1ng kh\u1ecfe, \u0111\u00fang gi\u1ed1ng B\u00e1t \u0110\u1ed9 (kh\u00f4ng lai t\u1ea1p v\u1edbi tre t\u1ea1p) l\u00e0 r\u1ea5t quan tr\u1ecdng.<\/p>\n<p>C\u00e2y Gi\u1ed1ng Ph\u00fac An t\u1ef1 h\u00e0o l\u00e0 \u0111\u01a1n v\u1ecb cung c\u1ea5p c\u00e2y gi\u1ed1ng uy t\u00edn, \u0111\u01b0\u1ee3c nhi\u1ec1u b\u00e0 con tin t\u01b0\u1edfng:<\/p>\n<p>Chu\u1ea9n gi\u1ed1ng: C\u00e2y gi\u1ed1ng \u0111\u01b0\u1ee3c gh\u00e9p\/chi\u1ebft t\u1eeb nh\u1eefng c\u00e2y m\u1eb9 \u0111\u00fang gi\u1ed1ng, kh\u1ecfe m\u1ea1nh, \u0111\u00e3 \u0111\u01b0\u1ee3c tuy\u1ec3n ch\u1ecdn k\u1ef9 l\u01b0\u1ee1ng. C\u00e2y tr\u1ea3i qua quy tr\u00ecnh nh\u00e2n gi\u1ed1ng, d\u01b0\u1ee1ng c\u00e2y con, x\u1ea3 n\u1eafng ho\u00e0n ch\u1ec9nh. \u0110\u1ebfn tay c\u00f4 b\u00e1c s\u1ebd l\u00e0 t\u1eebng c\u00e2y \u0111\u00e3 c\u1ee9ng c\u00e1p \u0111\u00e3 ra c\u01a1i ch\u1ed3i m\u1edbi.<\/p>\n<p>Qu\u00fd c\u00f4 b\u00e1c c\u00f3 th\u1ec3 li\u00ean h\u1ec7 tr\u1ef1c ti\u1ebfp qua SDT\/ Zalo 0962.888.014 (<a href=\"http:\/\/localhost\/phucan713\/\" target=\"_blank\" rel=\"noopener\">C\u00e2y Gi\u1ed1ng Ph\u00fac An<\/a>) \u0111\u1ec3 ch\u00fang t\u00f4i t\u01b0 v\u1ea5n v\u00e0 b\u00e1o gi\u00e1 c\u1ee5 th\u1ec3. Xin c\u1ea3m \u01a1n qu\u00fd c\u00f4 b\u00e1c \u0111\u00e3 \u0111\u1eb7t ni\u1ec1m tin v\u1edbi nh\u00e0 v\u01b0\u1eddn.<\/p>\n<p>&gt;&gt; M\u1eddi b\u1ea1n \u0111\u1ecdc th\u00eam: <a href=\"https:\/\/danviet.vn\/trong-giong-tre-gi-ma-moc-mang-map-map-ong-nong-dan-long-an-thu-300-500-trieu-nam-20240506123309271-d1159846.html\" target=\"_blank\" rel=\"noopener\"><span style=\"color: #000080;\"><em><strong>Tr\u1ed3ng gi\u1ed1ng tre g\u00ec m\u00e0 m\u1ecdc m\u0103ng m\u1eadp m\u1ea1p, \u00f4ng n\u00f4ng d\u00e2n Long An thu 300-500 tri\u1ec7u\/n\u0103m?<\/strong><\/em><\/span><\/a><\/p>\n","protected":false},"excerpt":{"rendered":"<p>* Gi\u00e1 tham kh\u1ea3o cho s\u1ed1 l\u01b0\u1ee3ng t\u1eeb 30 c\u00e2y, c\u00f3 th\u1ec3 thay \u0111\u1ed5i theo th\u1eddi \u0111i\u1ec3m<br \/>\n* Ch\u01b0a bao g\u1ed3m ph\u00ed v\u1eadn chuy\u1ec3n (t\u00f9y theo s\u1ed1 l\u01b0\u1ee3ng c\u00e2y v\u00e0 \u0111\u1ecba \u0111i\u1ec3m giao h\u00e0ng)<\/p>\n","protected":false},"featured_media":4216,"comment_status":"open","ping_status":"closed","template":"","meta":[],"product_brand":[],"product_cat":[102],"product_tag":[],"class_list":{"0":"post-4215","1":"product","2":"type-product","3":"status-publish","4":"has-post-thumbnail","6":"product_cat-giong-tre","8":"first","9":"instock","10":"shipping-taxable","11":"purchasable","12":"product-type-simple"},"_links":{"self":[{"href":"https:\/\/ktech4.k-tech-services.com\/phucan713\/wp-json\/wp\/v2\/product\/4215","targetHints":{"allow":["GET"]}}],"collection":[{"href":"https:\/\/ktech4.k-tech-services.com\/phucan713\/wp-json\/wp\/v2\/product"}],"about":[{"href":"https:\/\/ktech4.k-tech-services.com\/phucan713\/wp-json\/wp\/v2\/types\/product"}],"replies":[{"embeddable":true,"href":"https:\/\/ktech4.k-tech-services.com\/phucan713\/wp-json\/wp\/v2\/comments?post=4215"}],"wp:featuredmedia":[{"embeddable":true,"href":"https:\/\/ktech4.k-tech-services.com\/phucan713\/wp-json\/wp\/v2\/media\/4216"}],"wp:attachment":[{"href":"https:\/\/ktech4.k-tech-services.com\/phucan713\/wp-json\/wp\/v2\/media?parent=4215"}],"wp:term":[{"taxonomy":"product_brand","embeddable":true,"href":"https:\/\/ktech4.k-tech-services.com\/phucan713\/wp-json\/wp\/v2\/product_brand?post=4215"},{"taxonomy":"product_cat","embeddable":true,"href":"https:\/\/ktech4.k-tech-services.com\/phucan713\/wp-json\/wp\/v2\/product_cat?post=4215"},{"taxonomy":"product_tag","embeddable":true,"href":"https:\/\/ktech4.k-tech-services.com\/phucan713\/wp-json\/wp\/v2\/product_tag?post=4215"}],"curies":[{"name":"wp","href":"https:\/\/api.w.org\/{rel}","templated":true}]}}