{"id":4217,"date":"2025-12-09T20:34:00","date_gmt":"2025-12-09T13:34:00","guid":{"rendered":"https:\/\/caygiongphucan.com\/?post_type=product&amp;p=4217"},"modified":"2025-12-09T20:34:00","modified_gmt":"2025-12-09T13:34:00","slug":"giong-tre-tam-vong","status":"publish","type":"product","link":"https:\/\/ktech4.k-tech-services.com\/phucan713\/san-pham\/giong-tre-tam-vong\/","title":{"rendered":"Gi\u1ed1ng Tre T\u1ea7m V\u00f4ng"},"content":{"rendered":"<p>Trong c\u00e1c lo\u1ea1i tre tr\u00fac, T\u1ea7m V\u00f4ng lu\u00f4n gi\u1eef v\u1ecb th\u1ebf \u0111\u1ed9c t\u00f4n nh\u1edd \u0111\u1eb7c t\u00ednh th\u00e2n \u0111\u1eb7c ru\u1ed9t, \u0111\u1ed9 c\u1ee9ng v\u00e0 \u0111\u1ed9 b\u1ec1n u\u1ed1n d\u1ebbo tuy\u1ec7t v\u1eddi. Kh\u00f4ng ch\u1ec9 d\u00f9ng trong x\u00e2y d\u1ef1ng, l\u00e0m \u0111\u1ed3 th\u1ee7 c\u00f4ng m\u1ef9 ngh\u1ec7 xu\u1ea5t kh\u1ea9u, t\u1ea7m v\u00f4ng c\u00f2n l\u00e0 c\u00e2y ch\u1eafn gi\u00f3, gi\u1eef \u0111\u1ea5t v\u00e0 c\u1ea3i t\u1ea1o m\u00f4i tr\u01b0\u1eddng r\u1ea5t t\u1ed1t. \u0110\u00e2y l\u00e0 m\u00f4 h\u00ecnh kinh t\u1ebf &#8220;l\u00e0m gi\u00e0u t\u1eeb \u0111\u1ea5t ngh\u00e8o&#8221; \u0111ang \u0111\u01b0\u1ee3c nhi\u1ec1u b\u00e0 con quan t\u00e2m.<\/p>\n<p>Trong b\u00e0i vi\u1ebft n\u00e0y, C\u00e2y Gi\u1ed1ng Ph\u00fac An s\u1ebd chia s\u1ebb chi ti\u1ebft v\u1ec1 \u0111\u1eb7c t\u00ednh, th\u1eddi gian khai th\u00e1c v\u00e0 quy tr\u00ecnh k\u1ef9 thu\u1eadt canh t\u00e1c gi\u1ed1ng tre t\u1ea7m v\u00f4ng \u0111\u1ec3 b\u00e0 con tham kh\u1ea3o.<\/p>\n<h2>Gi\u1edbi thi\u1ec7u v\u00e0 \u0111\u1eb7c \u0111i\u1ec3m n\u1ed5i b\u1eadt c\u1ee7a gi\u1ed1ng tre t\u1ea7m v\u00f4ng<\/h2>\n<p>Gi\u1ed1ng tre t\u1ea7m v\u00f4ng (t\u00ean khoa h\u1ecdc <em>Thyrsostachys siamensis<\/em>) l\u00e0 lo\u00e0i tre c\u00f3 ngu\u1ed3n g\u1ed1c \u0110\u00f4ng Nam \u00c1, r\u1ea5t ph\u1ed5 bi\u1ebfn \u1edf v\u00f9ng \u0110\u00f4ng Nam B\u1ed9 v\u00e0 bi\u00ean gi\u1edbi T\u00e2y Nam.<\/p>\n<h3>\u0110\u1eb7c \u0111i\u1ec3m h\u00ecnh th\u00e1i<\/h3>\n<p>Th\u00e2n c\u00e2y:<\/p>\n<p>C\u00e2y m\u1ecdc th\u00e0nh b\u1ee5i kh\u00edt. Th\u00e2n th\u1eb3ng \u0111\u1ee9ng, chi\u1ec1u cao t\u1eeb 10m \u2013 14m.<\/p>\n<p>\u0110i\u1ec3m \u0111\u1eb7c bi\u1ec7t nh\u1ea5t: Kh\u00e1c v\u1edbi c\u00e1c lo\u1ea1i tre th\u01b0\u1eddng c\u00f3 ru\u1ed9t r\u1ed7ng, tre t\u1ea7m v\u00f4ng c\u00f3 th\u00e0nh v\u00e1ch r\u1ea5t d\u00e0y, g\u1ea7n nh\u01b0 \u0111\u1eb7c ru\u1ed9t (\u0111\u1eb7c bi\u1ec7t l\u00e0 ph\u1ea7n g\u1ed1c). Ch\u00ednh v\u00ec v\u1eady, n\u00f3 ch\u1ecbu l\u1ef1c n\u00e9n v\u00e0 l\u1ef1c u\u1ed1n c\u1ef1c t\u1ed1t.<\/p>\n<p>Th\u00e2n c\u00e2y c\u00f3 \u0111\u1ed1t \u00eam, kh\u00f4ng n\u1ed5i g\u1ed3 gh\u1ec1, v\u1ecf nh\u1eb5n b\u00f3ng m\u00e0u xanh ng\u1ea3 v\u00e0ng.<\/p>\n<p>C\u00e0nh v\u00e0 l\u00e1: C\u00e0nh nh\u00e1nh nh\u1ecf, l\u00e1 nh\u1ecf v\u00e0 th\u01b0a. T\u1ea7m v\u00f4ng c\u00f3 gai \u1edf \u0111\u1ed1t (tuy nhi\u00ean gai \u00edt v\u00e0 nh\u1ecf h\u01a1n tre gai).<\/p>\n<p>Gi\u00e1 tr\u1ecb s\u1eed d\u1ee5ng: Nh\u1edd \u0111\u1ed9 b\u1ec1n c\u01a1 h\u1ecdc cao, t\u1ea7m v\u00f4ng \u0111\u01b0\u1ee3c d\u00f9ng l\u00e0m v\u1eadt li\u1ec7u x\u00e2y d\u1ef1ng (nh\u00e0 tre, gi\u00e0n gi\u00e1o), l\u00e0m b\u00e0n gh\u1ebf, \u0111\u1ed3 m\u1ef9 ngh\u1ec7 cao c\u1ea5p xu\u1ea5t kh\u1ea9u sang Ch\u00e2u \u00c2u, Nh\u1eadt B\u1ea3n&#8230; v\u1edbi gi\u00e1 tr\u1ecb r\u1ea5t cao.<\/p>\n<h3>\u0110\u1eb7c t\u00ednh sinh tr\u01b0\u1edfng<\/h3>\n<p>Gi\u1ed1ng tre T\u1ea7m v\u00f4ng l\u00e0 lo\u00e0i c\u00e2y c\u1ef1c k\u1ef3 &#8220;d\u1ec5 t\u00ednh&#8221;. N\u00f3 ch\u1ecbu h\u1ea1n r\u1ea5t gi\u1ecfi (ch\u1ecbu \u0111\u01b0\u1ee3c m\u00f9a kh\u00f4 kh\u1eafc nghi\u1ec7t 5-6 th\u00e1ng), s\u1ed1ng t\u1ed1t tr\u00ean \u0111\u1ea5t ngh\u00e8o dinh d\u01b0\u1ee1ng, \u0111\u1ea5t s\u1ecfi \u0111\u00e1, \u0111\u1ea5t g\u00f2 \u0111\u1ed3i.<\/p>\n<h2>Tre t\u1ea7m v\u00f4ng tr\u1ed3ng bao l\u00e2u thu ho\u1ea1ch?<\/h2>\n<p>T\u1ea7m v\u00f4ng l\u00e0 c\u00e2y l\u00e2u n\u0103m, th\u1eddi gian ch\u1edd \u0111\u1ee3i thu ho\u1ea1ch s\u1ebd l\u00e2u h\u01a1n c\u00e2y l\u1ea5y m\u0103ng, nh\u01b0ng b\u00f9 l\u1ea1i gi\u00e1 tr\u1ecb g\u1ed7 r\u1ea5t b\u1ec1n v\u1eefng:<\/p>\n<p>Th\u1eddi gian ki\u1ebfn thi\u1ebft: T\u1eeb khi tr\u1ed3ng c\u00e2y gi\u1ed1ng \u0111\u1ebfn khi b\u1ee5i tre th\u00e0nh th\u1ee5c m\u1ea5t kho\u1ea3ng 3 \u2013 4 n\u0103m.<\/p>\n<p>B\u1eaft \u0111\u1ea7u khai th\u00e1c: Sang n\u0103m th\u1ee9 4 ho\u1eb7c th\u1ee9 5, b\u00e0 con c\u00f3 th\u1ec3 b\u1eaft \u0111\u1ea7u t\u1ec9a th\u01b0a, khai th\u00e1c nh\u1eefng c\u00e2y gi\u00e0 (c\u00e2y \u0111\u1ee7 tu\u1ed5i, \u0111\u1ee7 \u0111\u1ed9 c\u1ee9ng) \u0111\u1ec3 b\u00e1n th\u01b0\u01a1ng ph\u1ea9m.<\/p>\n<h2>Chu k\u1ef3 sinh tr\u01b0\u1edfng v\u00e0 khai th\u00e1c<\/h2>\n<p>M\u00f9a m\u0103ng: T\u1ea7m v\u00f4ng th\u01b0\u1eddng ra m\u0103ng v\u00e0o m\u00f9a m\u01b0a (th\u00e1ng 5 \u2013 10). M\u0103ng t\u1ea7m v\u00f4ng \u0103n c\u0169ng r\u1ea5t ngon (ng\u1ecdt, gi\u00f2n) nh\u01b0ng v\u00ec gi\u00e1 tr\u1ecb c\u00e2y l\u1ea5y g\u1ed7 cao h\u01a1n n\u00ean ng\u01b0\u1eddi ta th\u01b0\u1eddng \u0111\u1ec3 m\u0103ng l\u1edbn th\u00e0nh c\u00e2y ch\u1ee9 \u00edt khi khai th\u00e1c m\u0103ng.<\/p>\n<p>Th\u1eddi \u0111i\u1ec3m khai th\u00e1c g\u1ed7: T\u1ed1t nh\u1ea5t l\u00e0 v\u00e0o m\u00f9a kh\u00f4. L\u00fac n\u00e0y th\u00e2n c\u00e2y c\u00f3 \u0111\u1ed9 \u1ea9m th\u1ea5p, ch\u1ea5t l\u01b0\u1ee3ng g\u1ed7 t\u1ed1t nh\u1ea5t, \u00edt b\u1ecb m\u1ed1i m\u1ecdt.<\/p>\n<p>C\u01a1 ch\u1ebf khai th\u00e1c: Khai th\u00e1c ch\u1ecdn l\u1ecdc. M\u1ed7i n\u0103m ch\u1eb7t b\u1ecf c\u00e2y gi\u00e0, ch\u1eeba l\u1ea1i c\u00e2y non v\u00e0 c\u00e2y b\u00e1nh t\u1ebb \u0111\u1ec3 nu\u00f4i b\u1ee5i.<\/p>\n<h2>N\u0103ng su\u1ea5t gi\u1ed1ng tre t\u1ea7m v\u00f4ng<\/h2>\n<p>N\u0103ng su\u1ea5t t\u1ea7m v\u00f4ng ph\u1ee5 thu\u1ed9c v\u00e0o m\u1eadt \u0111\u1ed9 b\u1ee5i v\u00e0 ch\u1ebf \u0111\u1ed9 ch\u0103m s\u00f3c:<\/p>\n<p>S\u1ed1 l\u01b0\u1ee3ng c\u00e2y: M\u1ed9t b\u1ee5i t\u1ea7m v\u00f4ng tr\u01b0\u1edfng th\u00e0nh c\u00f3 th\u1ec3 c\u00f3 t\u1eeb 20 \u2013 50 c\u00e2y.<\/p>\n<p>S\u1ea3n l\u01b0\u1ee3ng khai th\u00e1c: Trung b\u00ecnh m\u1ed7i h\u00e9c-ta t\u1ea7m v\u00f4ng \u0111i v\u00e0o giai \u0111o\u1ea1n \u1ed5n \u0111\u1ecbnh c\u00f3 th\u1ec3 cho khai th\u00e1c t\u1eeb 2000 \u2013 3000 c\u00e2y\/n\u0103m.<\/p>\n<p>Tu\u1ed5i th\u1ecd: T\u1ea7m v\u00f4ng c\u00f3 tu\u1ed5i th\u1ecd r\u1ea5t cao. M\u1ed9t r\u1eebng t\u1ea7m v\u00f4ng c\u00f3 th\u1ec3 khai th\u00e1c li\u00ean t\u1ee5c v\u00e0i ch\u1ee5c n\u0103m, th\u1eadm ch\u00ed c\u1ea3 tr\u0103m n\u0103m n\u1ebfu bi\u1ebft c\u00e1ch d\u01b0\u1ee1ng b\u1ee5i.<\/p>\n<h2>K\u1ef9 thu\u1eadt tr\u1ed3ng v\u00e0 ch\u0103m s\u00f3c theo h\u01b0\u1edbng b\u1ec1n v\u1eefng<\/h2>\n<p>\u0110\u1ec3 c\u00e2y t\u1ea7m v\u00f4ng nhanh l\u1edbn, th\u00e2n to, th\u1eb3ng v\u00e0 \u0111\u1eb7c ru\u1ed9t, C\u00e2y Gi\u1ed1ng Ph\u00fac An chia s\u1ebb quy tr\u00ecnh tr\u1ed3ng sau:<\/p>\n<h3>Chu\u1ea9n b\u1ecb \u0111\u1ea5t v\u00e0 m\u1eadt \u0111\u1ed9 tr\u1ed3ng<\/h3>\n<p>\u0110\u1ea5t tr\u1ed3ng: C\u00e2y th\u00edch h\u1ee3p nh\u1ea5t \u1edf nh\u1eefng v\u00f9ng \u0111\u1ea5t g\u00f2 cao, \u0111\u1ea5t x\u00e1m, \u0111\u1ea5t s\u1ecfi c\u01a1m. Kh\u00f4ng n\u00ean tr\u1ed3ng \u1edf v\u00f9ng \u0111\u1ea5t tr\u0169ng ng\u1eadp n\u01b0\u1edbc quanh n\u0103m.<\/p>\n<p>M\u1eadt \u0111\u1ed9:<\/p>\n<p>Tr\u1ed3ng thu\u1ea7n: Kho\u1ea3ng c\u00e1ch 4m x 5m ho\u1eb7c 5m x 5m (kho\u1ea3ng 400 &#8211; 500 b\u1ee5i\/ha).<\/p>\n<p>Tr\u1ed3ng h\u00e0ng r\u00e0o\/ch\u1eafn gi\u00f3: C\u00f3 th\u1ec3 tr\u1ed3ng d\u00e0y h\u01a1n.<\/p>\n<p>Ch\u1ecdn gi\u1ed1ng: Ch\u1ecdn c\u00e2y gi\u1ed1ng \u0111\u01b0\u1ee3c t\u00e1ch chi\u1ebft t\u1eeb b\u1ee5i m\u1eb9 kh\u1ecfe m\u1ea1nh, g\u1ed1c to, r\u1ec5 nhi\u1ec1u. Tr\u00e1nh tr\u1ed3ng b\u1eb1ng h\u1ea1t v\u00ec r\u1ea5t l\u00e2u l\u1edbn.<\/p>\n<h3>Quy tr\u00ecnh b\u00f3n ph\u00e2n v\u00e0 ch\u0103m s\u00f3c<\/h3>\n<p>Giai \u0111o\u1ea1n \u0111\u1ea7u: B\u00f3n l\u00f3t ph\u00e2n chu\u1ed3ng hoai m\u1ee5c. Trong 1-2 n\u0103m \u0111\u1ea7u, c\u1ea7n l\u00e0m c\u1ecf s\u1ea1ch s\u1ebd v\u00e0 t\u01b0\u1edbi n\u01b0\u1edbc v\u00e0o m\u00f9a kh\u00f4 \u0111\u1ec3 c\u00e2y con kh\u00f4ng b\u1ecb ch\u1ebft h\u00e9o.<\/p>\n<p>Giai \u0111o\u1ea1n kinh doanh:<\/p>\n<p>T\u1ea7m v\u00f4ng \u00edt c\u1ea7n ph\u00e2n b\u00f3n. Tuy nhi\u00ean, mu\u1ed1n c\u00e2y to v\u00e0 ra m\u0103ng nhi\u1ec1u, v\u00e0o \u0111\u1ea7u m\u00f9a m\u01b0a n\u00ean b\u00f3n b\u1ed5 sung ph\u00e2n NPK v\u00e0 vun \u0111\u1ea5t v\u00e0o g\u1ed1c.<\/p>\n<p>T\u1ec9a th\u01b0a: \u0110\u00e2y l\u00e0 k\u1ef9 thu\u1eadt quan tr\u1ecdng nh\u1ea5t. C\u1ea7n th\u01b0\u1eddng xuy\u00ean ch\u1eb7t b\u1ecf c\u00e2y s\u00e2u b\u1ec7nh, c\u00e2y c\u1ee5t ng\u1ecdn, c\u00e2y gi\u00e0 c\u1ed7i \u0111\u1ec3 b\u1ee5i tre th\u00f4ng tho\u00e1ng. N\u1ebfu \u0111\u1ec3 b\u1ee5i qu\u00e1 r\u1eadm r\u1ea1p, c\u00e2y s\u1ebd m\u1ecdc chen ch\u00fac nhau d\u1eabn \u0111\u1ebfn th\u00e2n nh\u1ecf, cong queo, gi\u00e1 tr\u1ecb kinh t\u1ebf th\u1ea5p.<\/p>\n<h3>Qu\u1ea3n l\u00fd n\u01b0\u1edbc t\u01b0\u1edbi v\u00e0 s\u00e2u b\u1ec7nh<\/h3>\n<p>S\u00e2u b\u1ec7nh: T\u1ea7m v\u00f4ng g\u1ea7n nh\u01b0 kh\u00f4ng c\u00f3 s\u00e2u b\u1ec7nh \u0111\u00e1ng k\u1ec3. L\u00e0 lo\u00e0i c\u00e2y ph\u00e1t tri\u1ec3n t\u1ef1 nhi\u00ean r\u1ea5t m\u1ea1nh.<\/p>\n<p>N\u01b0\u1edbc t\u01b0\u1edbi: Ch\u1ec9 c\u1ea7n ch\u00fa \u00fd n\u01b0\u1edbc t\u01b0\u1edbi trong n\u0103m \u0111\u1ea7u ti\u00ean. Khi c\u00e2y \u0111\u00e3 b\u00e9n r\u1ec5 s\u00e2u th\u00ec c\u00f3 th\u1ec3 &#8220;t\u1ef1 l\u1eadp&#8221; ho\u00e0n to\u00e0n nh\u1edd n\u01b0\u1edbc tr\u1eddi.<\/p>\n<h2>Mua gi\u1ed1ng tre t\u1ea7m v\u00f4ng \u1edf \u0111\u00e2u uy t\u00edn?<\/h2>\n<p>Hi\u1ec7n nay nhu c\u1ea7u tr\u1ed3ng t\u1ea7m v\u00f4ng l\u1ea5y g\u1ed7 \u0111ang t\u0103ng cao. \u0110\u1ec3 c\u00f3 \u0111\u01b0\u1ee3c gi\u1ed1ng t\u1ea7m v\u00f4ng chu\u1ea9n (gi\u1ed1ng c\u00f3 th\u00e2n \u0111\u1eb7c, s\u1ee9c s\u1ed1ng kh\u1ecfe), b\u00e0 con c\u1ea7n t\u00ecm mua t\u1ea1i c\u00e1c nh\u00e0 v\u01b0\u1eddn c\u00f3 kinh nghi\u1ec7m.<\/p>\n<p>C\u00e2y Gi\u1ed1ng Ph\u00fac An t\u1ef1 h\u00e0o l\u00e0 \u0111\u01a1n v\u1ecb cung c\u1ea5p c\u00e2y gi\u1ed1ng uy t\u00edn, \u0111\u01b0\u1ee3c nhi\u1ec1u b\u00e0 con tin t\u01b0\u1edfng:<\/p>\n<p>Chu\u1ea9n gi\u1ed1ng: C\u00e2y gi\u1ed1ng \u0111\u01b0\u1ee3c t\u00e1ch chi\u1ebft t\u1eeb nh\u1eefng b\u1ee5i c\u00e2y m\u1eb9 \u0111\u00fang gi\u1ed1ng, kh\u1ecfe m\u1ea1nh, \u0111\u00e3 \u0111\u01b0\u1ee3c tuy\u1ec3n ch\u1ecdn k\u1ef9 l\u01b0\u1ee1ng. C\u00e2y tr\u1ea3i qua quy tr\u00ecnh nh\u00e2n gi\u1ed1ng, d\u01b0\u1ee1ng c\u00e2y con, x\u1ea3 n\u1eafng ho\u00e0n ch\u1ec9nh. \u0110\u1ebfn tay c\u00f4 b\u00e1c s\u1ebd l\u00e0 t\u1eebng c\u00e2y \u0111\u00e3 c\u1ee9ng c\u00e1p \u0111\u00e3 ra c\u01a1i ch\u1ed3i m\u1edbi.<\/p>\n<p>Qu\u00fd c\u00f4 b\u00e1c c\u00f3 th\u1ec3 li\u00ean h\u1ec7 tr\u1ef1c ti\u1ebfp qua SDT\/ Zalo 0962.888.014 (<a href=\"http:\/\/localhost\/phucan713\/\" target=\"_blank\" rel=\"noopener\">C\u00e2y Gi\u1ed1ng Ph\u00fac An<\/a>) \u0111\u1ec3 ch\u00fang t\u00f4i t\u01b0 v\u1ea5n v\u00e0 b\u00e1o gi\u00e1 c\u1ee5 th\u1ec3. Xin c\u1ea3m \u01a1n qu\u00fd c\u00f4 b\u00e1c \u0111\u00e3 \u0111\u1eb7t ni\u1ec1m tin v\u1edbi nh\u00e0 v\u01b0\u1eddn.<\/p>\n<p>&gt;&gt; M\u1eddi b\u1ea1n \u0111\u1ecdc th\u00eam: <a href=\"https:\/\/danviet.vn\/o-binh-phuoc-loai-cay-noi-dong-coi-da-nay-hoa-ra-lai-giup-nong-dan-vung-bien-giam-ngheo-chac-d1324273.html\" target=\"_blank\" rel=\"noopener\"><span style=\"color: #000080;\"><em><strong>\u1ede B\u00ecnh Ph\u01b0\u1edbc, lo\u1ea1i &#8220;c\u00e2y n\u1ed3i \u0111\u1ed3ng c\u1ed1i \u0111\u00e1&#8221; n\u00e0y h\u00f3a ra l\u1ea1i gi\u00fap n\u00f4ng d\u00e2n v\u00f9ng bi\u00ean gi\u1ea3m ngh\u00e8o ch\u1eafc ch\u1eafn<\/strong><\/em><\/span><\/a><\/p>\n","protected":false},"excerpt":{"rendered":"<p>* Gi\u00e1 tham kh\u1ea3o cho s\u1ed1 l\u01b0\u1ee3ng t\u1eeb 30 c\u00e2y, c\u00f3 th\u1ec3 thay \u0111\u1ed5i theo th\u1eddi \u0111i\u1ec3m<br \/>\n* Ch\u01b0a bao g\u1ed3m ph\u00ed v\u1eadn chuy\u1ec3n (t\u00f9y theo s\u1ed1 l\u01b0\u1ee3ng c\u00e2y v\u00e0 \u0111\u1ecba \u0111i\u1ec3m giao h\u00e0ng)<\/p>\n","protected":false},"featured_media":4218,"comment_status":"open","ping_status":"closed","template":"","meta":[],"product_brand":[],"product_cat":[102],"product_tag":[118],"class_list":{"0":"post-4217","1":"product","2":"type-product","3":"status-publish","4":"has-post-thumbnail","6":"product_cat-giong-tre","7":"product_tag-special","9":"first","10":"instock","11":"shipping-taxable","12":"purchasable","13":"product-type-simple"},"_links":{"self":[{"href":"https:\/\/ktech4.k-tech-services.com\/phucan713\/wp-json\/wp\/v2\/product\/4217","targetHints":{"allow":["GET"]}}],"collection":[{"href":"https:\/\/ktech4.k-tech-services.com\/phucan713\/wp-json\/wp\/v2\/product"}],"about":[{"href":"https:\/\/ktech4.k-tech-services.com\/phucan713\/wp-json\/wp\/v2\/types\/product"}],"replies":[{"embeddable":true,"href":"https:\/\/ktech4.k-tech-services.com\/phucan713\/wp-json\/wp\/v2\/comments?post=4217"}],"wp:featuredmedia":[{"embeddable":true,"href":"https:\/\/ktech4.k-tech-services.com\/phucan713\/wp-json\/wp\/v2\/media\/4218"}],"wp:attachment":[{"href":"https:\/\/ktech4.k-tech-services.com\/phucan713\/wp-json\/wp\/v2\/media?parent=4217"}],"wp:term":[{"taxonomy":"product_brand","embeddable":true,"href":"https:\/\/ktech4.k-tech-services.com\/phucan713\/wp-json\/wp\/v2\/product_brand?post=4217"},{"taxonomy":"product_cat","embeddable":true,"href":"https:\/\/ktech4.k-tech-services.com\/phucan713\/wp-json\/wp\/v2\/product_cat?post=4217"},{"taxonomy":"product_tag","embeddable":true,"href":"https:\/\/ktech4.k-tech-services.com\/phucan713\/wp-json\/wp\/v2\/product_tag?post=4217"}],"curies":[{"name":"wp","href":"https:\/\/api.w.org\/{rel}","templated":true}]}}